-- Table structure for table `tblcontact_permissions`
--

CREATE TABLE IF NOT EXISTS `tblcontact_permissions` (
  `id` int(11) NOT NULL AUTO_INCREMENT,
  `permission_id` int(11) NOT NULL,
  `userid` int(11) NOT NULL,
  PRIMARY KEY (`id`)
) ENGINE=InnoDB AUTO_INCREMENT=1998 DEFAULT CHARSET=utf8;

--
-- Dumping data for table `tblcontact_permissions`
--

INSERT INTO `tblcontact_permissions` (`id`, `permission_id`, `userid`) VALUES
(26, 1, 7),
(30, 5, 7),
(32, 1, 8),
(36, 5, 8),
(38, 1, 9),
(39, 2, 9),
(40, 3, 9),
(41, 4, 9),
(42, 5, 9),
(43, 6, 9),
(48, 5, 10),
(50, 1, 11),
(54, 5, 11),
(56, 1, 12),
(60, 5, 12),
(62, 1, 13),
(63, 2, 13),
(64, 3, 13),
(65, 4, 13),
(66, 5, 13),
(67, 6, 13),
(68, 1, 14),
(72, 5, 14),
(74, 1, 15),
(78, 5, 15),
(80, 1, 16),
(84, 5, 16),
(86, 1, 17),
(90, 5, 17),
(92, 1, 18),
(93, 2, 18),
(94, 3, 18),
(95, 4, 18),
(96, 5, 18),
(97, 6, 18),
(98, 1, 19),
(99, 2, 19),
(100, 3, 19),
(101, 4, 19),
(102, 5, 19),
(103, 6, 19),
(104, 1, 20),
(105, 2, 20),
(106, 3, 20),
(107, 4, 20),
(108, 5, 20),
(109, 6, 20),
(110, 1, 21),
(114, 5, 21),
(116, 1, 22),
(120, 5, 22),
(122, 1, 23),
(126, 5, 23),
(128, 1, 24),
(129, 2, 24),
(130, 3, 24),
(131, 4, 24),
(132, 5, 24),
(133, 6, 24),
(134, 1, 25),
(138, 5, 25),
(140, 1, 26),
(141, 2, 26),
(142, 3, 26),
(143, 4, 26),
(144, 5, 26),
(145, 6, 26),
(146, 1, 27),
(147, 2, 27),
(148, 3, 27),
(149, 4, 27),
(150, 5, 27),
(151, 6, 27),
(152, 1, 28),
(153, 2, 28),
(154, 3, 28),
(155, 4, 28),
(156, 5, 28),
(157, 6, 28),
(158, 1, 29),
(159, 2, 29),
(160, 3, 29),
(161, 4, 29),
(162, 5, 29),
(163, 6, 29),
(164, 1, 30),
(165, 2, 30),
(166, 3, 30),
(167, 4, 30),
(168, 5, 30),
(169, 6, 30),
(170, 1, 31),
(171, 2, 31),
(172, 3, 31),
(173, 4, 31),
(174, 5, 31),
(175, 6, 31),
(176, 1, 32),
(177, 2, 32),
(178, 3, 32),
(179, 4, 32),
(180, 5, 32),
(181, 6, 32),
(182, 1, 33),
(186, 5, 33),
(188, 1, 34),
(189, 2, 34),
(190, 3, 34),
(191, 4, 34),
(192, 5, 34),
(193, 6, 34),
(194, 1, 35),
(195, 2, 35),
(196, 3, 35),
(197, 4, 35),
(198, 5, 35),
(199, 6, 35),
(200, 1, 36),
(204, 5, 36),
(206, 1, 37),
(210, 5, 37),
(212, 1, 38),
(216, 5, 38),
(218, 1, 39),
(222, 5, 39),
(224, 1, 40),
(228, 5, 40),
(230, 1, 41),
(234, 5, 41),
(236, 1, 42),
(240, 5, 42),
(242, 1, 43),
(243, 2, 43),
(244, 3, 43),
(245, 4, 43),
(246, 5, 43),
(247, 6, 43),
(248, 1, 44),
(249, 2, 44),
(250, 3, 44),
(251, 4, 44),
(252, 5, 44),
(253, 6, 44),
(254, 1, 45),
(255, 2, 45),
(256, 3, 45),
(257, 4, 45),
(258, 5, 45),
(259, 6, 45),
(260, 1, 46),
(261, 2, 46),
(262, 3, 46),
(263, 4, 46),
(264, 5, 46),
(265, 6, 46),
(266, 1, 47),
(270, 5, 47),
(272, 1, 48),
(276, 5, 48),
(278, 1, 49),
(282, 5, 49),
(284, 1, 50),
(288, 5, 50),
(290, 1, 51),
(294, 5, 51),
(296, 1, 52),
(297, 2, 52),
(298, 3, 52),
(299, 4, 52),
(300, 5, 52),
(301, 6, 52),
(308, 1, 54),
(312, 5, 54),
(314, 1, 55),
(318, 5, 55),
(320, 1, 56),
(324, 5, 56),
(326, 1, 57),
(327, 2, 57),
(328, 3, 57),
(329, 4, 57),
(330, 5, 57),
(331, 6, 57),
(332, 1, 58),
(336, 5, 58),
(338, 1, 59),
(342, 5, 59),
(344, 1, 60),
(345, 2, 60),
(346, 3, 60),
(347, 4, 60),
(348, 5, 60),
(349, 6, 60),
(350, 1, 61),
(354, 5, 61),
(356, 1, 62),
(357, 2, 62),
(358, 3, 62),
(359, 4, 62),
(360, 5, 62),
(361, 6, 62),
(362, 1, 63),
(366, 5, 63),
(368, 1, 64),
(372, 5, 64),
(374, 1, 65),
(375, 2, 65),
(376, 3, 65),
(377, 4, 65),
(378, 5, 65),
(379, 6, 65),
(380, 1, 66),
(384, 5, 66),
(386, 1, 67),
(390, 5, 67),
(392, 1, 68),
(396, 5, 68),
(398, 1, 69),
(402, 5, 69),
(404, 1, 70),
(408, 5, 70),
(410, 1, 71),
(414, 5, 71),
(416, 1, 72),
(420, 5, 72),
(422, 1, 73),
(426, 5, 73),
(428, 1, 74),
(432, 5, 74),
(434, 1, 75),
(438, 5, 75),
(440, 1, 76),
(444, 5, 76),
(446, 1, 77),
(450, 5, 77),
(452, 1, 78),
(456, 5, 78),
(458, 1, 79),
(462, 5, 79),
(464, 1, 80),
(468, 5, 80),
(470, 1, 81),
(471, 2, 81),
(472, 3, 81),
(473, 4, 81),
(474, 5, 81),
(475, 6, 81),
(476, 1, 82),
(480, 5, 82),
(482, 1, 83),
(486, 5, 83),
(488, 1, 84),
(492, 5, 84),
(494, 1, 85),
(498, 5, 85),
(500, 1, 86),
(504, 5, 86),
(506, 1, 87),
(510, 5, 87),
(512, 1, 88),
(513, 2, 88),
(514, 3, 88),
(515, 4, 88),
(516, 5, 88),
(517, 6, 88),
(518, 1, 89),
(519, 2, 89),
(520, 3, 89),
(521, 4, 89),
(522, 5, 89),
(523, 6, 89),
(524, 1, 90),
(525, 2, 90),
(526, 3, 90),
(527, 4, 90),
(528, 5, 90),
(529, 6, 90),
(530, 1, 91),
(531, 2, 91),
(532, 3, 91),
(533, 4, 91),
(534, 5, 91),
(535, 6, 91),
(542, 1, 93),
(546, 5, 93),
(548, 1, 94),
(552, 5, 94),
(554, 1, 95),
(558, 5, 95),
(560, 1, 96),
(564, 5, 96),
(566, 1, 97),
(570, 5, 97),
(572, 1, 98),
(576, 5, 98),
(578, 1, 99),
(582, 5, 99),
(596, 1, 4),
(597, 5, 4),
(598, 1, 3),
(599, 5, 3),
(600, 1, 102),
(601, 2, 102),
(602, 3, 102),
(603, 4, 102),
(604, 5, 102),
(605, 6, 102),
(606, 6, 70),
(607, 1, 103),
(608, 2, 103),
(609, 3, 103),
(610, 4, 103),
(611, 5, 103),
(612, 6, 103),
(613, 1, 104),
(614, 2, 104),
(615, 3, 104),
(616, 4, 104),
(617, 5, 104),
(618, 6, 104),
(619, 1, 105),
(620, 2, 105),
(621, 3, 105),
(622, 4, 105),
(623, 5, 105),
(624, 6, 105),
(625, 1, 106),
(626, 2, 106),
(627, 3, 106),
(628, 4, 106),
(629, 5, 106),
(630, 6, 106),
(631, 6, 74),
(632, 1, 107),
(633, 2, 107),
(634, 3, 107),
(635, 4, 107),
(636, 5, 107),
(637, 6, 107),
(638, 1, 108),
(639, 2, 108),
(640, 3, 108),
(641, 4, 108),
(642, 5, 108),
(643, 6, 108),
(644, 6, 96),
(651, 1, 110),
(652, 2, 110),
(653, 3, 110),
(654, 4, 110),
(655, 5, 110),
(656, 6, 110),
(657, 1, 111),
(658, 2, 111),
(659, 3, 111),
(660, 4, 111),
(661, 5, 111),
(662, 6, 111),
(663, 1, 112),
(664, 2, 112),
(665, 3, 112),
(666, 4, 112),
(667, 5, 112),
(668, 6, 112),
(669, 1, 113),
(670, 2, 113),
(671, 3, 113),
(672, 4, 113),
(673, 5, 113),
(674, 6, 113),
(675, 1, 114),
(676, 2, 114),
(677, 3, 114),
(678, 4, 114),
(679, 5, 114),
(680, 6, 114),
(681, 1, 115),
(682, 2, 115),
(683, 3, 115),
(684, 4, 115),
(685, 5, 115),
(686, 6, 115),
(687, 6, 85),
(688, 1, 116),
(689, 2, 116),
(690, 3, 116),
(691, 4, 116),
(692, 5, 116),
(693, 6, 116),
(694, 1, 117),
(695, 2, 117),
(696, 3, 117),
(697, 4, 117),
(698, 5, 117),
(699, 6, 117),
(700, 1, 118),
(701, 2, 118),
(702, 3, 118),
(703, 4, 118),
(704, 5, 118),
(705, 6, 118),
(706, 1, 119),
(707, 2, 119),
(708, 3, 119),
(709, 4, 119),
(710, 5, 119),
(711, 6, 119),
(712, 1, 120),
(713, 2, 120),
(714, 3, 120),
(715, 4, 120),
(716, 5, 120),
(717, 6, 120),
(718, 1, 121),
(719, 2, 121),
(720, 3, 121),
(721, 4, 121),
(722, 5, 121),
(723, 6, 121),
(724, 1, 122),
(725, 2, 122),
(726, 3, 122),
(727, 4, 122),
(728, 5, 122),
(729, 6, 122),
(730, 1, 123),
(731, 2, 123),
(732, 3, 123),
(733, 4, 123),
(734, 5, 123),
(735, 6, 123),
(736, 1, 124),
(737, 2, 124),
(738, 3, 124),
(739, 4, 124),
(740, 5, 124),
(741, 6, 124),
(742, 1, 125),
(746, 5, 125),
(748, 1, 126),
(749, 2, 126),
(750, 3, 126),
(751, 4, 126),
(752, 5, 126),
(753, 6, 126),
(754, 1, 127),
(755, 2, 127),
(756, 3, 127),
(757, 4, 127),
(758, 5, 127),
(759, 6, 127),
(760, 1, 128),
(761, 2, 128),
(762, 3, 128),
(763, 4, 128),
(764, 5, 128),
(765, 6, 128),
(766, 1, 129),
(767, 2, 129),
(768, 3, 129),
(769, 4, 129),
(770, 5, 129),
(771, 6, 129),
(772, 1, 130),
(773, 2, 130),
(774, 3, 130),
(775, 4, 130),
(776, 5, 130),
(777, 6, 130),
(778, 1, 131),
(779, 2, 131),
(780, 3, 131),
(781, 4, 131),
(782, 5, 131),
(783, 6, 131),
(784, 1, 132),
(785, 2, 132),
(786, 3, 132),
(787, 4, 132),
(788, 5, 132),
(789, 6, 132),
(790, 1, 133),
(791, 2, 133),
(792, 3, 133),
(793, 4, 133),
(794, 5, 133),
(795, 6, 133),
(796, 1, 134),
(797, 2, 134),
(798, 3, 134),
(799, 4, 134),
(800, 5, 134),
(801, 6, 134),
(802, 1, 135),
(803, 2, 135),
(804, 3, 135),
(805, 4, 135),
(806, 5, 135),
(807, 6, 135),
(812, 5, 136),
(814, 1, 137),
(815, 2, 137),
(816, 3, 137),
(817, 4, 137),
(818, 5, 137),
(819, 6, 137),
(820, 1, 138),
(821, 2, 138),
(822, 3, 138),
(823, 4, 138),
(824, 5, 138),
(825, 6, 138),
(826, 1, 139),
(827, 2, 139),
(830, 5, 139),
(831, 6, 139),
(832, 1, 140),
(833, 2, 140),
(834, 3, 140),
(835, 4, 140),
(836, 5, 140),
(837, 6, 140),
(838, 1, 141),
(839, 2, 141),
(840, 3, 141),
(841, 4, 141),
(842, 5, 141),
(843, 6, 141),
(844, 1, 142),
(845, 2, 142),
(846, 3, 142),
(847, 4, 142),
(848, 5, 142),
(849, 6, 142),
(850, 1, 143),
(851, 2, 143),
(852, 3, 143),
(853, 4, 143),
(854, 5, 143),
(855, 6, 143),
(856, 1, 144),
(857, 2, 144),
(858, 3, 144),
(859, 4, 144),
(860, 5, 144),
(861, 6, 144),
(868, 1, 146),
(872, 5, 146),
(874, 1, 147),
(875, 2, 147),
(876, 3, 147),
(877, 4, 147),
(878, 5, 147),
(879, 6, 147),
(880, 1, 148),
(881, 2, 148),
(882, 3, 148),
(883, 4, 148),
(884, 5, 148),
(885, 6, 148),
(886, 1, 149),
(887, 2, 149),
(888, 3, 149),
(889, 4, 149),
(890, 5, 149),
(891, 6, 149),
(892, 1, 150),
(893, 2, 150),
(894, 3, 150),
(895, 4, 150),
(896, 5, 150),
(897, 6, 150),
(898, 1, 151),
(899, 2, 151),
(900, 3, 151),
(901, 4, 151),
(902, 5, 151),
(903, 6, 151),
(904, 1, 152),
(905, 2, 152),
(906, 3, 152),
(907, 4, 152),
(908, 5, 152),
(909, 6, 152),
(910, 1, 153),
(911, 2, 153),
(912, 3, 153),
(913, 4, 153),
(914, 5, 153),
(915, 6, 153),
(916, 1, 154),
(917, 2, 154),
(918, 3, 154),
(919, 4, 154),
(920, 5, 154),
(921, 6, 154),
(922, 1, 155),
(923, 2, 155),
(924, 3, 155),
(925, 4, 155),
(926, 5, 155),
(927, 6, 155),
(928, 1, 156),
(932, 5, 156),
(933, 6, 156),
(934, 1, 157),
(935, 2, 157),
(936, 3, 157),
(937, 4, 157),
(938, 5, 157),
(939, 6, 157),
(940, 1, 158),
(941, 2, 158),
(942, 3, 158),
(943, 4, 158),
(944, 5, 158),
(945, 6, 158),
(946, 1, 159),
(947, 2, 159),
(948, 3, 159),
(949, 4, 159),
(950, 5, 159),
(951, 6, 159),
(952, 1, 160),
(953, 2, 160),
(954, 3, 160),
(955, 4, 160),
(956, 5, 160),
(957, 6, 160),
(967, 4, 162),
(969, 6, 162),
(970, 1, 163),
(971, 2, 163),
(972, 3, 163),
(973, 4, 163),
(974, 5, 163),
(975, 6, 163),
(976, 1, 164),
(977, 2, 164),
(978, 3, 164),
(979, 4, 164),
(980, 5, 164),
(981, 6, 164),
(983, 2, 165),
(984, 3, 165),
(985, 4, 165),
(986, 5, 165),
(987, 6, 165),
(988, 1, 166),
(989, 2, 166),
(990, 3, 166),
(991, 4, 166),
(992, 5, 166),
(993, 6, 166),
(994, 1, 167),
(998, 5, 167),
(1000, 1, 168),
(1001, 2, 168),
(1002, 3, 168),
(1003, 4, 168),
(1004, 5, 168),
(1005, 6, 168),
(1006, 1, 169),
(1007, 2, 169),
(1008, 3, 169),
(1009, 4, 169),
(1010, 5, 169),
(1011, 6, 169),
(1012, 1, 170),
(1013, 2, 170),
(1014, 3, 170),
(1015, 4, 170),
(1016, 5, 170),
(1017, 6, 170),
(1018, 1, 171),
(1019, 2, 171),
(1020, 3, 171),
(1021, 4, 171),
(1022, 5, 171),
(1023, 6, 171),
(1024, 1, 172),
(1025, 2, 172),
(1026, 3, 172),
(1027, 4, 172),
(1028, 5, 172),
(1029, 6, 172),
(1030, 1, 173),
(1031, 2, 173),
(1032, 3, 173),
(1033, 4, 173),
(1034, 5, 173),
(1035, 6, 173),
(1036, 1, 174),
(1040, 5, 174),
(1041, 6, 174),
(1042, 1, 175),
(1043, 2, 175),
(1044, 3, 175),
(1045, 4, 175),
(1046, 5, 175),
(1047, 6, 175),
(1048, 1, 176),
(1049, 2, 176),
(1050, 3, 176),
(1051, 4, 176),
(1052, 5, 176),
(1053, 6, 176),
(1054, 1, 177),
(1055, 2, 177),
(1056, 3, 177),
(1057, 4, 177),
(1058, 5, 177),
(1059, 6, 177),
(1060, 1, 178),
(1061, 2, 178),
(1062, 3, 178),
(1063, 4, 178),
(1064, 5, 178),
(1065, 6, 178),
(1066, 1, 179),
(1067, 2, 179),
(1068, 3, 179),
(1069, 4, 179),
(1070, 5, 179),
(1071, 6, 179),
(1072, 1, 180),
(1073, 2, 180),
(1074, 3, 180),
(1075, 4, 180),
(1076, 5, 180),
(1077, 6, 180),
(1078, 1, 181),
(1079, 2, 181),
(1080, 3, 181),
(1081, 4, 181),
(1082, 5, 181),
(1083, 6, 181),
(1084, 1, 182),
(1085, 2, 182),
(1086, 3, 182),
(1087, 4, 182),
(1088, 5, 182),
(1089, 6, 182),
(1090, 1, 183),
(1091, 2, 183),
(1092, 3, 183),
(1093, 4, 183),
(1094, 5, 183),
(1095, 6, 183),
(1096, 1, 184),
(1097, 2, 184),
(1098, 3, 184),
(1099, 4, 184),
(1100, 5, 184),
(1101, 6, 184),
(1102, 1, 185),
(1103, 2, 185),
(1104, 3, 185),
(1105, 4, 185),
(1106, 5, 185),
(1107, 6, 185),
(1108, 1, 186),
(1109, 2, 186),
(1110, 3, 186),
(1111, 4, 186),
(1112, 5, 186),
(1113, 6, 186),
(1115, 2, 187),
(1116, 3, 187),
(1117, 4, 187),
(1118, 5, 187),
(1119, 6, 187),
(1120, 1, 188),
(1121, 2, 188),
(1122, 3, 188),
(1123, 4, 188),
(1124, 5, 188),
(1125, 6, 188),
(1126, 1, 189),
(1127, 2, 189),
(1128, 3, 189),
(1129, 4, 189),
(1130, 5, 189),
(1131, 6, 189),
(1145, 1, 193),
(1146, 2, 193),
(1147, 3, 193),
(1148, 4, 193),
(1149, 5, 193),
(1150, 6, 193),
(1151, 1, 194),
(1152, 2, 194),
(1153, 3, 194),
(1154, 4, 194),
(1155, 5, 194),
(1156, 6, 194),
(1157, 1, 195),
(1158, 2, 195),
(1159, 3, 195),
(1160, 4, 195),
(1161, 5, 195),
(1162, 6, 195),
(1163, 1, 196),
(1164, 2, 196),
(1165, 3, 196),
(1166, 4, 196),
(1167, 5, 196),
(1168, 6, 196),
(1169, 1, 197),
(1170, 2, 197),
(1171, 3, 197),
(1172, 4, 197),
(1173, 5, 197),
(1174, 6, 197),
(1175, 1, 198),
(1179, 5, 198),
(1181, 1, 199),
(1182, 2, 199),
(1183, 3, 199),
(1184, 4, 199),
(1185, 5, 199),
(1186, 6, 199),
(1187, 1, 200),
(1191, 5, 200),
(1193, 1, 201),
(1194, 2, 201),
(1195, 3, 201),
(1196, 4, 201),
(1197, 5, 201),
(1198, 6, 201),
(1199, 1, 202),
(1200, 2, 202),
(1201, 3, 202),
(1202, 4, 202),
(1203, 5, 202),
(1204, 6, 202),
(1205, 1, 203),
(1206, 2, 203),
(1207, 3, 203),
(1208, 4, 203),
(1209, 5, 203),
(1210, 6, 203),
(1211, 1, 204),
(1212, 2, 204),
(1213, 3, 204),
(1214, 4, 204),
(1215, 5, 204),
(1216, 6, 204),
(1220, 1, 206),
(1221, 2, 206),
(1222, 3, 206),
(1223, 4, 206),
(1224, 5, 206),
(1225, 6, 206),
(1232, 1, 208),
(1233, 2, 208),
(1234, 3, 208),
(1235, 4, 208),
(1236, 5, 208),
(1237, 6, 208),
(1238, 1, 209),
(1239, 2, 209),
(1240, 3, 209),
(1241, 4, 209),
(1242, 5, 209),
(1243, 6, 209),
(1244, 1, 210),
(1245, 2, 210),
(1246, 3, 210),
(1247, 4, 210),
(1248, 5, 210),
(1249, 6, 210),
(1250, 1, 211),
(1251, 2, 211),
(1252, 3, 211),
(1253, 4, 211),
(1254, 5, 211),
(1255, 6, 211),
(1256, 1, 212),
(1257, 2, 212),
(1258, 3, 212),
(1259, 4, 212),
(1260, 5, 212),
(1261, 6, 212),
(1262, 1, 213),
(1263, 2, 213),
(1264, 3, 213),
(1265, 4, 213),
(1266, 5, 213),
(1267, 6, 213),
(1268, 1, 214),
(1269, 2, 214),
(1270, 3, 214),
(1271, 4, 214),
(1272, 5, 214),
(1273, 6, 214),
(1274, 1, 215),
(1277, 4, 215),
(1278, 5, 215),
(1280, 1, 216),
(1281, 2, 216),
(1282, 3, 216),
(1283, 4, 216),
(1284, 5, 216),
(1285, 6, 216),
(1286, 1, 217),
(1287, 2, 217),
(1288, 3, 217),
(1289, 4, 217),
(1290, 5, 217),
(1291, 6, 217),
(1292, 1, 218),
(1293, 2, 218),
(1294, 3, 218),
(1295, 4, 218),
(1296, 5, 218),
(1297, 6, 218),
(1302, 5, 219),
(1304, 1, 220),
(1305, 2, 220),
(1306, 3, 220),
(1307, 4, 220),
(1308, 5, 220),
(1309, 6, 220),
(1310, 1, 221),
(1311, 2, 221),
(1312, 3, 221),
(1313, 4, 221),
(1314, 5, 221),
(1315, 6, 221),
(1316, 1, 222),
(1317, 2, 222),
(1318, 3, 222),
(1319, 4, 222),
(1320, 5, 222),
(1321, 6, 222),
(1322, 1, 223),
(1323, 2, 223),
(1324, 3, 223),
(1325, 4, 223),
(1326, 5, 223),
(1327, 6, 223),
(1328, 1, 224),
(1329, 2, 224),
(1330, 3, 224),
(1331, 4, 224),
(1332, 5, 224),
(1333, 6, 224),
(1340, 1, 226),
(1341, 2, 226),
(1342, 3, 226),
(1343, 4, 226),
(1344, 5, 226),
(1345, 6, 226),
(1346, 1, 227),
(1347, 2, 227),
(1348, 3, 227),
(1349, 4, 227),
(1350, 5, 227),
(1351, 6, 227),
(1352, 1, 228),
(1356, 5, 228),
(1358, 1, 229),
(1359, 2, 229),
(1360, 3, 229),
(1361, 4, 229),
(1362, 5, 229),
(1363, 6, 229),
(1364, 1, 230),
(1365, 2, 230),
(1366, 3, 230),
(1367, 4, 230),
(1368, 5, 230),
(1369, 6, 230),
(1370, 1, 231),
(1374, 5, 231),
(1376, 1, 232),
(1377, 2, 232),
(1378, 3, 232),
(1379, 4, 232),
(1380, 5, 232),
(1381, 6, 232),
(1382, 1, 233),
(1383, 2, 233),
(1384, 3, 233),
(1385, 4, 233),
(1386, 5, 233),
(1387, 6, 233),
(1388, 1, 234),
(1392, 5, 234),
(1394, 1, 235),
(1395, 2, 235),
(1396, 3, 235),
(1397, 4, 235),
(1398, 5, 235),
(1399, 6, 235),
(1400, 1, 236),
(1401, 2, 236),
(1402, 3, 236),
(1403, 4, 236),
(1404, 5, 236),
(1405, 6, 236),
(1406, 1, 237),
(1407, 2, 237),
(1408, 3, 237),
(1409, 4, 237),
(1410, 5, 237),
(1411, 6, 237),
(1412, 1, 238),
(1413, 2, 238),
(1414, 3, 238),
(1415, 4, 238),
(1416, 5, 238),
(1417, 6, 238),
(1418, 1, 239),
(1419, 2, 239),
(1420, 3, 239),
(1421, 4, 239),
(1422, 5, 239),
(1423, 6, 239),
(1424, 1, 240),
(1425, 2, 240),
(1426, 3, 240),
(1427, 4, 240),
(1428, 5, 240),
(1429, 6, 240),
(1430, 1, 241),
(1431, 2, 241),
(1432, 3, 241),
(1433, 4, 241),
(1434, 5, 241),
(1435, 6, 241),
(1440, 5, 242),
(1442, 1, 243),
(1445, 4, 243),
(1446, 5, 243),
(1447, 6, 243),
(1448, 1, 244),
(1449, 2, 244),
(1450, 3, 244),
(1451, 4, 244),
(1452, 5, 244),
(1453, 6, 244),
(1458, 5, 245),
(1460, 1, 246),
(1461, 2, 246),
(1462, 3, 246),
(1463, 4, 246),
(1464, 5, 246),
(1465, 6, 246),
(1472, 1, 248),
(1473, 2, 248),
(1474, 3, 248),
(1475, 4, 248),
(1476, 5, 248),
(1477, 6, 248),
(1488, 5, 250),
(1490, 1, 251),
(1491, 2, 251),
(1492, 3, 251),
(1493, 4, 251),
(1494, 5, 251),
(1495, 6, 251),
(1500, 5, 252),
(1502, 1, 253),
(1503, 2, 253),
(1504, 3, 253),
(1505, 4, 253),
(1506, 5, 253),
(1507, 6, 253),
(1508, 1, 254),
(1512, 5, 254),
(1514, 1, 255),
(1515, 2, 255),
(1516, 3, 255),
(1517, 4, 255),
(1518, 5, 255),
(1519, 6, 255),
(1520, 1, 256),
(1521, 2, 256),
(1522, 3, 256),
(1523, 4, 256),
(1524, 5, 256),
(1525, 6, 256),
(1526, 1, 257),
(1527, 2, 257),
(1528, 3, 257),
(1529, 4, 257),
(1530, 5, 257),
(1531, 6, 257),
(1536, 5, 258),
(1538, 1, 259),
(1539, 2, 259),
(1540, 3, 259),
(1541, 4, 259),
(1542, 5, 259),
(1543, 6, 259),
(1544, 1, 260),
(1545, 2, 260),
(1546, 3, 260),
(1547, 4, 260),
(1548, 5, 260),
(1549, 6, 260),
(1550, 1, 261),
(1551, 2, 261),
(1552, 3, 261),
(1553, 4, 261),
(1554, 5, 261),
(1555, 6, 261),
(1556, 1, 262),
(1557, 2, 262),
(1558, 3, 262),
(1559, 4, 262),
(1560, 5, 262),
(1561, 6, 262),
(1562, 1, 263),
(1566, 5, 263),
(1568, 1, 264),
(1569, 2, 264),
(1570, 3, 264),
(1571, 4, 264),
(1572, 5, 264),
(1573, 6, 264),
(1574, 1, 265),
(1575, 2, 265),
(1576, 3, 265),
(1577, 4, 265),
(1578, 5, 265),
(1579, 6, 265),
(1580, 1, 266),
(1584, 5, 266),
(1592, 1, 268),
(1593, 2, 268),
(1594, 3, 268),
(1595, 4, 268),
(1596, 5, 268),
(1597, 6, 268),
(1598, 1, 269),
(1599, 2, 269),
(1600, 3, 269),
(1601, 4, 269),
(1602, 5, 269),
(1603, 1, 270),
(1604, 2, 270),
(1605, 3, 270),
(1606, 4, 270),
(1607, 5, 270),
(1608, 1, 271),
(1612, 5, 271),
(1613, 6, 271),
(1614, 1, 272),
(1615, 2, 272),
(1616, 3, 272),
(1617, 4, 272),
(1618, 5, 272),
(1619, 6, 272),
(1620, 1, 273),
(1621, 2, 273),
(1622, 3, 273),
(1623, 4, 273),
(1624, 5, 273),
(1625, 6, 273),
(1627, 1, 275),
(1631, 5, 275),
(1632, 6, 275),
(1633, 1, 276),
(1634, 2, 276),
(1635, 3, 276),
(1636, 4, 276),
(1637, 5, 276),
(1638, 6, 276),
(1639, 1, 277),
(1643, 5, 277),
(1650, 1, 278),
(1651, 2, 278),
(1652, 3, 278),
(1653, 4, 278),
(1654, 5, 278),
(1655, 6, 278),
(1657, 5, 280),
(1658, 5, 281),
(1659, 1, 282),
(1663, 5, 282),
(1665, 5, 283),
(1670, 5, 284),
(1676, 5, 285),
(1684, 1, 287),
(1685, 2, 287),
(1686, 3, 287),
(1687, 4, 287),
(1688, 5, 287),
(1689, 6, 287),
(1690, 1, 288),
(1691, 2, 288),
(1692, 3, 288),
(1693, 4, 288),
(1694, 5, 288),
(1695, 6, 288),
(1696, 1, 289),
(1700, 5, 289),
(1702, 1, 290),
(1706, 5, 290),
(1715, 2, 292),
(1716, 3, 292),
(1717, 4, 292),
(1718, 5, 292),
(1719, 6, 292),
(1720, 5, 293),
(1721, 5, 294),
(1722, 1, 295),
(1726, 5, 295),
(1727, 6, 295),
(1728, 1, 296),
(1729, 2, 296),
(1730, 3, 296),
(1731, 4, 296),
(1732, 5, 296),
(1733, 6, 296),
(1734, 5, 297),
(1735, 1, 298),
(1739, 5, 298),
(1740, 6, 298),
(1741, 1, 299),
(1742, 2, 299),
(1743, 3, 299),
(1744, 4, 299),
(1745, 5, 299),
(1746, 6, 299),
(1747, 1, 300),
(1751, 5, 300),
(1753, 1, 301),
(1757, 5, 301),
(1759, 1, 302),
(1763, 5, 302),
(1764, 6, 302),
(1766, 5, 303),
(1767, 1, 304),
(1768, 2, 304),
(1769, 3, 304),
(1770, 4, 304),
(1771, 5, 304),
(1772, 6, 304),
(1773, 1, 305),
(1774, 2, 305),
(1775, 3, 305),
(1776, 4, 305),
(1777, 5, 305),
(1778, 6, 305),
(1779, 1, 306),
(1783, 5, 306),
(1785, 5, 307),
(1786, 5, 308),
(1788, 1, 309),
(1792, 5, 309),
(1794, 1, 310),
(1795, 2, 310),
(1796, 3, 310),
(1797, 4, 310),
(1798, 5, 310),
(1799, 6, 310),
(1800, 1, 311),
(1801, 2, 311),
(1802, 3, 311),
(1803, 4, 311),
(1804, 5, 311),
(1805, 6, 311),
(1806, 5, 312),
(1807, 1, 313),
(1811, 5, 313),
(1813, 1, 314),
(1817, 5, 314),
(1818, 6, 314),
(1819, 1, 315),
(1820, 5, 315),
(1821, 6, 315),
(1823, 5, 316),
(1825, 5, 317),
(1826, 1, 318),
(1828, 3, 318),
(1829, 4, 318),
(1830, 5, 318),
(1831, 6, 318),
(1832, 5, 319),
(1833, 5, 320),
(1834, 5, 321),
(1835, 1, 162),
(1836, 1, 316),
(1837, 6, 316),
(1838, 1, 322),
(1839, 1, 323),
(1840, 1, 324),
(1841, 5, 324),
(1842, 6, 324),
(1843, 1, 325),
(1844, 5, 325),
(1845, 6, 325),
(1846, 1, 326),
(1847, 5, 326),
(1850, 5, 327),
(1851, 1, 327),
(1852, 5, 328),
(1853, 6, 328),
(1854, 1, 329),
(1855, 5, 329),
(1857, 5, 330),
(1858, 5, 331),
(1859, 1, 332),
(1860, 5, 332),
(1861, 1, 333),
(1862, 5, 333),
(1863, 1, 334),
(1864, 5, 334),
(1865, 1, 335),
(1866, 5, 335),
(1867, 1, 336),
(1868, 5, 336),
(1869, 1, 337),
(1870, 5, 337),
(1871, 1, 338),
(1872, 5, 338),
(1873, 1, 339),
(1874, 5, 343),
(1875, 5, 345),
(1876, 1, 346),
(1877, 5, 346),
(1878, 5, 347),
(1879, 5, 348),
(1880, 1, 349),
(1881, 5, 349),
(1882, 1, 350),
(1883, 5, 350),
(1885, 5, 351),
(1886, 1, 352),
(1887, 5, 352),
(1888, 1, 353),
(1889, 5, 353),
(1890, 1, 354),
(1891, 5, 354),
(1892, 1, 355),
(1896, 5, 355),
(1900, 1, 357),
(1901, 5, 357),
(1902, 1, 358),
(1903, 5, 358),
(1904, 5, 359),
(1905, 1, 245),
(1906, 1, 360),
(1907, 5, 360),
(1908, 1, 361),
(1909, 5, 361),
(1910, 1, 362),
(1911, 5, 362),
(1912, 1, 363),
(1913, 5, 363),
(1914, 1, 364),
(1915, 5, 364),
(1916, 1, 365),
(1917, 5, 365),
(1918, 1, 366),
(1919, 5, 366),
(1920, 5, 367),
(1921, 1, 369),
(1922, 5, 369),
(1923, 1, 370),
(1924, 5, 370),
(1925, 1, 219),
(1928, 5, 372),
(1929, 1, 373),
(1930, 5, 373),
(1931, 1, 371),
(1932, 5, 371),
(1933, 1, 374),
(1934, 5, 374),
(1935, 5, 375),
(1936, 1, 377),
(1937, 1, 378),
(1938, 1, 379),
(1939, 1, 380),
(1940, 1, 381),
(1941, 1, 382),
(1942, 1, 383),
(1943, 1, 384),
(1944, 1, 385),
(1945, 1, 386),
(1946, 1, 387),
(1947, 1, 388),
(1948, 1, 389),
(1949, 1, 390),
(1950, 1, 391),
(1951, 1, 392),
(1952, 1, 393),
(1953, 5, 394),
(1954, 1, 395),
(1955, 5, 395),
(1956, 1, 396),
(1957, 5, 396),
(1958, 1, 397),
(1959, 5, 397),
(1960, 1, 317),
(1961, 1, 398),
(1962, 5, 398),
(1963, 1, 399),
(1964, 5, 399),
(1967, 1, 401),
(1968, 5, 401),
(1969, 1, 402),
(1970, 5, 402),
(1971, 5, 403),
(1972, 1, 136),
(1973, 5, 404),
(1975, 1, 348),
(1976, 1, 292),
(1978, 5, 407),
(1979, 1, 408),
(1980, 5, 408),
(1981, 1, 409),
(1982, 5, 410),
(1983, 5, 341),
(1984, 1, 341),
(1985, 1, 368),
(1986, 5, 368),
(1987, 1, 412),
(1988, 5, 412),
(1989, 1, 413),
(1990, 1, 415),
(1991, 5, 415),
(1992, 1, 416),
(1993, 5, 416),
(1994, 1, 417),
(1995, 5, 417),
(1996, 1, 418),
(1997, 5, 418);

-- --------------------------------------------------------

--
-- Table structure for table `tblcontracts`
--

CREATE TABLE IF NOT EXISTS `tblcontracts` (
  `id` int(11) NOT NULL AUTO_INCREMENT,
  `content` longtext DEFAULT NULL,
  `description` text DEFAULT NULL,
  `subject` varchar(300) DEFAULT NULL,
  `client` int(11) NOT NULL,
  `datestart` date DEFAULT NULL,
  `dateend` date DEFAULT NULL,
  `contract_type` int(11) DEFAULT NULL,
  `project_id` int(11) DEFAULT NULL,
  `addedfrom` int(11) NOT NULL,
  `dateadded` datetime NOT NULL,
  `isexpirynotified` int(11) NOT NULL DEFAULT 0,
  `contract_value` decimal(15,2) DEFAULT NULL,
  `trash` tinyint(1) DEFAULT 0,
  `not_visible_to_client` tinyint(1) NOT NULL DEFAULT 0,
  `hash` varchar(32) DEFAULT NULL,
  `signed` tinyint(1) NOT NULL DEFAULT 0,
  `signature` varchar(40) DEFAULT NULL,
  `marked_as_signed` tinyint(1) NOT NULL DEFAULT 0,
  `acceptance_firstname` varchar(50) DEFAULT NULL,
  `acceptance_lastname` varchar(50) DEFAULT NULL,
  `acceptance_email` varchar(100) DEFAULT NULL,
  `acceptance_date` datetime DEFAULT NULL,
  `acceptance_ip` varchar(40) DEFAULT NULL,
  `short_link` varchar(100) DEFAULT NULL,
  PRIMARY KEY (`id`),
  KEY `client` (`client`),
  KEY `contract_type` (`contract_type`)
) ENGINE=InnoDB AUTO_INCREMENT=207 DEFAULT CHARSET=utf8;

--
-- Dumping data for table `tblcontracts`
--

INSERT INTO `tblcontracts` (`id`, `content`, `description`, `subject`, `client`, `datestart`, `dateend`, `contract_type`, `project_id`, `addedfrom`, `dateadded`, `isexpirynotified`, `contract_value`, `trash`, `not_visible_to_client`, `hash`, `signed`, `signature`, `marked_as_signed`, `acceptance_firstname`, `acceptance_lastname`, `acceptance_email`, `acceptance_date`, `acceptance_ip`, `short_link`) VALUES
(1, NULL, '1. New Design and Development of flaxleytyres.co.uk\r\n2. Mobile Fitting Application\r\n3. Website Facebook Integration\r\n4. 100 Cars Make any Models Landing pages for wheel alignment\r\n5. 100 SEO pages for Mobile Tyre Fitting\r\n6. Strong SEO on Flaxley Tyres\r\n7. Retail price intelligence and comparison feature\r\n8. Vehicle Manufactures Content pages with images\r\n9. Nexen Tyres SEO Content pages\r\n\r\n£12000 bonus payable after strong growth established', 'SEO', 36, '2021-12-01', '2022-12-01', 1, 324, 75, '2021-04-06 15:07:54', 0, 12000.00, 0, 1, 'e1f332537be65913cd1586b5aa419d0e', 0, NULL, 0, NULL, NULL, NULL, NULL, NULL, NULL),
(2, NULL, 'SEO Package Monthly', 'SEO', 4, '2021-11-15', '2021-12-14', 2, 257, 75, '2021-04-06 15:20:03', 0, 250.00, 0, 1, 'a9374f87a11176c8d880a39fa11d3ea7', 0, NULL, 0, NULL, NULL, NULL, NULL, NULL, NULL),
(3, NULL, '1. Website Exclusivity in 5 Miles.\r\n2. No website deal ever with 57 tyres\r\n3. Content page on every village.\r\n4. New website for Credit based payments (Payment Assist)\r\n5. Mobile App (Android and iOS)\r\n6. Notification App\r\n7. SEO for 12 Months (From Oct\'20 to Sep\'21)\r\n\r\n£12000 reward (One Time Only) after 12 Months***', 'tradepricetyres.co.uk - SEO', 7, '2021-10-15', '2022-09-14', 1, 325, 75, '2021-04-06 15:36:04', 0, 300.00, 0, 1, '26554c81f8f45c67c54daf1bae791231', 0, NULL, 0, NULL, NULL, NULL, NULL, NULL, NULL),
(4, NULL, '1. Website Exclusivity in 15 Miles.\r\n2. Content page on every village.\r\n3. New website for Credit based payments (Payment Assist)\r\n4. Mobile App (Android and iOS)\r\n5. Notification App\r\n6. SEO for 12 Months (From Nov\'20 to Oct\'21)\r\n\r\n£12000 reward (One Time Only) after 12 Months***', 'SEO', 73, '2021-12-05', '2023-01-04', 1, 327, 75, '2021-04-06 15:43:19', 0, 300.00, 0, 1, '7b7b5c628f802e2a8a9778e6d7ccb2d9', 0, NULL, 0, NULL, NULL, NULL, NULL, NULL, NULL),
(5, NULL, 'SEO Package Monthly', 'SEO', 10, '2021-11-15', '2021-12-14', 2, 32, 75, '2021-04-06 15:48:35', 0, 500.00, 0, 1, '310e10a311aad9cff08d465973496989', 0, NULL, 0, NULL, NULL, NULL, NULL, NULL, NULL),
(6, NULL, 'SEO Package Monthly\r\nTitle & Meta Desc Optimisation\r\n2 Blogs\r\n2 Informational Articles\r\n1 Press Release\r\n20 Social Bookmarks\r\nSocial Media Optimisation\r\nExclusive rights in Preston', 'SEO', 80, '2021-11-15', '2021-12-14', 2, 321, 75, '2021-04-07 06:44:53', 0, 300.00, 0, 1, 'b5e139838338e2dcce2096f98e453378', 0, NULL, 0, NULL, NULL, NULL, NULL, NULL, NULL),
(7, NULL, 'SEO Package Monthly\r\n(7 Miles radius)', 'SEO', 96, '2021-11-15', '2021-12-14', 2, 328, 75, '2021-04-07 06:52:59', 0, 500.00, 0, 1, '728602341b8fc3af89d796fc0a5fb97a', 0, NULL, 0, NULL, NULL, NULL, NULL, NULL, NULL),
(9, NULL, 'SEO Package Monthly + Website Upgrade', 'SEO', 81, '2021-11-15', '2021-12-14', 2, 329, 75, '2021-04-07 07:17:37', 0, 1000.00, 0, 1, '1d6d43392770e5cea4c502f00df3dd25', 0, NULL, 0, NULL, NULL, NULL, NULL, NULL, NULL),
(10, NULL, '', 'SEO', 9, '2021-03-12', '2022-02-11', 1, 330, 75, '2021-04-07 07:24:16', 1, 6000.00, 0, 0, '3acdd3288939c72fdc4cb9a45e7e5ac8', 0, NULL, 0, NULL, NULL, NULL, NULL, NULL, NULL),
(11, NULL, '1. Website Upgrade\r\n2. Wheel Supplier integration (With CSV real time)\r\n3. Tyre Supplier Integration (With CSV real time)\r\n4. PayL8tr Integration (Credit System) API must be provided by Client\r\n5. SEO in 10 Miles radius\r\n6. Location Pages content writing in 10 Mile Radius\r\n7. 3D Wheel Configurator (Under Development) will integrated once it is developed without any extra charges.\r\n8. Exclusive Rights for Alloy Wheels in Nottingham', 'SEO', 106, '2021-12-01', '2021-12-31', 2, 331, 75, '2021-04-07 07:32:35', 0, 1000.00, 0, 1, 'bf198ffb41af691766dbee319cd93788', 0, NULL, 0, NULL, NULL, NULL, NULL, NULL, NULL),
(12, NULL, 'SEO Package Monthly', 'SEO', 11, '2021-11-15', '2021-12-14', 2, 334, 75, '2021-04-07 07:39:06', 0, 500.00, 0, 1, '4b8ee57678d2fe15289450fc98ddc887', 0, NULL, 0, NULL, NULL, NULL, NULL, NULL, NULL),
(14, NULL, '#1 SEO for 3 websites covering 15 Miles Radius\r\nExclusivity with 15 Mile Radius\r\n#2 For all Future Websites (Up to Ten) No extra Charges\r\n#3 Two Dedicated Resources for 12 Months on Mobile Fitting Tyres in 15 Mile Radius + MOT\r\nworth of £1000 per month complimentary from our side for the growth of Phillips Tyres\r\n#4 From last 4 weeks we are working on Mobile fitting App for Philips Tyres with One dedicated Android Developer and one iOS Developer. We are converting Fleetline App exclusively for Philips Tyres and it is costing us £2500 for a month and it will require at least 2 months (Total £5000) of development. This is also complimentary from AGN to philips Tyres during this difficult time as a new channel for its growth.', 'phillipstyres.co.uk - SEO', 17, '2021-11-15', '2021-12-14', 2, 65, 75, '2021-04-07 09:07:46', 0, 1000.00, 0, 1, '2d2348c2141dbeddae21b03c4b2a1de9', 0, NULL, 0, NULL, NULL, NULL, NULL, NULL, NULL),
(16, NULL, '#1 SEO for 3 websites covering 15 Miles Radius\r\nExclusivity with 15 Mile Radius\r\n#2 For all Future Websites (Up to Ten) No extra Charges\r\n#3 Two Dedicated Resources for 12 Months on Mobile Fitting Tyres in 15 Mile Radius + MOT\r\nworth of £1000 per month complimentary from our side for the growth of Phillips Tyres\r\n#4 From last 4 weeks we are working on Mobile fitting App for Philips Tyres with One dedicated Android Developer and one iOS Developer. We are converting Fleetline App exclusively for Philips Tyres and it is costing us £2500 for a month and it will require at least 2 months (Total £5000) of development. This is also complimentary from AGN to philips Tyres during this difficult time as a new channel for its growth.', 'bicester.phillipstyres.co.uk - SEO', 17, '2021-11-15', '2021-12-14', 2, 326, 75, '2021-04-07 11:11:09', 0, 1000.00, 0, 1, '08645665c52705a4713d1b6fc916bb99', 0, NULL, 0, NULL, NULL, NULL, NULL, NULL, NULL),
(17, NULL, '#1 SEO for 3 websites covering 15 Miles Radius\r\nExclusivity with 15 Mile Radius\r\n#2 For all Future Websites (Up to Ten) No extra Charges\r\n#3 Two Dedicated Resources for 12 Months on Mobile Fitting Tyres in 15 Mile Radius + MOT\r\nworth of £1000 per month complimentary from our side for the growth of Phillips Tyres\r\n#4 From last 4 weeks we are working on Mobile fitting App for Philips Tyres with One dedicated Android Developer and one iOS Developer. We are converting Fleetline App exclusively for Philips Tyres and it is costing us £2500 for a month and it will require at least 2 months (Total £5000) of development. This is also complimentary from AGN to philips Tyres during this difficult time as a new channel for its growth.', 'northern.phillipstyres.co.uk - SEO', 17, '2021-11-15', '2021-12-14', 2, 239, 75, '2021-04-07 11:16:20', 0, 1000.00, 0, 1, 'a873d3bd509064e7c6728a77efb65b9c', 0, NULL, 0, NULL, NULL, NULL, NULL, NULL, NULL),
(18, NULL, 'SEO Package Monthly\r\n-From May\' 21 to July\' 21', 'SEO', 85, '2021-11-01', '2022-02-01', 3, 335, 75, '2021-04-07 11:38:41', 0, 1500.00, 0, 0, '9cf571255b1d17ce0b58daabd476d2cb', 0, NULL, 0, NULL, NULL, NULL, NULL, NULL, NULL),
(19, NULL, 'SEO Package Monthly', 'SEO', 67, '2021-11-15', '2021-12-14', 2, 336, 75, '2021-04-07 11:47:57', 0, 400.00, 0, 1, '6abccd6c6110675bafcdbb692e248d40', 0, NULL, 0, NULL, NULL, NULL, NULL, NULL, NULL),
(20, NULL, 'SEO Package Monthly', 'SEO', 23, '2021-11-15', '2021-12-14', 2, 259, 75, '2021-04-07 11:53:44', 0, 250.00, 0, 1, '37fa65e7c9651967ff41ae66d1c70821', 0, NULL, 0, NULL, NULL, NULL, NULL, NULL, NULL),
(21, NULL, 'SEO Package Monthly', 'SEO', 150, '2021-12-05', '2022-01-04', 2, 351, 75, '2021-04-07 11:59:04', 0, 500.00, 0, 1, 'c0e79a0511bdbca06152640552a88359', 0, NULL, 0, NULL, NULL, NULL, NULL, NULL, NULL),
(22, NULL, 'SEO Package Monthly', 'SEO', 127, '2021-11-15', '2021-12-14', 2, 352, 75, '2021-04-07 12:54:16', 0, 500.00, 0, 1, 'fea70245505f299215f8d17024ac0895', 0, NULL, 0, NULL, NULL, NULL, NULL, NULL, NULL),
(23, NULL, 'SEO Package Monthly', 'sptyres.com - SEO', 142, '2021-11-25', '2021-12-24', 2, 353, 75, '2021-04-07 13:11:31', 0, 500.00, 0, 1, '8346f800282925121947a63af8e3edb6', 0, NULL, 0, NULL, NULL, NULL, NULL, NULL, NULL),
(24, NULL, 'SEO Package Monthly', 'SEO', 146, '2021-11-15', '2021-12-14', 2, 260, 75, '2021-04-08 07:34:56', 0, 250.00, 0, 1, '1fc12f3a768975e00e5df1e9032a7ae7', 0, NULL, 0, NULL, NULL, NULL, NULL, NULL, NULL),
(25, NULL, 'SEO Package Monthly', 'SEO', 148, '2021-11-15', '2021-12-14', 2, 354, 75, '2021-04-08 07:50:10', 0, 250.00, 0, 1, 'a57670d5ff0ac7a18ec7de34e0b09ccf', 0, NULL, 0, NULL, NULL, NULL, NULL, NULL, NULL),
(26, NULL, 'Site is Closed', 'SEO', 156, '2021-06-01', NULL, 5, 355, 75, '2021-04-08 07:58:14', 1, 2000.00, 0, 0, '7dc6f2d14eacc38e49230a5c7e81b4ea', 0, NULL, 0, NULL, NULL, NULL, NULL, NULL, NULL),
(27, NULL, 'SEO Package Monthly', 'SEO', 160, '2021-08-20', NULL, 2, 356, 75, '2021-04-08 08:03:08', 1, 500.00, 0, 1, 'c18644c29e944f10e43b190b81efdda4', 0, NULL, 0, NULL, NULL, NULL, NULL, NULL, NULL),
(28, NULL, 'SEO Package Monthly', 'SEO(Cash)', 165, '2021-04-16', NULL, 2, 357, 75, '2021-04-08 08:10:41', 0, 500.00, 0, 1, '60b7f17d6a2896ede81682bd280dcbc8', 0, NULL, 0, NULL, NULL, NULL, NULL, NULL, NULL),
(29, NULL, 'Website upgrade \r\nMobile app  \r\nWebsite in Facebook', 'SEO(Cash)', 170, '2020-07-03', NULL, 1, 358, 75, '2021-04-08 08:25:50', 1, 1000.00, 0, 0, '9b1f0a52bab48832eb61968c0af583d3', 0, NULL, 0, NULL, NULL, NULL, NULL, NULL, NULL),
(30, NULL, 'SEO Package Monthly', 'SEO', 162, '2021-11-15', '2021-12-14', 2, 362, 75, '2021-04-08 08:35:04', 0, 300.00, 0, 1, 'c482137aad0d52a45729411400388b3f', 0, NULL, 0, NULL, NULL, NULL, NULL, NULL, NULL),
(31, NULL, 'SEO Package Monthly', 'SEO', 175, '2021-11-15', NULL, 5, 261, 75, '2021-04-08 08:59:42', 0, 200.00, 0, 1, '568f5d34ec5b926241740224f759dfc1', 0, NULL, 0, NULL, NULL, NULL, NULL, NULL, NULL),
(32, NULL, 'SEO Services and Google AdWords management\r\nContent Writing 600 Location Pages\r\nData Scrapping', 'SEO', 181, '2021-12-01', '2021-12-31', 2, 453, 75, '2021-04-08 09:06:54', 0, 4000.00, 0, 1, 'a7ac07d381858edbbe67e0b7ffb30bdd', 0, NULL, 0, NULL, NULL, NULL, NULL, NULL, NULL),
(33, NULL, 'SEO Package Monthly', 'SEO', 179, '2021-11-15', '2021-12-14', 2, 462, 75, '2021-04-08 09:16:49', 0, 500.00, 0, 1, 'b04a8f5b7708e6e46ad6e30cefd2db23', 0, NULL, 0, NULL, NULL, NULL, NULL, NULL, NULL),
(34, NULL, 'SEO Package Monthly', 'SEO', 14, '2021-11-15', '2021-12-14', 2, 118, 75, '2021-04-08 09:22:01', 0, 250.00, 0, 1, '15938cfe57ab2ea1227fb3ca689f4411', 0, NULL, 0, NULL, NULL, NULL, NULL, NULL, NULL),
(35, NULL, 'SEO Paid for 6 months.', 'SEO', 63, '2021-09-01', '2022-01-31', 4, 474, 75, '2021-04-08 09:35:56', 0, 1800.00, 0, 1, '3e6354a9adf8e9306573d105a6935448', 0, NULL, 0, NULL, NULL, NULL, NULL, NULL, NULL),
(36, NULL, 'Site is Closed.', 'SEO(Cash)', 118, '2020-11-13', NULL, 5, 263, 75, '2021-04-08 09:53:29', 1, 300.00, 0, 1, '05c826b27a025fe3715100e565cbde12', 0, NULL, 0, NULL, NULL, NULL, NULL, NULL, NULL),
(37, NULL, 'SEO Package Monthly', 'Website Maintenance', 185, '2021-11-15', '2021-12-16', 2, 657, 75, '2021-04-08 09:58:12', 0, 150.00, 0, 1, '6dcb43b9f8749b8ef6a45fc15494e7d5', 0, NULL, 0, NULL, NULL, NULL, NULL, NULL, NULL),
(38, NULL, '1. New Site Upgrade\r\n2. Notification App\r\n3. Existing Mobile App Upgradation\r\n4. Website in Facebook\r\n5. SEO in 10 Mile Radius', 'SEO', 194, '2021-04-01', NULL, 2, 632, 75, '2021-04-08 10:56:26', 1, 0.00, 0, 0, '079cddcb6197ca72027b23cb15a439df', 0, NULL, 0, NULL, NULL, NULL, NULL, NULL, NULL),
(39, NULL, '', 'SEO', 195, '2021-11-15', '2021-12-14', 2, 128, 75, '2021-04-08 11:05:14', 0, 250.00, 0, 1, 'deecc43f11ae15872c0a677f76c006b7', 0, NULL, 0, NULL, NULL, NULL, NULL, NULL, NULL),
(40, NULL, 'SEO Package Monthly', 'SEO', 196, '2021-12-01', '2021-12-31', 2, 264, 75, '2021-04-08 11:11:29', 0, 250.00, 0, 1, 'edb2f255a70f1c0e0f2c6502925edf2d', 0, NULL, 0, NULL, NULL, NULL, NULL, NULL, NULL),
(41, NULL, 'SEO Package Monthly', 'tyresshrewsbury.co.uk - SEO', 142, '2021-11-25', '2021-12-24', 2, 463, 75, '2021-04-08 11:22:29', 0, 500.00, 0, 1, '65912f8abbce17ca34839760e6fd8066', 0, NULL, 0, NULL, NULL, NULL, NULL, NULL, NULL),
(42, NULL, 'SEO Package Monthly', 'SEO', 235, '2021-11-15', '2021-12-14', 2, 266, 75, '2021-04-08 11:36:30', 0, 500.00, 0, 1, 'd5266a39e4e0b747a5b5905a3291a95d', 0, NULL, 0, NULL, NULL, NULL, NULL, NULL, NULL),
(43, NULL, 'SEO Package Monthly', 'SEO', 208, '2021-12-01', '2021-12-31', 2, 450, 75, '2021-04-08 11:42:07', 0, 250.00, 0, 1, '2ef3de2e7ece1e86463f243c192748c9', 0, NULL, 0, NULL, NULL, NULL, NULL, NULL, NULL),
(44, NULL, 'SEO Package Monthly', 'SEO', 205, '2021-11-15', '2021-12-14', 2, 267, 75, '2021-04-08 11:49:06', 0, 220.00, 0, 1, '990c043c6749bf61a31adafc7e32f5f5', 0, NULL, 0, NULL, NULL, NULL, NULL, NULL, NULL),
(45, NULL, 'SEO Package Monthly: 20 Miles', 'SEO', 211, '2021-12-01', '2021-12-31', 2, 268, 75, '2021-04-08 11:54:05', 0, 700.00, 0, 1, '7e02f6382ae452ac2349856dfbc0242f', 0, NULL, 0, NULL, NULL, NULL, NULL, NULL, NULL),
(46, NULL, 'SEO Package Monthly', 'SEO', 215, '2021-10-25', NULL, 5, 269, 75, '2021-04-08 11:58:55', 0, 250.00, 0, 1, '6742984e707be50a579abdb01689bf0d', 0, NULL, 0, NULL, NULL, NULL, NULL, NULL, NULL),
(47, NULL, 'SEO Package Monthly\r\n\r\nStart Date: 2020-09-01', 'SEO', 212, '2021-12-05', '2022-01-04', 2, 270, 75, '2021-04-08 12:27:33', 0, 250.00, 0, 1, '4709c08aef52e9635f830bb8fe23c68f', 0, NULL, 0, NULL, NULL, NULL, NULL, NULL, NULL),
(48, NULL, 'SEO Package Monthly', 'SEO', 202, '2021-12-05', '2022-01-04', 2, 271, 75, '2021-04-08 12:32:40', 0, 600.00, 0, 1, '1f23e15727365b0a33ce1d56f90e3e23', 0, NULL, 0, NULL, NULL, NULL, NULL, NULL, NULL),
(49, NULL, 'SEO Package Monthly', 'SEO', 216, '2021-11-15', '2021-12-14', 2, 272, 75, '2021-04-08 12:42:10', 0, 160.00, 0, 1, 'b7885221ebbf3be115424e82ce8afbb3', 0, NULL, 0, NULL, NULL, NULL, NULL, NULL, NULL),
(50, NULL, 'SEO Package Monthly', 'SEO', 111, '2021-11-15', '2021-12-14', 2, 114, 75, '2021-04-08 12:47:47', 0, 400.00, 0, 1, '88da6749be59762b0115a0bd2930eb4d', 0, NULL, 0, NULL, NULL, NULL, NULL, NULL, NULL),
(51, NULL, 'SEO Package Monhtly', 'SEO', 213, '2021-11-01', NULL, 5, 273, 75, '2021-04-08 12:54:46', 0, 500.00, 0, 1, '900fdf8da9cb9894ce68a12794e29d37', 0, NULL, 0, NULL, NULL, NULL, NULL, NULL, NULL),
(53, NULL, 'Monthly: 500 + VAT (SEO + Website Hosting)', 'SEO', 276, '2021-12-01', '2021-12-31', 2, 320, 75, '2021-04-08 15:10:49', 0, 500.00, 0, 1, '5577f28962d50aa58db5074cb4bfcc28', 0, NULL, 0, NULL, NULL, NULL, NULL, NULL, NULL),
(54, NULL, 'SEO Package Monhtly', 'SEO', 238, '2021-11-12', '2021-12-11', 2, 416, 75, '2021-04-08 15:16:02', 1, 250.00, 0, 1, 'bacaa74bc8e502d663a1e7c27a2a28e1', 0, NULL, 0, NULL, NULL, NULL, NULL, NULL, NULL),
(55, NULL, 'SEO Package Monthly', 'SEO', 255, '2021-12-05', '2022-01-04', 2, 415, 75, '2021-04-08 15:20:39', 0, 1000.00, 0, 1, '0adbcd598660e7d20e250a75ca28c9d2', 0, NULL, 0, NULL, NULL, NULL, NULL, NULL, NULL),
(56, NULL, 'SEO Package Monthly', 'SEO', 159, '2021-12-01', '2021-12-31', 2, 274, 75, '2021-04-08 15:27:06', 0, 250.00, 0, 1, 'e11bdcf8711a184595bfe8c3e059fb13', 0, NULL, 0, NULL, NULL, NULL, NULL, NULL, NULL),
(57, NULL, 'SEO Package Monthly', 'SEO', 238, '2021-11-12', '2021-12-11', 2, 414, 75, '2021-04-08 15:31:46', 1, 250.00, 0, 1, '4640d7766bde36d631354fe826f4c221', 0, NULL, 0, NULL, NULL, NULL, NULL, NULL, NULL),
(59, NULL, 'SEO Package Monthly', 'SEO', 260, '2021-12-01', '2021-12-31', 2, 483, 75, '2021-04-09 07:09:12', 0, 1000.00, 0, 1, '67cadaf2f9b1ec5f38b27c8cd3b4411c', 0, NULL, 0, NULL, NULL, NULL, NULL, NULL, NULL),
(60, NULL, 'SEO Package Monthly', 'rangertyresmiltonkeynes.co.uk - SEO', 246, '2021-11-15', '2021-12-14', 2, 275, 75, '2021-04-09 07:14:09', 0, 250.00, 0, 1, 'ea9624b2b893d89c0288144b9c895e92', 0, NULL, 0, NULL, NULL, NULL, NULL, NULL, NULL),
(61, NULL, 'SEO Package Monthly', 'rangertyres.co.uk - SEO', 246, '2021-11-15', '2021-12-14', 2, 392, 75, '2021-04-09 07:17:25', 0, 250.00, 0, 1, 'f36fc8eb331f0d505186d6cf6217a928', 0, NULL, 0, NULL, NULL, NULL, NULL, NULL, NULL),
(62, NULL, 'SEO Package Monthly', 'SEO', 234, '2021-11-01', NULL, 5, 445, 75, '2021-04-09 07:24:54', 0, 250.00, 0, 1, '9af3287e3ad31966ff617224cdd7908a', 0, NULL, 0, NULL, NULL, NULL, NULL, NULL, NULL),
(63, NULL, 'SEO Package Monhtly', 'SEO', 237, '2021-11-15', '2021-12-14', 2, 393, 75, '2021-04-09 07:32:51', 0, 250.00, 0, 1, 'eb69919e82012182be4af36a3f4db3e9', 0, NULL, 0, NULL, NULL, NULL, NULL, NULL, NULL),
(64, NULL, 'SEO Package Monthly\r\nContract Start Date: 2021-03-01', 'SEO', 248, '2021-11-12', '2021-12-11', 2, 345, 75, '2021-04-09 07:39:33', 1, 250.00, 0, 1, '480d1cd146583ff04b71badf12632ed7', 0, NULL, 0, NULL, NULL, NULL, NULL, NULL, NULL),
(65, NULL, 'SEO Package Monhtly', 'SEO', 227, '2021-10-10', NULL, 2, 338, 75, '2021-04-09 07:44:21', 0, 200.00, 0, 1, 'c4e5724b2a7240327e692ba93c34f701', 0, NULL, 0, NULL, NULL, NULL, NULL, NULL, NULL),
(66, NULL, 'Start Date of SEO : 12-Mar-2021', 'SEO', 268, '2021-11-12', '2021-12-11', 2, 350, 75, '2021-04-09 07:54:12', 1, 250.00, 0, 1, 'f173f9fc3271970728a2a2be60960781', 0, NULL, 0, NULL, NULL, NULL, NULL, NULL, NULL),
(67, NULL, 'SEO Package Monthly', 'SEO', 265, '2021-06-12', NULL, 5, 198, 75, '2021-04-09 07:58:12', 1, 250.00, 0, 1, '70883182c746a918a0878f0e238b6bc6', 0, NULL, 0, NULL, NULL, NULL, NULL, NULL, NULL),
(68, NULL, 'SEO Package Monthly', 'SEO', 252, '2021-09-28', NULL, 5, 468, 75, '2021-04-09 08:10:48', 0, 250.00, 0, 1, '04f3ca3983fd3635e50b277adcb8aff9', 0, NULL, 0, NULL, NULL, NULL, NULL, NULL, NULL),
(69, NULL, 'SEO Package Monthly', 'SEO', 253, '2021-11-20', '2021-12-19', 2, 339, 75, '2021-04-09 08:14:14', 0, 250.00, 0, 1, '9e4ae265d4b3526720d698fc398003a9', 0, NULL, 0, NULL, NULL, NULL, NULL, NULL, NULL),
(70, NULL, 'SEO Package Monhtly', 'SEO', 226, '2021-12-01', '2021-12-31', 2, 337, 75, '2021-04-09 08:19:50', 0, 250.00, 0, 1, 'c49e1b8e737f15e9c96168da7ed02eb6', 0, NULL, 0, NULL, NULL, NULL, NULL, NULL, NULL),
(71, NULL, 'SEO Package Monthly', 'SEO', 251, '2021-11-15', '2021-12-14', 2, 391, 75, '2021-04-09 08:24:35', 0, 250.00, 0, 1, '85e9ffa8b045781641adc4f9ab70070a', 0, NULL, 0, NULL, NULL, NULL, NULL, NULL, NULL),
(72, NULL, 'SEO Package \r\n3. Website in Facebook App.\r\n6. 103 Location Pages\r\n7. SEO in 5 Miles Radius\r\n\r\nStart from: 2021-02-01 to  2021-04-30 (SEO Package Amount included in INV-2021/000313, INV-2021/000211)\r\n\r\nStart SEO Invoices: 500 + VAT from 1-May-2021', 'SEO', 259, '2021-06-15', NULL, 2, 367, 75, '2021-04-09 08:32:18', 1, 500.00, 0, 1, 'a527f289f0c730d08dcd96c9100c96bd', 0, NULL, 0, NULL, NULL, NULL, NULL, NULL, NULL),
(73, NULL, 'Paid for a year.', 'SEO', 258, '2021-09-08', '2022-10-10', 2, 476, 75, '2021-04-09 08:37:45', 1, 500.00, 0, 1, '6051b3bf716b4eed06fd12e4454c6907', 0, NULL, 0, NULL, NULL, NULL, NULL, NULL, NULL),
(74, NULL, 'SEO Package Monthly', 'SEO', 229, '2021-11-15', '2021-12-14', 2, 349, 75, '2021-04-09 08:42:40', 0, 250.00, 0, 1, '5ac6c4812419bf64da10b5ea030c02ac', 0, NULL, 0, NULL, NULL, NULL, NULL, NULL, NULL),
(75, NULL, 'SEO Package Monthly', 'SEO', 220, '2021-11-15', '2021-12-14', 2, 422, 75, '2021-04-09 09:20:16', 0, 250.00, 0, 1, '6151ae3f4b744b833d6d755d94abcb2c', 0, NULL, 0, NULL, NULL, NULL, NULL, NULL, NULL),
(76, NULL, 'SEO Package Monthly', 'SEO', 247, '2021-10-15', NULL, 5, 421, 75, '2021-04-09 09:36:39', 0, 200.00, 0, 1, 'dc579976859cd7b47d82c042eb35ff89', 0, NULL, 0, NULL, NULL, NULL, NULL, NULL, NULL),
(77, NULL, 'SEO Package Monthly', 'SEO', 236, '2021-11-05', NULL, 5, 472, 75, '2021-04-09 09:41:59', 1, 250.00, 0, 1, '849bdce31ecf4ee35b56450f840e3105', 0, NULL, 0, NULL, NULL, NULL, NULL, NULL, NULL),
(78, NULL, '', 'SEO', 230, '2021-11-15', '2021-12-14', 2, 368, 75, '2021-04-09 09:48:38', 0, 1500.00, 0, 1, 'd7145ed37163d773a9ed8f1f00419cb8', 0, NULL, 0, NULL, NULL, NULL, NULL, NULL, NULL),
(79, NULL, '1. New Design and Development of loustyresltd.com\r\n2. Mobile Fitting Application\r\n3. Website Facebook Integration\r\n4. SEO of all 94 Location Pages for all the Services\r\n5. Strong SEO on loustyresltd.com\r\n6. Retail price intelligence and comparison feature\r\n7. After 4 months review website should be self funding\r\n8. £1000 per month direct debit\r\n\r\n£12000 bonus payable after strong growth established.', 'SEO', 233, '2021-12-01', '2021-12-31', 2, 136, 75, '2021-04-09 11:19:43', 0, 1000.00, 0, 1, '7e10f31c5171cfbc3531c6aeb8d60372', 0, NULL, 0, NULL, NULL, NULL, NULL, NULL, NULL),
(81, NULL, 'SEO Package Monthly', 'SEO(Cash)', 222, '2021-06-15', NULL, 2, 278, 75, '2021-04-09 11:33:30', 1, 250.00, 0, 1, '166914b7fcb3216558ed4a2a75491d69', 0, NULL, 0, NULL, NULL, NULL, NULL, NULL, NULL),
(82, NULL, 'SEO Package Monthly', 'SEO', 223, '2021-12-01', '2021-12-31', 2, 444, 75, '2021-04-09 11:42:45', 0, 250.00, 0, 1, 'c5f2aecbc4a31ecd4177a2766ee527fd', 0, NULL, 0, NULL, NULL, NULL, NULL, NULL, NULL),
(83, NULL, 'SEO Package Monthly', 'SEO', 221, '2021-07-15', NULL, 5, 279, 75, '2021-04-09 11:47:46', 0, 250.00, 0, 0, 'fe27db40c9cc2b970cbe0099825bac0c', 0, NULL, 0, NULL, NULL, NULL, NULL, NULL, NULL),
(84, NULL, 'SEO Service and Website Development', 'SEO', 182, '2021-11-15', '2021-12-14', 2, 471, 75, '2021-04-09 12:02:54', 0, 500.00, 0, 0, 'ae2f03a9b4aca4ce53fa2cd5eeb7ba1b', 0, NULL, 0, NULL, NULL, NULL, NULL, NULL, NULL),
(85, NULL, 'SEO Package', 'SEO', 40, '2021-04-12', '2022-03-12', 2, 371, 75, '2021-04-12 11:51:25', 1, 100.00, 0, 1, '225971a071a04340f9a3d691bfa5fb2a', 0, NULL, 0, NULL, NULL, NULL, NULL, NULL, NULL),
(86, NULL, 'SEO Package Monthly', 'SEO', 126, '2021-11-15', '2021-12-14', 2, 423, 75, '2021-04-12 12:09:23', 0, 150.00, 0, 1, '7f5838e579f8a7875a164f286d4c480a', 0, NULL, 0, NULL, NULL, NULL, NULL, NULL, NULL),
(87, NULL, '', 'SEO(Cash)', 171, '2021-10-14', '2022-03-14', 4, 73, 75, '2021-04-14 14:20:37', 0, 2400.00, 0, 1, '9b3c0478b55d11ec2e043f6e4b81eef9', 0, NULL, 0, NULL, NULL, NULL, NULL, NULL, NULL),
(88, NULL, 'SEO Package Monthly', 'SEO', 177, '2021-04-14', NULL, 5, 375, 75, '2021-04-14 14:23:43', 0, 500.00, 0, 0, 'ece41eb1ce71e9a52ee87e4364a13ac4', 0, NULL, 0, NULL, NULL, NULL, NULL, NULL, NULL),
(89, NULL, '', 'SEO', 107, '2021-12-05', '2022-01-04', 2, 258, 75, '2021-04-14 14:39:12', 0, 500.00, 0, 1, 'b9478b73ec2c89d158cd519f9260cdda', 0, NULL, 0, NULL, NULL, NULL, NULL, NULL, NULL),
(90, NULL, '', 'SEO', 173, '2021-11-20', '2021-12-19', 2, 430, 75, '2021-04-14 14:53:29', 0, 250.00, 0, 1, '9fe7363745800c2f88684fa68bbfd9aa', 0, NULL, 0, NULL, NULL, NULL, NULL, NULL, NULL),
(91, NULL, 'SEO Package Monthly.', 'SEO', 266, '2021-11-15', NULL, 5, 394, 75, '2021-04-14 15:16:35', 0, 250.00, 0, 1, '8e55d68881ea8905e55ed626ad62b2f2', 0, NULL, 0, NULL, NULL, NULL, NULL, NULL, NULL),
(92, NULL, 'Already Paid for Sep 2021\r\nWe will renew the contract in Oct 21', 'SEO(Cash)', 79, '2021-04-17', NULL, 2, 306, 1, '2021-04-17 08:10:13', 1, 250.00, 0, 1, 'b32620f7cecc6b6feecb3b89a161bddc', 0, NULL, 0, NULL, NULL, NULL, NULL, NULL, NULL),
(93, NULL, 'SEO Package Monthly', 'SEO', 278, '2021-11-25', '2021-12-24', 2, 316, 75, '2021-04-26 07:48:40', 0, 333.33, 0, 1, '2d371129e4e0313367624d5f7c1b2b8e', 0, NULL, 0, NULL, NULL, NULL, NULL, NULL, NULL),
(94, NULL, 'SEO Package Monhtly', 'SEO', 278, '2021-11-25', '2021-12-24', 2, 318, 75, '2021-04-26 07:55:26', 0, 333.33, 0, 1, '09932587cadd0c0073c1c3a702706581', 0, NULL, 0, NULL, NULL, NULL, NULL, NULL, NULL),
(95, NULL, 'SEO Package Monthly', 'SEO', 278, '2021-11-25', '2021-12-24', 2, 317, 75, '2021-04-26 07:56:47', 0, 333.33, 0, 1, 'd99995a96e6e5255dbc3c95e5c7b44cf', 0, NULL, 0, NULL, NULL, NULL, NULL, NULL, NULL),
(96, NULL, 'Monthly Charges: 250+ VAT (including hosting and SEO).', 'SEO', 263, '2021-12-05', '2022-01-04', 2, 319, 75, '2021-04-26 11:37:28', 0, 250.00, 0, 0, '7733a5cde72f129bb1eae731c21fa2c1', 0, NULL, 0, NULL, NULL, NULL, NULL, NULL, NULL),
(97, NULL, '', 'SEO', 239, '2021-12-05', '2022-01-04', 2, 347, 1, '2021-04-28 17:16:54', 0, 250.00, 0, 1, '6b78c40de59558ca29d70656260fd4ed', 0, NULL, 0, NULL, NULL, NULL, NULL, NULL, NULL),
(99, NULL, 'SEO Package\r\nStart from : 2021-03-01', 'SEO', 256, '2021-11-15', '2021-12-14', 2, 361, 1, '2021-04-30 05:49:57', 0, 400.00, 0, 1, 'df2affcdaed820c8ecafaa4f308e49d1', 0, NULL, 0, NULL, NULL, NULL, NULL, NULL, NULL),
(100, NULL, 'SEO Package Monthly', 'SEO', 291, '2021-04-30', NULL, 2, 363, 75, '2021-04-30 06:47:43', 0, 250.00, 0, 0, 'bffe6195b82540536c2f6025f6d373e2', 0, NULL, 0, NULL, NULL, NULL, NULL, NULL, NULL),
(101, NULL, 'SEO Package Monthly', 'SEO', 293, '2021-11-25', '2021-12-24', 2, 364, 75, '2021-04-30 06:51:17', 0, 500.00, 0, 1, '9286c1d26ac127d401a7381aaf766fbc', 0, NULL, 0, NULL, NULL, NULL, NULL, NULL, NULL),
(102, NULL, 'SEo Package Monthly', 'SEO', 298, '2021-11-20', '2021-12-19', 2, 323, 75, '2021-04-30 07:04:16', 0, 250.00, 0, 1, '2c08cc5fa5d2759497b85d18cdb3f004', 0, NULL, 0, NULL, NULL, NULL, NULL, NULL, NULL),
(103, NULL, 'SEO Package Monthly', 'SEO', 299, '2021-11-20', '2021-12-19', 2, 365, 75, '2021-04-30 07:08:14', 0, 400.00, 0, 0, '4be0645e2d88796d9e763823ad79d6fd', 0, NULL, 0, NULL, NULL, NULL, NULL, NULL, NULL),
(104, NULL, 'SEO + Web Hosting Package Monthly\r\n\r\nSEO is stopped on 17-Nov-2021.', 'SEO', 300, '2021-11-10', NULL, 2, 370, 75, '2021-05-03 08:41:58', 0, 500.00, 0, 1, 'd18e6deda4e468e1c6f49022c3f42e4b', 0, NULL, 0, NULL, NULL, NULL, NULL, NULL, NULL),
(105, NULL, 'Monthly Maintenance\r\n', 'Monthly Maintenance', 301, '2021-11-28', '2021-12-27', 2, 374, 75, '2021-05-05 15:45:47', 0, 125.00, 0, 1, '4aa9bdd195ba3034c9bac7580e1b3836', 0, NULL, 0, NULL, NULL, NULL, NULL, NULL, NULL),
(106, NULL, 'SEO Package Monthly', 'SEO', 287, '2021-11-25', '2021-12-24', 2, 377, 75, '2021-05-06 13:22:04', 0, 250.00, 0, 1, 'cea0b478882a5acc78dc3608a3e1f0b6', 0, NULL, 0, NULL, NULL, NULL, NULL, NULL, NULL),
(107, NULL, 'SEO Package MOnthly.', 'SEO', 286, '2021-12-01', '2021-12-31', 2, 378, 75, '2021-05-07 07:58:56', 0, 250.00, 0, 0, 'abb31d259135e153cc509dd5cdfeb448', 0, NULL, 0, NULL, NULL, NULL, NULL, NULL, NULL),
(108, NULL, '', 'SEO', 333, '2021-12-01', '2021-12-31', 2, 379, 75, '2021-05-07 08:00:31', 0, 250.00, 0, 1, '6371c848c66c8549962dc50d5b15ff99', 0, NULL, 0, NULL, NULL, NULL, NULL, NULL, NULL),
(109, NULL, 'Monthly Maintenance', 'Monthly Maintenance(Cash)', 120, '2021-06-03', '2022-05-02', 2, 342, 75, '2021-05-07 13:50:32', 1, 2400.00, 0, 1, '7eb87a21c32ab87ce0ff755665d0972f', 0, NULL, 0, NULL, NULL, NULL, NULL, NULL, NULL),
(110, NULL, '', 'Website Maintenance', 167, '2021-11-15', '2021-12-14', 2, 344, 75, '2021-05-07 15:53:24', 0, 200.00, 0, 1, 'd3d28d141bb34ebe514fff75f4011e19', 0, NULL, 0, NULL, NULL, NULL, NULL, NULL, NULL),
(111, NULL, '', 'SEO', 274, '2021-11-25', '2021-12-24', 2, 383, 75, '2021-05-10 12:22:52', 0, 250.00, 0, 1, 'd12bb7c6dea96c8144074349db21f81c', 0, NULL, 0, NULL, NULL, NULL, NULL, NULL, NULL),
(112, NULL, '', 'SEO', 267, '2021-11-25', '2021-12-24', 2, 384, 75, '2021-05-10 12:29:41', 0, 250.00, 0, 0, '846562d92e279d40510c5c4c18971014', 0, NULL, 0, NULL, NULL, NULL, NULL, NULL, NULL),
(113, NULL, '', 'SEO', 270, '2021-11-25', '2021-12-24', 2, 382, 75, '2021-05-10 12:42:28', 0, 500.00, 0, 1, '0fd4199fb169d36eb25678b9924d20ee', 0, NULL, 0, NULL, NULL, NULL, NULL, NULL, NULL),
(114, NULL, 'Paid for 12 months.', 'SEO(Cash)', 281, '2021-06-05', '2022-05-04', 1, 386, 75, '2021-05-11 07:37:34', 0, 3000.00, 0, 1, 'ca365035c9f503b4d93f9c52a4a6e40d', 0, NULL, 0, NULL, NULL, NULL, NULL, NULL, NULL),
(115, NULL, '', 'Website Maintenance', 21, '2021-11-15', '2021-12-14', 2, 366, 75, '2021-05-16 14:01:43', 0, 100.00, 0, 0, 'edf123d61bab51074bac032fb517df94', 0, NULL, 0, NULL, NULL, NULL, NULL, NULL, NULL),
(116, NULL, '', 'Website Maintenance', 22, '2021-12-01', '2021-12-31', 2, 395, 75, '2021-05-16 14:16:46', 0, 100.00, 0, 0, 'f045b759f4a286375e05fe7d1e580f67', 0, NULL, 0, NULL, NULL, NULL, NULL, NULL, NULL),
(117, NULL, '', 'Website Maintenance', 78, '2021-11-15', '2021-12-14', 2, 396, 75, '2021-05-16 14:33:14', 0, 100.00, 0, 0, 'e57680fe475fcf08b4d2c94de83b9091', 0, NULL, 0, NULL, NULL, NULL, NULL, NULL, NULL),
(118, NULL, '', 'Website Maintenance', 55, '2021-11-15', '2021-12-14', 1, 397, 75, '2021-05-16 14:42:52', 0, 100.00, 0, 0, '65f79c8b9b1ac616652dc94edcdbd055', 0, NULL, 0, NULL, NULL, NULL, NULL, NULL, NULL),
(119, NULL, '', 'Website Maintenance', 140, '2021-11-15', '2021-12-14', 2, 398, 75, '2021-05-16 14:51:45', 0, 100.00, 0, 0, 'e28d89583724f24336a3b54e8033a476', 0, NULL, 0, NULL, NULL, NULL, NULL, NULL, NULL),
(120, NULL, '', 'Website Maintenance', 121, '2021-11-15', '2021-12-14', 2, 399, 75, '2021-05-16 14:58:07', 0, 100.00, 0, 0, '268af35566aefbf4cc06f687328bf77e', 0, NULL, 0, NULL, NULL, NULL, NULL, NULL, NULL),
(121, NULL, '', 'Website Maintenance', 136, '2021-11-15', NULL, 5, 400, 75, '2021-05-16 15:05:37', 0, 100.00, 0, 1, '5b748c29c67aba7005e0c39eafdc95d3', 0, NULL, 0, NULL, NULL, NULL, NULL, NULL, NULL),
(122, NULL, '', 'Website Maintenance', 83, '2021-12-01', '2021-12-31', 2, 401, 75, '2021-05-16 15:18:32', 0, 100.00, 0, 1, '6af0ae78df76ad5df175836ec5bf657c', 0, NULL, 0, NULL, NULL, NULL, NULL, NULL, NULL),
(123, NULL, 'Site is CLose', 'Website Maintenance', 123, '2021-06-15', NULL, 5, 402, 75, '2021-05-16 15:32:23', 1, 150.00, 0, 0, 'e2189202977f680e58416d2cf17d2382', 0, NULL, 0, NULL, NULL, NULL, NULL, NULL, NULL),
(125, NULL, '', 'Website Maintenance', 15, '2021-11-15', '2021-12-14', 2, 404, 75, '2021-05-17 07:15:50', 0, 75.00, 0, 1, 'a061b846302afdb74488c59dd12c160e', 0, NULL, 0, NULL, NULL, NULL, NULL, NULL, NULL),
(126, NULL, '', 'Website Maintenance', 69, '2021-05-01', '2022-04-30', 1, 405, 75, '2021-05-17 07:24:15', 0, 1200.00, 0, 0, 'fb8c1927aed94b338c7763269319c653', 0, NULL, 0, NULL, NULL, NULL, NULL, NULL, NULL),
(127, NULL, '', 'Website Maintenance', 16, '2021-11-15', '2021-12-14', 2, 407, 75, '2021-05-17 08:09:54', 0, 75.00, 0, 1, '84c979291ffe91f2533e873602b0ec6f', 0, NULL, 0, NULL, NULL, NULL, NULL, NULL, NULL),
(128, NULL, 'Site is CLose', 'Website Maintenance', 3, '2021-06-15', NULL, 5, 408, 75, '2021-05-17 08:18:25', 1, 50.00, 0, 1, '06df70c4924a32b3db024cd4e1f41755', 0, NULL, 0, NULL, NULL, NULL, NULL, NULL, NULL),
(129, NULL, '', 'Website Maintenance', 8, '2021-12-01', '2021-12-31', 2, 332, 75, '2021-05-17 08:30:56', 0, 100.00, 0, 1, '7717bb85fe3d5c117f6dc74b83968c65', 0, NULL, 0, NULL, NULL, NULL, NULL, NULL, NULL),
(130, NULL, '', 'Website Maintenance', 54, '2021-11-15', '2021-12-14', 5, 409, 75, '2021-05-17 08:39:53', 0, 200.00, 0, 1, '6b2b79046e5d26e37178ff676df54fa6', 0, NULL, 0, NULL, NULL, NULL, NULL, NULL, NULL),
(131, NULL, '', 'Website Maintenance', 119, '2021-11-15', NULL, 5, 410, 75, '2021-05-17 08:58:26', 0, 150.00, 0, 1, '4dc1602104635def73ca14157eb54f89', 0, NULL, 0, NULL, NULL, NULL, NULL, NULL, NULL),
(132, NULL, 'Monthly', 'Website Maintenance', 25, '2021-07-15', NULL, 5, 411, 75, '2021-05-17 09:31:12', 0, 150.00, 0, 1, 'c6eb5ef08da4ba35ef0642cd7d02a285', 0, NULL, 0, NULL, NULL, NULL, NULL, NULL, NULL),
(133, NULL, '', 'Website Maintenance', 141, '2021-11-15', '2021-12-14', 2, 413, 75, '2021-05-17 09:44:43', 0, 250.00, 0, 1, '7d48678276b832df55c0c8d8781d6ca3', 0, NULL, 0, NULL, NULL, NULL, NULL, NULL, NULL),
(134, NULL, 'SEO Package Monthly.', 'SEO', 303, '2021-11-20', '2021-12-19', 2, 419, 75, '2021-05-18 09:21:38', 0, 250.00, 0, 1, '67078987ec1dae0dcc2d87f5bdfc718d', 0, NULL, 0, NULL, NULL, NULL, NULL, NULL, NULL),
(135, NULL, 'Cash Payment.', 'SEO(Cash)', 151, '2021-09-01', NULL, 2, 403, 75, '2021-05-19 13:11:52', 1, 500.00, 0, 1, '8e460cbcc76583fb2bb26ed14ea2f982', 0, NULL, 0, NULL, NULL, NULL, NULL, NULL, NULL),
(136, NULL, '', 'SEO', 285, '2021-11-25', '2021-12-24', 2, 428, 75, '2021-05-20 07:01:39', 0, 250.00, 0, 1, '10e6a57f718caf979e4e917abdefe955', 0, NULL, 0, NULL, NULL, NULL, NULL, NULL, NULL),
(137, NULL, '', 'SEO', 284, '2021-11-25', '2021-12-24', 2, 429, 75, '2021-05-20 07:42:14', 0, 500.00, 0, 1, 'f549ee9439c0e4eb5310e3f975eb2916', 0, NULL, 0, NULL, NULL, NULL, NULL, NULL, NULL),
(138, NULL, '', 'SEO', 273, '2021-11-25', '2021-12-24', 2, 431, 75, '2021-05-20 12:27:05', 0, 250.00, 0, 1, '2c78027a8b6d13cc5d56db19769f4c36', 0, NULL, 0, NULL, NULL, NULL, NULL, NULL, NULL),
(139, NULL, 'SEO Package Half Yearly.', 'SEO', 271, '2021-09-01', '2022-03-01', 4, 432, 75, '2021-05-20 12:36:30', 0, 250.00, 0, 1, '81b634e29e3698742ea32397ea66578e', 0, NULL, 0, NULL, NULL, NULL, NULL, NULL, NULL),
(140, NULL, '', 'SEO', 269, '2021-11-10', '2021-12-09', 2, 434, 75, '2021-05-20 12:47:36', 1, 250.00, 0, 1, 'c6e1de135e794d18393db41617c26062', 0, NULL, 0, NULL, NULL, NULL, NULL, NULL, NULL),
(141, NULL, '', 'SEO', 283, '2021-11-25', '2021-12-24', 2, 435, 75, '2021-05-20 13:01:53', 0, 333.33, 0, 1, '3614751c4af40d65741b8bf63de3b471', 0, NULL, 0, NULL, NULL, NULL, NULL, NULL, NULL),
(142, NULL, '', 'SEO', 283, '2021-11-25', '2021-12-24', 2, 436, 75, '2021-05-20 13:06:06', 0, 333.33, 0, 1, '40e0a75471b86fd81dff2317767d7d02', 0, NULL, 0, NULL, NULL, NULL, NULL, NULL, NULL),
(143, NULL, '', 'SEO', 283, '2021-11-25', '2021-12-24', 2, 437, 75, '2021-05-20 13:09:03', 0, 333.33, 0, 1, 'da17e7fb0442558fbd511b64c77e060c', 0, NULL, 0, NULL, NULL, NULL, NULL, NULL, NULL),
(144, NULL, '', 'SEO', 282, '2021-05-20', NULL, 2, 438, 75, '2021-05-20 13:45:20', 0, 250.00, 0, 1, 'da158382a88873b438f20b8a16c35d46', 0, NULL, 0, NULL, NULL, NULL, NULL, NULL, NULL),
(145, NULL, '', 'SEO', 217, '2021-05-20', NULL, 5, 439, 75, '2021-05-20 13:54:49', 0, 250.00, 0, 1, 'e579daabde44df13d136e1dba534475a', 0, NULL, 0, NULL, NULL, NULL, NULL, NULL, NULL),
(146, NULL, '', 'SEO', 238, '2021-11-24', '2022-01-24', 2, 440, 75, '2021-05-20 14:06:55', 0, 250.00, 0, 1, '64919add47bfe00eaa8c48e30fe28497', 0, NULL, 0, NULL, NULL, NULL, NULL, NULL, NULL),
(147, NULL, '', 'SEO', 257, '2021-11-25', '2021-12-24', 2, 426, 75, '2021-05-21 15:25:19', 0, 250.00, 0, 1, 'ecbeaa53bbada83ea42355283303c910', 0, NULL, 0, NULL, NULL, NULL, NULL, NULL, NULL),
(148, NULL, '', 'SEO', 230, '2021-11-25', '2021-12-24', 2, 452, 75, '2021-05-24 12:54:48', 0, 1500.00, 0, 1, '70d739b9865bd7e477ecf7d49dc9f56f', 0, NULL, 0, NULL, NULL, NULL, NULL, NULL, NULL),
(149, NULL, '', 'SEO', 305, '2021-12-01', '2021-12-31', 2, 456, 75, '2021-05-25 11:22:46', 0, 1000.00, 0, 1, '1d32bc88dbadc9d638d5fbac080f25d5', 0, NULL, 0, NULL, NULL, NULL, NULL, NULL, NULL),
(151, NULL, '', 'SEO', 306, '2021-11-20', '2021-12-19', 2, 470, 75, '2021-05-27 15:12:14', 0, 250.00, 0, 1, 'c9e4af9af77dbfc1618ec862be3d1ea9', 0, NULL, 0, NULL, NULL, NULL, NULL, NULL, NULL),
(152, NULL, 'Paid for a year.', 'SEO(Cash)', 308, '2021-08-16', '2022-07-14', 1, 493, 75, '2021-06-10 12:23:02', 0, 5000.00, 0, 1, '05374d58e60289cc4d187fcbb2e8ab48', 0, NULL, 0, NULL, NULL, NULL, NULL, NULL, NULL),
(153, NULL, 'Paid for a year 3000GBP.', 'SEO(Cash)', 307, '2021-07-23', '2022-06-22', 1, 492, 75, '2021-06-10 12:26:01', 0, 250.00, 0, 1, '9af53eced6afbce14b105ff5b9ccacd1', 0, NULL, 0, NULL, NULL, NULL, NULL, NULL, NULL),
(154, NULL, '', 'SEO', 228, '2021-11-25', '2021-12-24', 2, 494, 75, '2021-06-18 13:04:13', 0, 250.00, 0, 1, '1f36b3877735e355ee07f98e77ee46bc', 0, NULL, 0, NULL, NULL, NULL, NULL, NULL, NULL),
(155, NULL, 'SEO Package Monthly', 'SEO', 315, '2021-11-15', '2021-12-14', 2, 514, 75, '2021-06-28 07:54:01', 0, 500.00, 0, 1, 'a59ad61afed47b25f7b653830c83df6e', 0, NULL, 0, NULL, NULL, NULL, NULL, NULL, NULL),
(156, NULL, 'SEO PAckage Monthly.', 'SEO', 314, '2021-12-05', '2022-01-04', 2, 515, 75, '2021-07-05 13:05:17', 0, 250.00, 0, 1, '2412fdfdce456be1110c3d885acfafd4', 0, NULL, 0, NULL, NULL, NULL, NULL, NULL, NULL),
(157, NULL, '', 'SEO', 313, '2021-12-05', '2022-01-04', 2, 512, 75, '2021-07-05 13:06:58', 0, 500.00, 0, 1, 'be1318fcc917a6d705d15410bdb42aec', 0, NULL, 0, NULL, NULL, NULL, NULL, NULL, NULL),
(158, NULL, '', 'SEO', 312, '2021-12-05', '2022-01-04', 2, 516, 75, '2021-07-05 13:09:24', 0, 250.00, 0, 1, 'ca0cfe4f059982c2a0877251275338c9', 0, NULL, 0, NULL, NULL, NULL, NULL, NULL, NULL),
(159, NULL, '', 'SEO', 310, '2021-11-15', '2021-12-14', 2, 518, 75, '2021-07-05 13:10:49', 0, 250.00, 0, 1, '6b230ee819f01a28e1eaea5166c20950', 0, NULL, 0, NULL, NULL, NULL, NULL, NULL, NULL),
(160, NULL, 'SEO Package Monthly', 'SEO(Cash)', 151, '2021-09-01', NULL, 2, 521, 75, '2021-07-06 14:49:08', 1, 500.00, 0, 1, '126adecb22170e891af4d5d7e1795d28', 0, NULL, 0, NULL, NULL, NULL, NULL, NULL, NULL),
(161, NULL, '', 'SEO(Cash)', 319, '2021-09-20', NULL, 2, 537, 75, '2021-07-15 09:24:32', 1, 500.00, 0, 1, '2032a26bbdd97100720c4ad68b7fdce9', 0, NULL, 0, NULL, NULL, NULL, NULL, NULL, NULL),
(162, NULL, 'Paid for a year 7200 GBP.', 'SEO(Cash)', 320, '2021-07-23', '2022-08-11', 1, 541, 75, '2021-07-16 08:10:08', 0, 500.00, 0, 1, '26e4987d09cf4eef85f9017185af4a21', 0, NULL, 0, NULL, NULL, NULL, NULL, NULL, NULL),
(163, NULL, 'SEO Paid for a year 7200 GBP.', 'SEO(Cash)', 321, '2021-07-23', '2022-06-21', 1, 542, 75, '2021-07-16 08:12:31', 0, 500.00, 0, 1, 'cb3f4fb78333404303101bf4b8121405', 0, NULL, 0, NULL, NULL, NULL, NULL, NULL, NULL),
(164, NULL, '', 'SEO', 297, '2021-07-16', NULL, 2, 543, 75, '2021-07-16 09:00:29', 0, 250.00, 0, 0, '1662a66929f805b524b1729ee75ef95c', 0, NULL, 0, NULL, NULL, NULL, NULL, NULL, NULL),
(165, NULL, '', 'SEO', 309, '2021-11-20', '2021-12-19', 2, 517, 75, '2021-07-21 13:29:28', 0, 500.00, 0, 1, 'd760991492e6715b51d432d303f83bd6', 0, NULL, 0, NULL, NULL, NULL, NULL, NULL, NULL),
(166, NULL, '', 'SEO', 219, '2021-11-25', '2021-12-24', 2, 498, 75, '2021-07-21 13:52:42', 0, 250.00, 0, 1, '6b9b6fcfe631ad11d630e8d28626e2b2', 0, NULL, 0, NULL, NULL, NULL, NULL, NULL, NULL),
(167, NULL, 'Cash Client', 'SEO(Cash)', 304, '2021-08-01', NULL, 2, 519, 75, '2021-07-21 14:39:44', 1, 250.00, 0, 1, '8d34f046a7f5b6a6d86c1b4720ed457c', 0, NULL, 0, NULL, NULL, NULL, NULL, NULL, NULL),
(168, NULL, '', 'Website Maintenance', 254, '2021-11-10', '2021-12-09', 2, 388, 75, '2021-07-21 15:24:59', 1, 100.00, 0, 1, '4e8196273f9638e20a0a028fa5e0f6b3', 0, NULL, 0, NULL, NULL, NULL, NULL, NULL, NULL),
(169, NULL, '', 'SEO(Cash)', 311, '2021-07-22', NULL, 2, 563, 75, '2021-07-22 15:24:57', 0, 250.00, 0, 1, '22e9f08b75dd54dfb9f3f3577e557842', 0, NULL, 0, NULL, NULL, NULL, NULL, NULL, NULL),
(170, NULL, 'Received 2000 GBP\r\nRemaining : 4000 GBP', 'SEO(Cash)', 323, '2021-07-30', NULL, 1, 554, 75, '2021-07-30 11:46:01', 0, 6000.00, 0, 1, 'b169bdbba2211a9fc340a898ced2b3e6', 0, NULL, 0, NULL, NULL, NULL, NULL, NULL, NULL),
(171, NULL, '', 'SEO', 325, '2021-11-20', '2021-12-19', 2, 576, 75, '2021-07-30 11:47:44', 0, 200.00, 0, 1, '48e655777044b26d06eb3dcc8130b79f', 0, NULL, 0, NULL, NULL, NULL, NULL, NULL, NULL),
(172, NULL, '', 'SEO', 317, '2021-08-06', NULL, 2, 584, 75, '2021-08-06 12:00:54', 0, 250.00, 0, 1, '98caf134805f26af1642b1a67772c756', 0, NULL, 0, NULL, NULL, NULL, NULL, NULL, NULL),
(173, NULL, '', 'SEO', 327, '2021-10-24', '2022-03-23', 2, 582, 75, '2021-08-06 12:04:27', 0, 300.00, 0, 1, 'ddbb3802120c243c79792e1194e27243', 0, NULL, 0, NULL, NULL, NULL, NULL, NULL, NULL),
(174, NULL, 'Total Cost : 12000+VAT\r\nPaid : 6000+VAT\r\nRemaining after analyzing the performance.', 'SEO', 326, '2021-08-06', '2022-07-31', 1, 580, 75, '2021-08-06 12:08:15', 0, 6000.00, 0, 1, '7f7891a50fe7560ea26da261bf5d3f64', 0, NULL, 0, NULL, NULL, NULL, NULL, NULL, NULL),
(175, NULL, 'Cash Client', 'SEO(Cash)', 324, '2021-08-06', NULL, 2, 588, 75, '2021-08-06 12:10:55', 0, 250.00, 0, 0, '4685408c8a0f81bc5843f4b3f1fa7d77', 0, NULL, 0, NULL, NULL, NULL, NULL, NULL, NULL),
(176, NULL, '', 'SEO', 322, '2021-11-15', '2021-12-14', 2, 548, 75, '2021-08-06 12:16:54', 0, 350.00, 0, 1, 'f9901f685dc60fea6303be605d5666e0', 0, NULL, 0, NULL, NULL, NULL, NULL, NULL, NULL),
(177, NULL, 'SEO is for 4 locations', 'SEO', 256, '2021-11-10', '2021-12-09', 2, 361, 75, '2021-08-11 09:53:57', 1, 280.00, 0, 1, 'ad9d034cf2739b4f9450e8a60830561e', 0, NULL, 0, NULL, NULL, NULL, NULL, NULL, NULL),
(178, NULL, '', 'SEO', 329, '2021-12-01', '2021-12-31', 2, 618, 75, '2021-08-19 08:35:14', 0, 250.00, 0, 1, 'e4f13c358cc6428cc20229c8a00b5582', 0, NULL, 0, NULL, NULL, NULL, NULL, NULL, NULL),
(180, NULL, '', 'SEO', 318, '2021-11-05', NULL, 2, 624, 75, '2021-08-24 09:22:15', 1, 250.00, 0, 1, '803b6836417e13b1102884fcc8dc2e8e', 0, NULL, 0, NULL, NULL, NULL, NULL, NULL, NULL),
(181, NULL, '', 'SEO', 334, '2021-08-31', NULL, 2, 630, 75, '2021-08-31 09:40:36', 0, 250.00, 0, 0, 'c1d07f4eb47722c2ce1e6f09e358a187', 0, NULL, 0, NULL, NULL, NULL, NULL, NULL, NULL),
(182, NULL, '', 'SEO', 335, '2021-08-31', NULL, 2, 631, 75, '2021-08-31 09:46:34', 0, 200.00, 0, 1, 'cfe6395b8423edbfc5c0f2b4c04a0b49', 0, NULL, 0, NULL, NULL, NULL, NULL, NULL, NULL),
(183, NULL, '', 'SEO', 330, '2021-08-31', NULL, 2, 627, 75, '2021-08-31 09:52:15', 0, 200.00, 0, 1, '8d3dc21cbbc654b8ae81d34840666dd0', 0, NULL, 0, NULL, NULL, NULL, NULL, NULL, NULL),
(184, NULL, 'SEO Package Half Yearly.', 'SEO', 271, '2021-09-01', '2022-02-28', 4, 433, 75, '2021-09-07 13:43:58', 0, 250.00, 0, 0, '234b0706c7bc7dff95ae292c982c9989', 0, NULL, 0, NULL, NULL, NULL, NULL, NULL, NULL),
(185, NULL, 'Website Maintenance', 'Website Maintenance', 277, '2021-11-15', '2021-12-14', 2, 637, 75, '2021-09-07 15:27:42', 0, 75.00, 0, 1, '1d405e55a2c6d54f095b4a5a95952475', 0, NULL, 0, NULL, NULL, NULL, NULL, NULL, NULL),
(186, NULL, '', 'SEO', 277, '2021-09-07', NULL, 2, 638, 75, '2021-09-07 15:28:47', 0, 500.00, 0, 1, 'd397de5d24c22f38fe2e07072620198a', 0, NULL, 0, NULL, NULL, NULL, NULL, NULL, NULL),
(187, NULL, '', 'SEO', 338, '2021-09-13', NULL, 2, 644, 75, '2021-09-13 12:57:17', 0, 500.00, 0, 1, '819a4216476d6f8b106d52f9f0822154', 0, NULL, 0, NULL, NULL, NULL, NULL, NULL, NULL),
(188, NULL, '', 'SEO', 337, '2021-09-13', NULL, 2, 639, 75, '2021-09-13 13:01:22', 0, 250.00, 0, 1, 'd6c33ca4a3da7561aac2ff52e54dfff6', 0, NULL, 0, NULL, NULL, NULL, NULL, NULL, NULL),
(189, NULL, '', 'SEO', 337, '2021-09-13', NULL, 2, 640, 75, '2021-09-13 13:03:01', 0, 250.00, 0, 1, 'a3727ed30ddf99c85fb101f887ccb76b', 0, NULL, 0, NULL, NULL, NULL, NULL, NULL, NULL),
(191, NULL, '', 'SEO', 302, '2021-09-14', NULL, 2, 461, 75, '2021-09-14 12:13:02', 0, 600.00, 0, 1, '2ce0dd40e3b2150341c3b188cfb2bcb1', 0, NULL, 0, NULL, NULL, NULL, NULL, NULL, NULL),
(192, NULL, '', 'SEO', 341, '2021-09-17', NULL, 2, 654, 75, '2021-09-17 13:17:46', 0, 300.00, 0, 1, '5a134e902b2f8cab5c891ba9d836a878', 0, NULL, 0, NULL, NULL, NULL, NULL, NULL, NULL),
(193, NULL, '', 'SEO', 339, '2021-09-18', NULL, 2, 651, 75, '2021-09-18 08:26:47', 0, 500.00, 0, 1, 'bb263795b098fc08cea8aceb846d6e1f', 0, NULL, 0, NULL, NULL, NULL, NULL, NULL, NULL),
(194, NULL, '', 'SEO', 340, '2021-09-18', NULL, 2, 650, 75, '2021-09-18 08:33:12', 0, 250.00, 0, 1, '5547ceb159b7ff24696e27b08b9e8abe', 0, NULL, 0, NULL, NULL, NULL, NULL, NULL, NULL),
(195, NULL, '', 'SEO', 343, '2021-09-24', NULL, 2, 660, 75, '2021-09-24 08:03:06', 0, 200.00, 0, 1, 'a4821a1a541ff8b1b0b633d82eeee250', 0, NULL, 0, NULL, NULL, NULL, NULL, NULL, NULL),
(196, NULL, '', 'SEO', 344, '2021-09-27', NULL, 2, 661, 75, '2021-09-27 09:11:55', 0, 500.00, 0, 1, 'a1af39a079beb7c85383eff57f0b366d', 0, NULL, 0, NULL, NULL, NULL, NULL, NULL, NULL),
(197, NULL, '', 'SEO(Cash)', 133, '2021-10-07', NULL, 1, 446, 75, '2021-10-07 13:36:40', 0, 4000.00, 0, 1, '6448ce6f14289d7181000feb24cd2a7c', 0, NULL, 0, NULL, NULL, NULL, NULL, NULL, NULL),
(198, NULL, 'SEO Package Monthly', 'SEO', 345, '2021-12-01', '2021-12-31', 2, 634, 75, '2021-10-07 14:32:56', 0, 2500.00, 0, 1, '00b74c6eef30445c5408c48517f171ff', 0, NULL, 0, NULL, NULL, NULL, NULL, NULL, NULL),
(199, NULL, '', 'SEO', 164, '2021-10-07', NULL, 2, 667, 75, '2021-10-07 14:48:57', 0, 750.00, 0, 1, 'ecc0e5feaeedb7b21c5be7729584c4dd', 0, NULL, 0, NULL, NULL, NULL, NULL, NULL, NULL),
(200, NULL, '', 'SEO', 225, '2021-12-01', '2021-12-31', 2, 669, 75, '2021-10-19 12:29:26', 0, 250.00, 0, 1, '0f69c73bbc379c359b7344ee1748ef22', 0, NULL, 0, NULL, NULL, NULL, NULL, NULL, NULL),
(201, NULL, '', 'SEO', 347, '2021-10-19', NULL, 2, 675, 75, '2021-10-19 12:31:05', 0, 250.00, 0, 1, 'da5225ae21b24d5d577ae4f54101d37f', 0, NULL, 0, NULL, NULL, NULL, NULL, NULL, NULL),
(202, NULL, '', 'SEO', 348, '2021-11-11', NULL, 2, 678, 75, '2021-11-11 10:45:45', 0, 200.00, 0, 1, '140d7f9fa6bc1f3aded56d715d4830c0', 0, NULL, 0, NULL, NULL, NULL, NULL, NULL, NULL),
(203, NULL, '', 'SEO', 336, '2021-11-24', NULL, 2, 681, 75, '2021-11-24 11:23:16', 0, 250.00, 0, 1, 'c049dc68bd86b512ac658de48de31620', 0, NULL, 0, NULL, NULL, NULL, NULL, NULL, NULL),
(204, NULL, '', 'SEO', 249, '2021-11-24', NULL, 2, 0, 75, '2021-11-24 11:25:08', 0, 250.00, 0, 1, 'a057e2c04cb88ccf6313fc647590b1ab', 0, NULL, 0, NULL, NULL, NULL, NULL, NULL, NULL),
(205, NULL, '', 'SEO', 350, '2021-11-24', NULL, 2, 0, 75, '2021-11-24 11:26:16', 0, 2000.00, 0, 1, '0f4aaa2c6088421e2b535e479deb7f59', 0, NULL, 0, NULL, NULL, NULL, NULL, NULL, NULL),
(206, NULL, '', 'SEO', 352, '2021-12-01', NULL, 2, 0, 75, '2021-12-01 09:54:36', 0, 250.00, 0, 1, '8d54b981f4f6d144f8bc846669068482', 0, NULL, 0, NULL, NULL, NULL, NULL, NULL, NULL);

-- --------------------------------------------------------

--
-- Table structure for table `tblcontracts_types`
--

CREATE TABLE IF NOT EXISTS `tblcontracts_types` (
  `id` int(11) NOT NULL AUTO_INCREMENT,
  `name` mediumtext NOT NULL,
  PRIMARY KEY (`id`)
) ENGINE=InnoDB AUTO_INCREMENT=6 DEFAULT CHARSET=utf8;

--
-- Dumping data for table `tblcontracts_types`
--

INSERT INTO `tblcontracts_types` (`id`, `name`) VALUES
(1, 'Yearly'),
(2, 'Monthly'),
(3, 'Quarterly'),
(4, 'Half Yearly'),
(5, 'Site Closed');

-- --------------------------------------------------------

--
-- Table structure for table `tblcontract_comments`
--

CREATE TABLE IF NOT EXISTS `tblcontract_comments` (
  `id` int(11) NOT NULL AUTO_INCREMENT,
  `content` mediumtext DEFAULT NULL,
  `contract_id` int(11) NOT NULL,
  `staffid` int(11) NOT NULL,
  `dateadded` datetime NOT NULL,
  PRIMARY KEY (`id`)
) ENGINE=InnoDB DEFAULT CHARSET=utf8;

-- --------------------------------------------------------

--
-- Table structure for table `tblcontract_renewals`
--

CREATE TABLE IF NOT EXISTS `tblcontract_renewals` (
  `id` int(11) NOT NULL AUTO_INCREMENT,
  `contractid` int(11) NOT NULL,
  `old_start_date` date NOT NULL,
  `new_start_date` date NOT NULL,
  `old_end_date` date DEFAULT NULL,
  `new_end_date` date DEFAULT NULL,
  `old_value` decimal(15,2) DEFAULT NULL,
  `new_value` decimal(15,2) DEFAULT NULL,
  `date_renewed` datetime NOT NULL,
  `renewed_by` varchar(100) NOT NULL,
  `renewed_by_staff_id` int(11) NOT NULL DEFAULT 0,
  `is_on_old_expiry_notified` int(11) DEFAULT 0,
  PRIMARY KEY (`id`)
) ENGINE=InnoDB AUTO_INCREMENT=840 DEFAULT CHARSET=utf8;

--
-- Dumping data for table `tblcontract_renewals`
--

INSERT INTO `tblcontract_renewals` (`id`, `contractid`, `old_start_date`, `new_start_date`, `old_end_date`, `new_end_date`, `old_value`, `new_value`, `date_renewed`, `renewed_by`, `renewed_by_staff_id`, `is_on_old_expiry_notified`) VALUES
(1, 65, '2021-03-10', '2021-04-10', '2021-04-09', '2021-05-09', 200.00, 200.00, '2021-04-12 12:10:48', 'Satyakshi Negi', 75, 0),
(2, 72, '2021-03-12', '2021-04-10', '2021-04-09', '2021-05-10', 500.00, 500.00, '2021-04-12 12:12:59', 'Satyakshi Negi', 75, 0),
(3, 73, '2021-03-10', '2021-04-10', '2021-04-09', '2021-05-10', 500.00, 500.00, '2021-04-12 12:13:40', 'Satyakshi Negi', 75, 0),
(5, 66, '2021-03-12', '2021-04-12', '2021-04-11', '2021-05-12', 250.00, 250.00, '2021-04-12 14:51:39', 'Satyakshi Negi', 75, 1),
(6, 68, '2021-03-12', '2021-04-12', '2021-04-11', '2021-05-12', 250.00, 250.00, '2021-04-12 14:52:15', 'Satyakshi Negi', 75, 1),
(7, 67, '2021-03-12', '2021-04-12', '2021-04-11', '2021-05-12', 250.00, 250.00, '2021-04-12 14:52:58', 'Satyakshi Negi', 75, 1),
(9, 5, '2021-03-15', '2021-04-15', '2021-04-14', '2021-05-14', 500.00, 500.00, '2021-04-16 13:17:16', 'Satyakshi Negi', 75, 1),
(10, 6, '2021-03-15', '2021-04-15', '2021-04-14', '2021-05-14', 300.00, 300.00, '2021-04-16 13:18:38', 'Satyakshi Negi', 75, 1),
(11, 7, '2021-03-15', '2021-04-15', '2021-04-14', '2021-05-15', 500.00, 500.00, '2021-04-16 13:19:28', 'Satyakshi Negi', 75, 1),
(12, 9, '2021-03-15', '2021-04-15', '2021-04-14', '2021-05-14', 1000.00, 1000.00, '2021-04-16 13:21:03', 'Satyakshi Negi', 75, 1),
(13, 12, '2021-03-15', '2021-04-15', '2021-04-14', '2021-05-14', 500.00, 500.00, '2021-04-16 13:22:53', 'Satyakshi Negi', 75, 1),
(14, 14, '2021-03-15', '2021-04-15', '2021-04-14', '2021-05-14', 5000.00, 5000.00, '2021-04-16 13:24:44', 'Satyakshi Negi', 75, 1),
(16, 16, '2021-03-15', '2021-04-15', '2021-04-14', '2021-05-14', 5000.00, 5000.00, '2021-04-16 13:28:57', 'Satyakshi Negi', 75, 1),
(17, 17, '2021-03-15', '2021-04-15', '2021-04-14', '2021-05-14', 5000.00, 5000.00, '2021-04-16 13:30:53', 'Satyakshi Negi', 75, 1),
(18, 19, '2021-03-15', '2021-04-15', '2021-04-14', '2021-05-14', 400.00, 400.00, '2021-04-16 13:31:34', 'Satyakshi Negi', 75, 1),
(19, 20, '2021-03-15', '2021-04-15', '2021-04-14', '2021-05-14', 250.00, 250.00, '2021-04-16 13:32:22', 'Satyakshi Negi', 75, 1),
(20, 22, '2021-03-15', '2021-04-15', '2021-04-14', '2021-05-14', 500.00, 500.00, '2021-04-16 13:33:01', 'Satyakshi Negi', 75, 1),
(21, 24, '2021-03-15', '2021-04-15', '2021-04-14', '2021-05-14', 250.00, 250.00, '2021-04-16 13:34:03', 'Satyakshi Negi', 75, 1),
(22, 25, '2021-03-15', '2021-04-15', '2021-04-14', '2021-05-14', 250.00, 250.00, '2021-04-16 13:34:31', 'Satyakshi Negi', 75, 1),
(24, 28, '2021-03-17', '2021-04-16', '2021-04-14', NULL, 1000.00, 1000.00, '2021-04-16 13:36:51', 'Satyakshi Negi', 75, 1),
(25, 30, '2021-03-15', '2021-04-15', '2021-04-14', '2021-05-14', 300.00, 300.00, '2021-04-16 13:37:34', 'Satyakshi Negi', 75, 1),
(26, 31, '2021-03-15', '2021-04-15', '2021-04-14', '2021-05-14', 200.00, 200.00, '2021-04-16 13:38:13', 'Satyakshi Negi', 75, 1),
(27, 33, '2021-03-15', '2021-04-15', '2021-04-14', '2021-05-14', 500.00, 500.00, '2021-04-16 13:39:44', 'Satyakshi Negi', 75, 1),
(28, 34, '2021-03-15', '2021-04-15', '2021-04-14', '2021-05-14', 100.00, 100.00, '2021-04-16 13:40:28', 'Satyakshi Negi', 75, 1),
(29, 37, '2021-04-15', '2021-04-15', '2021-04-14', '2021-05-14', 150.00, 150.00, '2021-04-16 13:41:08', 'Satyakshi Negi', 75, 1),
(30, 39, '2021-03-15', '2021-04-15', '2021-04-14', '2021-05-14', 500.00, 500.00, '2021-04-16 13:41:51', 'Satyakshi Negi', 75, 1),
(31, 42, '2021-03-15', '2021-04-15', '2021-04-14', '2021-05-14', 500.00, 500.00, '2021-04-16 13:45:13', 'Satyakshi Negi', 75, 1),
(32, 44, '2021-03-15', '2021-04-15', '2021-04-14', '2021-05-14', 220.00, 220.00, '2021-04-16 13:46:01', 'Satyakshi Negi', 75, 1),
(33, 50, '2021-03-15', '2021-04-15', '2021-04-14', '2021-05-14', 400.00, 400.00, '2021-04-16 13:46:53', 'Satyakshi Negi', 75, 1),
(34, 56, '2021-03-15', '2021-04-15', '2021-04-14', '2021-05-14', 100.00, 100.00, '2021-04-16 13:49:13', 'Satyakshi Negi', 75, 1),
(35, 60, '2021-03-15', '2021-04-15', '2021-04-14', '2021-05-14', 250.00, 250.00, '2021-04-16 13:50:48', 'Satyakshi Negi', 75, 1),
(36, 61, '2021-03-15', '2021-04-15', '2021-04-14', '2021-05-14', 250.00, 250.00, '2021-04-16 13:51:17', 'Satyakshi Negi', 75, 1),
(37, 62, '2021-03-15', '2021-04-15', '2021-04-14', '2021-05-14', 250.00, 250.00, '2021-04-16 13:52:06', 'Satyakshi Negi', 75, 1),
(38, 63, '2021-03-15', '2021-04-15', '2021-04-14', '2021-05-14', 250.00, 250.00, '2021-04-16 13:52:58', 'Satyakshi Negi', 75, 1),
(40, 71, '2021-03-16', '2021-04-15', '2021-04-14', '2021-05-14', 250.00, 250.00, '2021-04-16 13:56:02', 'Satyakshi Negi', 75, 1),
(41, 74, '2021-03-15', '2021-04-15', '2021-04-14', '2021-05-14', 250.00, 250.00, '2021-04-16 13:57:20', 'Satyakshi Negi', 75, 1),
(42, 75, '2021-03-15', '2021-04-15', '2021-04-14', '2021-05-14', 250.00, 250.00, '2021-04-16 13:57:54', 'Satyakshi Negi', 75, 1),
(43, 76, '2021-03-15', '2021-04-15', '2021-04-14', '2021-05-14', 200.00, 200.00, '2021-04-16 13:58:33', 'Satyakshi Negi', 75, 1),
(44, 78, '2021-03-15', '2021-04-15', '2021-04-14', '2021-05-14', 1500.00, 1500.00, '2021-04-16 13:59:11', 'Satyakshi Negi', 75, 1),
(45, 84, '2021-03-15', '2021-04-15', '2021-04-14', '2021-05-14', 500.00, 500.00, '2021-04-16 13:59:43', 'Satyakshi Negi', 75, 1),
(46, 81, '2021-03-16', '2021-04-15', '2021-04-14', '2021-05-14', 250.00, 250.00, '2021-04-16 14:00:18', 'Satyakshi Negi', 75, 1),
(47, 83, '2021-03-15', '2021-04-15', '2021-04-14', '2021-05-14', 250.00, 250.00, '2021-04-16 14:00:51', 'Satyakshi Negi', 75, 1),
(48, 57, '2021-03-23', '2021-04-23', '2021-04-19', '2021-05-23', 250.00, 250.00, '2021-04-26 12:31:09', 'Satyakshi Negi', 75, 1),
(49, 69, '2021-03-19', '2021-04-19', '2021-04-19', '2021-05-19', 250.00, 250.00, '2021-04-26 12:33:44', 'Satyakshi Negi', 75, 1),
(50, 97, '2021-02-16', '2021-03-16', '2021-03-15', '2021-04-15', 250.00, 250.00, '2021-04-28 17:18:28', 'Shiva Nand', 1, 0),
(53, 64, '2021-03-01', '2021-04-01', '2021-03-31', '2021-04-30', 250.00, 250.00, '2021-04-29 17:12:55', 'Shiva Nand', 1, 1),
(54, 47, '2020-09-01', '2020-10-01', '2020-09-30', '2020-10-31', 250.00, 250.00, '2021-04-29 19:05:43', 'Shiva Nand', 1, 0),
(55, 47, '2020-10-01', '2020-11-01', '2020-10-31', '2020-11-30', 250.00, 250.00, '2021-04-29 19:06:30', 'Shiva Nand', 1, 0),
(56, 47, '2020-11-01', '2020-12-01', '2020-11-30', '2020-12-31', 250.00, 250.00, '2021-04-29 19:07:02', 'Shiva Nand', 1, 0),
(57, 47, '2020-12-01', '2021-01-01', '2020-12-31', '2021-01-31', 250.00, 250.00, '2021-04-29 19:07:51', 'Shiva Nand', 1, 0),
(58, 47, '2021-01-01', '2021-02-01', '2021-01-31', '2021-02-28', 250.00, 250.00, '2021-04-29 19:08:43', 'Shiva Nand', 1, 0),
(59, 47, '2021-02-01', '2021-03-01', '2021-02-28', '2021-03-31', 250.00, 250.00, '2021-04-29 19:09:22', 'Shiva Nand', 1, 0),
(60, 47, '2021-03-01', '2021-04-01', '2021-03-31', '2021-04-30', 250.00, 250.00, '2021-04-29 19:09:53', 'Shiva Nand', 1, 0),
(61, 99, '2021-03-01', '2021-04-01', '2021-03-31', '2021-04-30', 150.00, 150.00, '2021-04-30 05:50:41', 'Shiva Nand', 1, 0),
(62, 97, '2021-03-16', '2021-04-15', '2021-04-15', '2021-05-14', 250.00, 250.00, '2021-04-30 06:43:43', 'Satyakshi Negi', 75, 0),
(63, 97, '2021-04-05', '2021-05-05', '2021-05-04', '2021-06-04', 250.00, 250.00, '2021-05-06 13:47:07', 'Satyakshi Negi', 75, 0),
(64, 70, '2021-04-01', '2021-05-01', '2021-04-30', '2021-05-31', 250.00, 250.00, '2021-05-06 14:01:28', 'Satyakshi Negi', 75, 1),
(65, 53, '2021-04-02', '2021-05-01', '2021-05-01', '2021-05-31', 500.00, 500.00, '2021-05-06 14:08:16', 'Satyakshi Negi', 75, 1),
(66, 73, '2021-04-10', '2021-05-10', '2021-05-10', '2021-06-09', 500.00, 500.00, '2021-05-11 07:43:54', 'Satyakshi Negi', 75, 1),
(67, 68, '2021-04-12', '2021-05-12', '2021-05-12', '2021-06-11', 250.00, 250.00, '2021-05-14 06:58:00', 'Satyakshi Negi', 75, 1),
(68, 67, '2021-04-12', '2021-05-12', '2021-05-12', '2021-06-11', 250.00, 250.00, '2021-05-14 06:58:44', 'Satyakshi Negi', 75, 1),
(69, 66, '2021-04-12', '2021-05-12', '2021-05-11', '2021-06-11', 250.00, 250.00, '2021-05-14 06:59:37', 'Satyakshi Negi', 75, 1),
(70, 2, '2021-04-01', '2021-05-01', '2021-04-30', '2021-05-31', 250.00, 250.00, '2021-05-14 07:00:41', 'Satyakshi Negi', 75, 1),
(71, 65, '2021-04-10', '2021-05-10', '2021-05-09', '2021-06-09', 200.00, 200.00, '2021-05-14 15:38:25', 'Satyakshi Negi', 75, 1),
(72, 5, '2021-04-15', '2021-05-15', '2021-05-14', '2021-06-14', 500.00, 500.00, '2021-05-15 07:22:15', 'Satyakshi Negi', 75, 1),
(73, 12, '2021-04-15', '2021-05-15', '2021-05-14', '2021-06-14', 500.00, 500.00, '2021-05-15 08:02:35', 'Satyakshi Negi', 75, 1),
(74, 6, '2021-04-15', '2021-05-15', '2021-05-14', '2021-06-14', 300.00, 300.00, '2021-05-15 08:11:25', 'Satyakshi Negi', 75, 1),
(75, 7, '2021-04-15', '2021-05-15', '2021-05-15', '2021-06-14', 500.00, 500.00, '2021-05-15 08:18:01', 'Satyakshi Negi', 75, 1),
(76, 19, '2021-04-15', '2021-05-15', '2021-05-14', '2021-06-14', 400.00, 400.00, '2021-05-15 08:26:02', 'Satyakshi Negi', 75, 1),
(77, 9, '2021-04-15', '2021-05-15', '2021-05-14', '2021-06-14', 1000.00, 1000.00, '2021-05-15 08:37:01', 'Satyakshi Negi', 75, 1),
(78, 20, '2021-04-15', '2021-05-15', '2021-05-14', '2021-06-14', 250.00, 250.00, '2021-05-15 08:46:59', 'Satyakshi Negi', 75, 1),
(79, 22, '2021-04-15', '2021-05-15', '2021-05-14', '2021-06-14', 500.00, 500.00, '2021-05-15 08:54:27', 'Satyakshi Negi', 75, 1),
(80, 84, '2021-04-15', '2021-05-15', '2021-05-14', '2021-06-14', 500.00, 500.00, '2021-05-15 09:00:24', 'Satyakshi Negi', 75, 1),
(81, 110, '2021-04-15', '2021-05-15', '2021-05-14', '2021-06-14', 200.00, 200.00, '2021-05-17 08:52:34', 'Satyakshi Negi', 75, 1),
(82, 55, '2021-04-06', '2021-05-05', '2021-05-05', '2021-06-04', 300.00, 300.00, '2021-05-17 11:44:45', 'Satyakshi Negi', 75, 1),
(83, 54, '2021-04-02', '2021-05-12', '2021-04-30', '2021-10-11', 250.00, 250.00, '2021-05-17 12:10:03', 'Satyakshi Negi', 75, 1),
(84, 14, '2021-04-15', '2021-05-15', '2021-05-14', '2021-06-14', 1000.00, 1000.00, '2021-05-17 13:13:17', 'Satyakshi Negi', 75, 1),
(85, 16, '2021-04-15', '2021-05-15', '2021-05-14', '2021-06-14', 1000.00, 1000.00, '2021-05-17 13:27:17', 'Satyakshi Negi', 75, 1),
(86, 24, '2021-04-15', '2021-05-15', '2021-05-14', '2021-06-14', 250.00, 250.00, '2021-05-18 09:42:20', 'Satyakshi Negi', 75, 1),
(87, 40, '2021-04-01', '2021-05-01', '2021-04-30', '2021-05-31', 250.00, 250.00, '2021-05-18 10:18:08', 'Satyakshi Negi', 75, 1),
(88, 76, '2021-04-15', '2021-05-15', '2021-05-14', '2021-06-14', 200.00, 200.00, '2021-05-18 11:08:44', 'Satyakshi Negi', 75, 1),
(89, 75, '2021-04-15', '2021-05-15', '2021-05-14', '2021-06-14', 250.00, 250.00, '2021-05-18 11:22:56', 'Satyakshi Negi', 75, 1),
(90, 72, '2021-02-01', '2021-05-15', '2021-04-30', '2021-06-14', 500.00, 500.00, '2021-05-18 11:45:25', 'Satyakshi Negi', 75, 0),
(91, 86, '2021-04-15', '2021-05-15', '2021-05-01', '2021-06-14', 250.00, 150.00, '2021-05-18 12:32:30', 'Satyakshi Negi', 75, 1),
(92, 90, '2021-04-20', '2021-05-20', '2021-05-19', '2021-06-19', 250.00, 250.00, '2021-05-20 09:49:55', 'Satyakshi Negi', 75, 0),
(93, 45, '2021-04-01', '2021-05-15', '2021-04-30', '2021-06-14', 700.00, 700.00, '2021-05-20 11:27:40', 'Satyakshi Negi', 75, 1),
(94, 37, '2021-04-15', '2021-05-15', '2021-05-14', '2021-06-14', 150.00, 150.00, '2021-05-20 11:44:08', 'Satyakshi Negi', 75, 1),
(95, 46, '2021-04-05', '2021-05-05', '2021-05-04', '2021-06-04', 250.00, 250.00, '2021-05-20 15:06:05', 'Satyakshi Negi', 75, 1),
(96, 21, '2021-04-05', '2021-05-05', '2021-05-05', '2021-06-04', 500.00, 500.00, '2021-05-21 07:58:07', 'Satyakshi Negi', 75, 1),
(97, 51, '2021-04-01', '2021-05-01', '2021-04-30', '2021-05-31', 500.00, 500.00, '2021-05-21 08:06:35', 'Satyakshi Negi', 75, 1),
(98, 83, '2021-04-15', '2021-05-15', '2021-05-14', '2021-06-14', 250.00, 250.00, '2021-05-21 08:17:56', 'Satyakshi Negi', 75, 1),
(99, 82, '2021-04-01', '2021-05-01', '2021-04-30', '2021-05-31', 250.00, 250.00, '2021-05-21 14:10:00', 'Satyakshi Negi', 75, 1),
(100, 74, '2021-04-15', '2021-05-15', '2021-05-14', '2021-06-14', 250.00, 250.00, '2021-05-21 14:55:14', 'Satyakshi Negi', 75, 1),
(101, 69, '2021-04-19', '2021-05-20', '2021-05-19', '2021-06-19', 250.00, 250.00, '2021-05-21 15:00:46', 'Satyakshi Negi', 75, 1),
(102, 91, '2021-04-14', '2021-05-15', '2021-05-15', '2021-06-14', 250.00, 250.00, '2021-05-21 15:37:20', 'Satyakshi Negi', 75, 0),
(103, 62, '2021-04-15', '2021-05-15', '2021-05-14', '2021-06-14', 250.00, 250.00, '2021-05-22 17:01:55', 'Satyakshi Negi', 75, 1),
(104, 64, '2021-04-01', '2021-05-12', '2021-04-30', '2021-10-11', 250.00, 250.00, '2021-05-22 17:22:05', 'Satyakshi Negi', 75, 1),
(105, 44, '2021-04-15', '2021-05-15', '2021-05-14', '2021-06-14', 220.00, 220.00, '2021-05-23 15:10:00', 'Satyakshi Negi', 75, 1),
(106, 79, '2021-04-01', '2021-05-01', '2021-04-30', '2021-05-31', 1000.00, 1000.00, '2021-05-24 06:57:14', 'Satyakshi Negi', 75, 1),
(107, 48, '2021-04-05', '2021-05-05', '2021-05-04', '2021-06-04', 600.00, 600.00, '2021-05-24 07:03:35', 'Satyakshi Negi', 75, 1),
(108, 43, '2021-04-01', '2021-05-01', '2021-04-30', '2021-05-31', 250.00, 250.00, '2021-05-24 07:18:56', 'Satyakshi Negi', 75, 1),
(109, 42, '2021-04-15', '2021-05-15', '2021-05-14', '2021-06-14', 500.00, 500.00, '2021-05-24 07:42:47', 'Satyakshi Negi', 75, 1),
(110, 78, '2021-04-15', '2021-05-15', '2021-05-14', '2021-06-14', 1500.00, 1500.00, '2021-05-24 12:51:46', 'Satyakshi Negi', 75, 1),
(111, 32, '2021-04-01', '2021-05-01', '2021-04-30', '2021-05-31', 4000.00, 4000.00, '2021-05-24 13:37:11', 'Satyakshi Negi', 75, 1),
(112, 26, '2021-04-01', '2021-05-01', '2021-04-30', '2021-05-31', 2000.00, 2000.00, '2021-05-24 14:09:48', 'Satyakshi Negi', 75, 1),
(113, 33, '2021-04-15', '2021-05-15', '2021-05-14', '2021-06-14', 500.00, 500.00, '2021-05-25 14:24:17', 'Satyakshi Negi', 75, 1),
(114, 23, '2021-04-01', '2021-05-01', '2021-04-30', '2021-05-31', 500.00, 500.00, '2021-05-25 16:05:41', 'Satyakshi Negi', 75, 1),
(115, 41, '2021-04-01', '2021-05-01', '2021-04-30', '2021-05-31', 500.00, 500.00, '2021-05-25 16:18:00', 'Satyakshi Negi', 75, 1),
(116, 11, '2021-04-03', '2021-05-01', '2021-04-30', '2021-05-31', 1000.00, 1000.00, '2021-05-27 11:29:55', 'Satyakshi Negi', 75, 1),
(117, 56, '2021-04-15', '2021-05-15', '2021-05-14', '2021-06-14', 250.00, 250.00, '2021-05-27 13:18:07', 'Satyakshi Negi', 75, 1),
(118, 50, '2021-04-15', '2021-05-15', '2021-05-14', '2021-06-14', 400.00, 400.00, '2021-05-27 13:47:53', 'Satyakshi Negi', 75, 1),
(119, 77, '2021-04-01', '2021-05-01', '2021-04-30', '2021-05-31', 250.00, 250.00, '2021-05-28 11:53:14', 'Satyakshi Negi', 75, 1),
(120, 49, '2021-04-01', '2021-05-01', '2021-04-30', '2021-05-31', 250.00, 250.00, '2021-05-29 11:08:47', 'Satyakshi Negi', 75, 1),
(121, 47, '2021-04-01', '2021-05-01', '2021-04-30', '2021-05-31', 250.00, 250.00, '2021-05-29 11:29:34', 'Satyakshi Negi', 75, 1),
(122, 34, '2021-04-15', '2021-05-15', '2021-05-14', '2021-06-14', 100.00, 250.00, '2021-05-29 11:48:27', 'Satyakshi Negi', 75, 1),
(123, 89, '2021-03-17', '2021-05-05', '2021-05-01', '2021-06-04', 500.00, 500.00, '2021-05-29 13:41:10', 'Satyakshi Negi', 75, 1),
(124, 39, '2021-04-15', '2021-05-15', '2021-05-14', '2021-06-14', 500.00, 500.00, '2021-05-29 14:00:05', 'Satyakshi Negi', 75, 1),
(125, 96, '2021-04-26', '2021-05-01', '2021-04-30', '2021-05-31', 250.00, 250.00, '2021-05-31 12:53:11', 'Satyakshi Negi', 75, 1),
(126, 59, '2021-04-01', '2021-05-01', '2021-04-30', '2021-05-31', 1000.00, 1000.00, '2021-05-31 13:06:08', 'Satyakshi Negi', 75, 1),
(127, 99, '2021-04-01', '2021-05-15', '2021-04-30', '2021-06-14', 150.00, 150.00, '2021-06-10 12:53:19', 'Satyakshi Negi', 75, 0),
(129, 17, '2021-04-15', '2021-05-15', '2021-05-14', '2021-06-14', 5000.00, 5000.00, '2021-06-10 12:57:50', 'Satyakshi Negi', 75, 1),
(130, 25, '2021-04-15', '2021-05-15', '2021-05-14', '2021-06-14', 250.00, 250.00, '2021-06-10 13:00:52', 'Satyakshi Negi', 75, 1),
(131, 30, '2021-04-15', '2021-05-15', '2021-05-14', '2021-06-14', 300.00, 300.00, '2021-06-10 13:02:51', 'Satyakshi Negi', 75, 1),
(132, 31, '2021-04-15', '2021-05-15', '2021-05-14', '2021-06-14', 200.00, 200.00, '2021-06-10 13:03:42', 'Satyakshi Negi', 75, 1),
(134, 60, '2021-04-15', '2021-05-15', '2021-05-14', '2021-06-14', 250.00, 250.00, '2021-06-10 13:07:35', 'Satyakshi Negi', 75, 1),
(135, 61, '2021-04-15', '2021-05-15', '2021-05-14', '2021-06-14', 250.00, 250.00, '2021-06-10 13:09:07', 'Satyakshi Negi', 75, 1),
(136, 63, '2021-04-15', '2021-05-15', '2021-05-14', '2021-06-14', 250.00, 250.00, '2021-06-10 13:09:47', 'Satyakshi Negi', 75, 1),
(137, 71, '2021-04-15', '2021-05-15', '2021-05-14', '2021-06-14', 250.00, 250.00, '2021-06-10 13:23:10', 'Satyakshi Negi', 75, 1),
(138, 81, '2021-04-15', '2021-05-15', '2021-05-14', '2021-06-14', 250.00, 250.00, '2021-06-10 13:26:19', 'Satyakshi Negi', 75, 1),
(139, 111, '2021-05-10', '2021-06-25', '2021-06-09', '2021-07-24', 250.00, 250.00, '2021-06-10 13:30:42', 'Satyakshi Negi', 75, 1),
(140, 65, '2021-05-10', '2021-06-10', '2021-06-09', '2021-07-09', 200.00, 200.00, '2021-06-10 13:34:12', 'Satyakshi Negi', 75, 1),
(141, 133, '2021-05-15', '2021-06-15', '2021-06-14', '2021-07-14', 250.00, 250.00, '2021-06-16 13:45:38', 'Satyakshi Negi', 75, 1),
(142, 131, '2021-05-15', '2021-06-15', '2021-06-14', '2021-07-14', 150.00, 150.00, '2021-06-16 13:45:52', 'Satyakshi Negi', 75, 1),
(143, 130, '2021-05-15', '2021-06-15', '2021-06-14', '2021-07-14', 200.00, 200.00, '2021-06-16 13:46:18', 'Satyakshi Negi', 75, 1),
(144, 128, '2021-05-15', '2021-06-15', '2021-06-14', '2021-07-14', 50.00, 50.00, '2021-06-16 13:46:28', 'Satyakshi Negi', 75, 1),
(145, 127, '2021-05-15', '2021-06-15', '2021-06-14', '2021-07-14', 75.00, 75.00, '2021-06-16 13:47:49', 'Satyakshi Negi', 75, 1),
(146, 125, '2021-05-15', '2021-06-15', '2021-06-14', '2021-07-14', 75.00, 75.00, '2021-06-16 13:48:09', 'Satyakshi Negi', 75, 1),
(148, 123, '2021-05-15', '2021-06-15', '2021-06-14', '2021-07-14', 150.00, 150.00, '2021-06-16 13:48:40', 'Satyakshi Negi', 75, 1),
(149, 121, '2021-05-15', '2021-06-15', '2021-06-14', '2021-07-14', 100.00, 100.00, '2021-06-16 13:48:54', 'Satyakshi Negi', 75, 1),
(150, 120, '2021-05-15', '2021-06-15', '2021-06-14', '2021-07-14', 100.00, 100.00, '2021-06-16 13:49:07', 'Satyakshi Negi', 75, 1),
(151, 119, '2021-05-15', '2021-06-15', '2021-06-14', '2021-07-14', 100.00, 100.00, '2021-06-16 13:49:25', 'Satyakshi Negi', 75, 1),
(152, 118, '2021-05-15', '2021-06-15', '2021-06-14', '2021-07-14', 100.00, 100.00, '2021-06-16 13:49:38', 'Satyakshi Negi', 75, 1),
(153, 117, '2021-05-15', '2021-06-15', '2021-06-14', '2021-07-14', 100.00, 100.00, '2021-06-16 13:49:49', 'Satyakshi Negi', 75, 1),
(154, 115, '2021-05-15', '2021-06-15', '2021-06-14', '2021-07-14', 100.00, 100.00, '2021-06-16 13:50:06', 'Satyakshi Negi', 75, 1),
(155, 110, '2021-05-15', '2021-06-15', '2021-06-14', '2021-07-14', 200.00, 200.00, '2021-06-16 13:52:20', 'Satyakshi Negi', 75, 1),
(156, 99, '2021-05-15', '2021-06-15', '2021-06-14', '2021-07-14', 150.00, 150.00, '2021-06-16 13:52:38', 'Satyakshi Negi', 75, 1),
(158, 95, '2021-05-15', '2021-06-15', '2021-06-14', '2021-07-24', 333.33, 333.33, '2021-06-16 13:53:17', 'Satyakshi Negi', 75, 1),
(159, 94, '2021-05-15', '2021-06-15', '2021-06-14', '2021-07-24', 333.33, 333.33, '2021-06-16 13:53:34', 'Satyakshi Negi', 75, 1),
(160, 93, '2021-05-15', '2021-06-15', '2021-06-14', '2021-07-24', 333.33, 333.33, '2021-06-16 13:53:46', 'Satyakshi Negi', 75, 1),
(161, 91, '2021-05-15', '2021-06-15', '2021-06-14', '2021-07-14', 250.00, 250.00, '2021-06-16 13:54:00', 'Satyakshi Negi', 75, 1),
(162, 86, '2021-05-15', '2021-06-15', '2021-06-14', '2021-07-14', 150.00, 150.00, '2021-06-16 13:55:53', 'Satyakshi Negi', 75, 1),
(163, 84, '2021-05-15', '2021-06-15', '2021-06-14', '2021-07-14', 500.00, 500.00, '2021-06-16 13:56:16', 'Satyakshi Negi', 75, 1),
(164, 83, '2021-05-15', '2021-06-15', '2021-06-14', '2021-07-14', 250.00, 250.00, '2021-06-16 13:56:31', 'Satyakshi Negi', 75, 1),
(165, 81, '2021-05-15', '2021-06-15', '2021-06-14', '2021-07-14', 250.00, 250.00, '2021-06-16 13:56:42', 'Satyakshi Negi', 75, 1),
(166, 78, '2021-05-15', '2021-06-15', '2021-06-14', '2021-07-14', 1500.00, 1500.00, '2021-06-16 13:56:52', 'Satyakshi Negi', 75, 1),
(167, 76, '2021-05-15', '2021-06-15', '2021-06-14', '2021-07-14', 200.00, 200.00, '2021-06-16 13:57:43', 'Satyakshi Negi', 75, 1),
(168, 75, '2021-05-15', '2021-06-15', '2021-06-14', '2021-07-14', 250.00, 250.00, '2021-06-16 14:03:24', 'Satyakshi Negi', 75, 1),
(169, 74, '2021-05-15', '2021-06-15', '2021-06-14', '2021-07-14', 250.00, 250.00, '2021-06-16 14:03:36', 'Satyakshi Negi', 75, 1),
(170, 72, '2021-05-15', '2021-06-15', '2021-06-14', '2021-07-14', 500.00, 500.00, '2021-06-16 14:03:48', 'Satyakshi Negi', 75, 1),
(171, 71, '2021-05-15', '2021-06-15', '2021-06-14', '2021-07-14', 250.00, 250.00, '2021-06-16 14:03:58', 'Satyakshi Negi', 75, 1),
(172, 63, '2021-05-15', '2021-06-15', '2021-06-14', '2021-07-14', 250.00, 250.00, '2021-06-16 14:40:07', 'Satyakshi Negi', 75, 1),
(173, 62, '2021-05-15', '2021-06-15', '2021-06-14', '2021-07-14', 250.00, 250.00, '2021-06-16 14:40:25', 'Satyakshi Negi', 75, 1),
(174, 61, '2021-05-15', '2021-06-15', '2021-06-14', '2021-07-14', 250.00, 250.00, '2021-06-16 14:40:51', 'Satyakshi Negi', 75, 1),
(175, 60, '2021-05-15', '2021-06-15', '2021-06-14', '2021-07-14', 250.00, 250.00, '2021-06-16 14:41:13', 'Satyakshi Negi', 75, 1),
(177, 56, '2021-05-15', '2021-06-15', '2021-06-14', '2021-07-14', 250.00, 250.00, '2021-06-16 14:41:43', 'Satyakshi Negi', 75, 1),
(178, 50, '2021-05-15', '2021-06-15', '2021-06-14', '2021-07-14', 400.00, 400.00, '2021-06-16 14:44:02', 'Satyakshi Negi', 75, 1),
(179, 45, '2021-05-15', '2021-06-15', '2021-06-14', '2021-07-14', 700.00, 700.00, '2021-06-16 14:44:13', 'Satyakshi Negi', 75, 1),
(180, 44, '2021-05-15', '2021-06-15', '2021-06-14', '2021-07-14', 220.00, 220.00, '2021-06-16 14:44:25', 'Satyakshi Negi', 75, 1),
(184, 42, '2021-05-15', '2021-06-15', '2021-06-14', '2021-07-14', 500.00, 500.00, '2021-06-16 14:45:10', 'Satyakshi Negi', 75, 1),
(185, 39, '2021-05-15', '2021-06-15', '2021-06-14', '2021-07-14', 500.00, 500.00, '2021-06-16 14:45:21', 'Satyakshi Negi', 75, 1),
(186, 37, '2021-05-15', '2021-06-15', '2021-06-14', '2021-07-14', 150.00, 150.00, '2021-06-16 14:45:31', 'Satyakshi Negi', 75, 1),
(187, 34, '2021-05-15', '2021-06-15', '2021-06-14', '2021-07-14', 250.00, 250.00, '2021-06-16 14:45:42', 'Satyakshi Negi', 75, 1),
(188, 33, '2021-05-15', '2021-06-15', '2021-06-14', '2021-07-14', 500.00, 500.00, '2021-06-16 14:45:57', 'Satyakshi Negi', 75, 1),
(189, 31, '2021-05-15', '2021-06-15', '2021-06-14', '2021-07-14', 200.00, 200.00, '2021-06-16 14:46:06', 'Satyakshi Negi', 75, 1),
(190, 30, '2021-05-15', '2021-06-15', '2021-06-14', '2021-07-14', 300.00, 300.00, '2021-06-16 14:47:51', 'Satyakshi Negi', 75, 1),
(191, 25, '2021-05-15', '2021-06-15', '2021-06-14', '2021-07-14', 250.00, 250.00, '2021-06-16 14:48:08', 'Satyakshi Negi', 75, 1),
(192, 24, '2021-05-15', '2021-06-15', '2021-06-14', '2021-07-14', 250.00, 250.00, '2021-06-16 14:48:18', 'Satyakshi Negi', 75, 1),
(193, 22, '2021-05-15', '2021-06-15', '2021-06-14', '2021-07-14', 500.00, 500.00, '2021-06-16 14:48:36', 'Satyakshi Negi', 75, 1),
(194, 20, '2021-05-15', '2021-06-15', '2021-06-14', '2021-07-14', 250.00, 250.00, '2021-06-16 14:48:55', 'Satyakshi Negi', 75, 1),
(195, 19, '2021-05-15', '2021-06-15', '2021-06-14', '2021-07-14', 400.00, 400.00, '2021-06-16 14:49:08', 'Satyakshi Negi', 75, 1),
(196, 17, '2021-05-15', '2021-06-15', '2021-06-14', '2021-07-14', 5000.00, 5000.00, '2021-06-16 14:49:18', 'Satyakshi Negi', 75, 1),
(197, 16, '2021-05-15', '2021-06-15', '2021-06-14', '2021-07-14', 1000.00, 1000.00, '2021-06-16 14:49:30', 'Satyakshi Negi', 75, 1),
(199, 14, '2021-05-15', '2021-06-15', '2021-06-14', '2021-07-14', 1000.00, 1000.00, '2021-06-16 14:50:00', 'Satyakshi Negi', 75, 1),
(200, 12, '2021-05-15', '2021-06-15', '2021-06-14', '2021-07-14', 500.00, 500.00, '2021-06-16 14:50:10', 'Satyakshi Negi', 75, 1),
(201, 9, '2021-05-15', '2021-06-15', '2021-06-14', '2021-07-14', 1000.00, 1000.00, '2021-06-16 14:50:20', 'Satyakshi Negi', 75, 1),
(202, 7, '2021-05-15', '2021-06-15', '2021-06-14', '2021-07-14', 500.00, 500.00, '2021-06-16 14:50:32', 'Satyakshi Negi', 75, 1),
(203, 6, '2021-05-15', '2021-06-15', '2021-06-14', '2021-07-14', 300.00, 300.00, '2021-06-16 14:52:14', 'Satyakshi Negi', 75, 1),
(204, 5, '2021-05-15', '2021-06-15', '2021-06-14', '2021-07-14', 500.00, 500.00, '2021-06-16 14:52:25', 'Satyakshi Negi', 75, 1),
(205, 68, '2021-05-12', '2021-06-12', '2021-06-11', '2021-07-11', 250.00, 250.00, '2021-06-16 14:52:39', 'Satyakshi Negi', 75, 1),
(206, 66, '2021-05-12', '2021-06-12', '2021-06-11', '2021-07-11', 250.00, 250.00, '2021-06-16 14:52:53', 'Satyakshi Negi', 75, 1),
(207, 73, '2021-05-10', '2021-06-10', '2021-06-09', '2021-07-09', 500.00, 500.00, '2021-06-16 14:53:08', 'Satyakshi Negi', 75, 1),
(208, 97, '2021-05-05', '2021-06-05', '2021-06-04', '2021-07-04', 250.00, 250.00, '2021-06-16 14:53:27', 'Satyakshi Negi', 75, 1),
(209, 89, '2021-05-05', '2021-06-05', '2021-06-04', '2021-07-04', 500.00, 500.00, '2021-06-16 14:53:44', 'Satyakshi Negi', 75, 1),
(210, 55, '2021-05-05', '2021-06-05', '2021-06-04', '2021-07-04', 300.00, 300.00, '2021-06-16 14:53:58', 'Satyakshi Negi', 75, 1),
(211, 48, '2021-05-05', '2021-06-05', '2021-06-04', '2021-07-04', 600.00, 600.00, '2021-06-16 14:54:28', 'Satyakshi Negi', 75, 1),
(212, 46, '2021-05-05', '2021-06-05', '2021-06-04', '2021-07-04', 250.00, 250.00, '2021-06-16 14:54:45', 'Satyakshi Negi', 75, 1),
(213, 67, '2021-05-12', '2021-06-12', '2021-06-11', '2021-07-11', 250.00, 250.00, '2021-06-16 14:57:14', 'Satyakshi Negi', 75, 1),
(214, 21, '2021-05-05', '2021-06-05', '2021-06-04', '2021-07-04', 500.00, 500.00, '2021-06-16 14:57:25', 'Satyakshi Negi', 75, 1),
(215, 129, '2021-05-01', '2021-06-01', '2021-05-31', '2021-06-30', 100.00, 100.00, '2021-06-16 14:57:41', 'Satyakshi Negi', 75, 1),
(216, 122, '2021-05-01', '2021-06-01', '2021-05-31', '2021-06-30', 100.00, 100.00, '2021-06-16 14:57:55', 'Satyakshi Negi', 75, 1),
(217, 116, '2021-05-01', '2021-06-01', '2021-05-31', '2021-06-30', 100.00, 100.00, '2021-06-16 14:58:13', 'Satyakshi Negi', 75, 1),
(218, 96, '2021-05-01', '2021-06-01', '2021-05-31', '2021-06-30', 250.00, 250.00, '2021-06-16 14:58:28', 'Satyakshi Negi', 75, 0),
(219, 82, '2021-05-01', '2021-06-01', '2021-05-31', '2021-06-30', 250.00, 250.00, '2021-06-16 14:58:40', 'Satyakshi Negi', 75, 1),
(220, 79, '2021-05-01', '2021-06-01', '2021-05-31', '2021-06-30', 1000.00, 1000.00, '2021-06-16 14:58:53', 'Satyakshi Negi', 75, 1),
(221, 77, '2021-05-01', '2021-06-01', '2021-05-31', '2021-06-30', 250.00, 250.00, '2021-06-16 14:59:12', 'Satyakshi Negi', 75, 1),
(222, 70, '2021-05-01', '2021-06-01', '2021-05-31', '2021-06-30', 250.00, 250.00, '2021-06-16 14:59:22', 'Satyakshi Negi', 75, 1),
(223, 59, '2021-05-01', '2021-06-01', '2021-05-31', '2021-06-30', 1000.00, 1000.00, '2021-06-16 14:59:33', 'Satyakshi Negi', 75, 0),
(224, 53, '2021-05-01', '2021-06-01', '2021-05-31', '2021-06-30', 500.00, 500.00, '2021-06-16 14:59:44', 'Satyakshi Negi', 75, 1),
(225, 51, '2021-05-01', '2021-06-01', '2021-05-31', '2021-06-30', 500.00, 500.00, '2021-06-16 14:59:54', 'Satyakshi Negi', 75, 1),
(226, 49, '2021-05-01', '2021-06-01', '2021-05-31', '2021-06-30', 250.00, 250.00, '2021-06-16 15:02:12', 'Satyakshi Negi', 75, 1),
(227, 47, '2021-05-01', '2021-06-01', '2021-05-31', '2021-06-30', 250.00, 250.00, '2021-06-16 15:02:23', 'Satyakshi Negi', 75, 1),
(228, 43, '2021-05-01', '2021-06-01', '2021-05-31', '2021-06-30', 250.00, 250.00, '2021-06-16 15:02:38', 'Satyakshi Negi', 75, 1),
(229, 41, '2021-05-01', '2021-06-01', '2021-05-31', '2021-06-30', 500.00, 500.00, '2021-06-16 15:02:49', 'Satyakshi Negi', 75, 1),
(230, 40, '2021-05-01', '2021-06-01', '2021-05-31', '2021-06-30', 250.00, 250.00, '2021-06-16 15:03:04', 'Satyakshi Negi', 75, 1),
(231, 32, '2021-05-01', '2021-06-01', '2021-05-31', '2021-06-30', 4000.00, 4000.00, '2021-06-16 15:03:17', 'Satyakshi Negi', 75, 1),
(232, 26, '2021-05-01', '2021-06-01', '2021-05-31', '2021-06-30', 2000.00, 2000.00, '2021-06-16 15:03:29', 'Satyakshi Negi', 75, 1),
(233, 23, '2021-05-01', '2021-06-01', '2021-05-31', '2021-06-30', 500.00, 500.00, '2021-06-16 15:03:40', 'Satyakshi Negi', 75, 1),
(234, 11, '2021-05-01', '2021-06-01', '2021-05-31', '2021-06-30', 1000.00, 1000.00, '2021-06-16 15:03:53', 'Satyakshi Negi', 75, 1),
(235, 2, '2021-05-01', '2021-06-01', '2021-05-31', '2021-06-30', 250.00, 250.00, '2021-06-16 15:07:53', 'Satyakshi Negi', 75, 1),
(238, 132, '2021-05-15', '2021-06-15', '2021-06-18', '2021-07-14', 150.00, 150.00, '2021-07-06 15:00:21', 'Satyakshi Negi', 75, 1),
(239, 69, '2021-05-20', '2021-06-15', '2021-06-19', '2021-07-14', 250.00, 250.00, '2021-07-06 15:01:50', 'Satyakshi Negi', 75, 1),
(240, 90, '2021-05-20', '2021-06-20', '2021-06-19', '2021-07-19', 250.00, 250.00, '2021-07-06 15:03:49', 'Satyakshi Negi', 75, 1),
(241, 2, '2021-06-01', '2021-06-15', '2021-06-30', '2021-07-14', 250.00, 250.00, '2021-07-06 15:04:42', 'Satyakshi Negi', 75, 1),
(243, 23, '2021-06-01', '2021-06-28', '2021-06-30', '2021-07-27', 500.00, 500.00, '2021-07-06 15:10:03', 'Satyakshi Negi', 75, 1),
(244, 32, '2021-06-01', '2021-07-01', '2021-06-30', '2021-07-31', 4000.00, 4000.00, '2021-07-06 15:22:25', 'Satyakshi Negi', 75, 1),
(245, 27, '2021-03-15', '2021-06-20', '2021-04-14', '2021-07-19', 500.00, 500.00, '2021-07-07 11:04:21', 'Satyakshi Negi', 75, 1),
(246, 40, '2021-06-01', '2021-07-01', '2021-06-30', '2021-07-31', 250.00, 250.00, '2021-07-07 11:05:28', 'Satyakshi Negi', 75, 1),
(247, 41, '2021-06-01', '2021-06-25', '2021-06-30', '2021-07-24', 500.00, 500.00, '2021-07-07 11:06:51', 'Satyakshi Negi', 75, 1),
(249, 43, '2021-06-01', '2021-07-01', '2021-06-30', '2021-07-31', 250.00, 250.00, '2021-07-07 11:09:23', 'Satyakshi Negi', 75, 1),
(250, 47, '2021-06-01', '2021-07-05', '2021-06-30', '2021-08-04', 250.00, 250.00, '2021-07-07 11:10:05', 'Satyakshi Negi', 75, 1),
(251, 49, '2021-06-01', '2021-06-15', '2021-06-30', '2021-07-14', 250.00, 250.00, '2021-07-07 11:10:53', 'Satyakshi Negi', 75, 1),
(252, 51, '2021-06-01', '2021-07-01', '2021-06-30', '2021-07-31', 500.00, 500.00, '2021-07-07 11:13:08', 'Satyakshi Negi', 75, 1),
(253, 53, '2021-06-01', '2021-07-01', '2021-06-30', '2021-07-31', 500.00, 500.00, '2021-07-07 11:26:36', 'Satyakshi Negi', 75, 1),
(254, 57, '2021-04-23', '2021-05-12', '2021-05-23', '2021-10-13', 250.00, 250.00, '2021-07-07 11:32:18', 'Satyakshi Negi', 75, 1),
(255, 59, '2021-06-01', '2021-07-01', '2021-06-30', '2021-07-31', 1000.00, 1000.00, '2021-07-07 11:34:00', 'Satyakshi Negi', 75, 1),
(256, 70, '2021-06-01', '2021-07-01', '2021-06-30', '2021-07-31', 250.00, 250.00, '2021-07-07 11:35:56', 'Satyakshi Negi', 75, 1),
(257, 97, '2021-06-05', '2021-07-05', '2021-07-04', '2021-08-04', 250.00, 250.00, '2021-07-07 11:37:51', 'Satyakshi Negi', 75, 1),
(258, 89, '2021-06-05', '2021-07-05', '2021-07-04', '2021-08-04', 500.00, 500.00, '2021-07-07 11:39:19', 'Satyakshi Negi', 75, 1),
(259, 55, '2021-06-05', '2021-07-05', '2021-07-04', '2021-08-04', 300.00, 300.00, '2021-07-07 11:40:48', 'Satyakshi Negi', 75, 1),
(260, 48, '2021-06-05', '2021-07-05', '2021-07-04', '2021-08-04', 600.00, 600.00, '2021-07-07 11:41:30', 'Satyakshi Negi', 75, 1),
(261, 46, '2021-06-05', '2021-06-25', '2021-07-04', '2021-07-24', 250.00, 250.00, '2021-07-07 11:42:31', 'Satyakshi Negi', 75, 1),
(262, 21, '2021-06-05', '2021-07-05', '2021-07-04', '2021-08-04', 500.00, 500.00, '2021-07-07 11:46:38', 'Satyakshi Negi', 75, 1),
(263, 129, '2021-06-01', '2021-07-01', '2021-06-30', '2021-07-31', 100.00, 100.00, '2021-07-07 11:48:04', 'Satyakshi Negi', 75, 1),
(264, 122, '2021-06-01', '2021-07-01', '2021-06-30', '2021-07-31', 100.00, 100.00, '2021-07-07 11:48:48', 'Satyakshi Negi', 75, 1),
(265, 116, '2021-06-01', '2021-07-01', '2021-06-30', '2021-07-31', 100.00, 100.00, '2021-07-07 11:56:20', 'Satyakshi Negi', 75, 1),
(266, 96, '2021-06-01', '2021-07-01', '2021-06-30', '2021-07-31', 250.00, 250.00, '2021-07-07 11:57:40', 'Satyakshi Negi', 75, 1),
(267, 82, '2021-06-01', '2021-07-01', '2021-06-30', '2021-07-31', 250.00, 250.00, '2021-07-07 11:58:27', 'Satyakshi Negi', 75, 1),
(268, 79, '2021-06-01', '2021-07-01', '2021-06-30', '2021-07-31', 1000.00, 1000.00, '2021-07-07 11:59:49', 'Satyakshi Negi', 75, 1),
(269, 77, '2021-06-01', '2021-07-01', '2021-06-30', '2021-07-31', 250.00, 250.00, '2021-07-07 12:00:35', 'Satyakshi Negi', 75, 1),
(270, 65, '2021-06-10', '2021-07-10', '2021-07-09', '2021-08-09', 200.00, 200.00, '2021-07-13 08:18:54', 'Satyakshi Negi', 75, 1),
(271, 133, '2021-06-15', '2021-07-15', '2021-07-14', '2021-08-14', 250.00, 250.00, '2021-07-16 12:49:23', 'Satyakshi Negi', 75, 1),
(272, 132, '2021-06-15', '2021-07-15', '2021-07-14', '2021-08-14', 150.00, 150.00, '2021-07-16 12:51:29', 'Satyakshi Negi', 75, 1),
(273, 131, '2021-06-15', '2021-07-15', '2021-07-14', '2021-08-14', 150.00, 150.00, '2021-07-16 12:51:43', 'Satyakshi Negi', 75, 1),
(274, 130, '2021-06-15', '2021-07-15', '2021-07-14', '2021-08-14', 200.00, 200.00, '2021-07-16 12:52:00', 'Satyakshi Negi', 75, 1),
(275, 127, '2021-06-15', '2021-07-15', '2021-07-14', '2021-08-14', 75.00, 75.00, '2021-07-16 13:11:02', 'Satyakshi Negi', 75, 1),
(276, 125, '2021-06-15', '2021-07-15', '2021-07-14', '2021-08-14', 75.00, 75.00, '2021-07-16 13:20:40', 'Satyakshi Negi', 75, 1),
(277, 121, '2021-06-15', '2021-07-15', '2021-07-14', '2021-08-14', 100.00, 100.00, '2021-07-16 13:21:59', 'Satyakshi Negi', 75, 1),
(278, 120, '2021-06-15', '2021-07-15', '2021-07-14', '2021-08-14', 100.00, 100.00, '2021-07-16 13:22:40', 'Satyakshi Negi', 75, 1),
(279, 119, '2021-06-15', '2021-07-15', '2021-07-14', '2021-08-14', 100.00, 100.00, '2021-07-16 13:22:54', 'Satyakshi Negi', 75, 1),
(280, 118, '2021-06-15', '2021-07-15', '2021-07-14', '2021-08-14', 100.00, 100.00, '2021-07-16 13:23:07', 'Satyakshi Negi', 75, 1),
(281, 117, '2021-06-15', '2021-07-15', '2021-07-14', '2021-08-14', 100.00, 100.00, '2021-07-16 13:23:18', 'Satyakshi Negi', 75, 1),
(282, 66, '2021-06-12', '2021-07-12', '2021-07-11', '2021-08-11', 250.00, 250.00, '2021-07-16 13:25:01', 'Satyakshi Negi', 75, 1),
(283, 68, '2021-06-12', '2021-07-12', '2021-07-11', '2021-08-11', 250.00, 250.00, '2021-07-16 13:25:47', 'Satyakshi Negi', 75, 1),
(284, 2, '2021-06-15', '2021-07-15', '2021-07-14', '2021-08-14', 250.00, 250.00, '2021-07-16 13:26:02', 'Satyakshi Negi', 75, 1),
(285, 5, '2021-06-15', '2021-07-15', '2021-07-14', '2021-08-14', 500.00, 500.00, '2021-07-16 13:27:18', 'Satyakshi Negi', 75, 1),
(286, 6, '2021-06-15', '2021-07-15', '2021-07-14', '2021-08-14', 300.00, 300.00, '2021-07-16 13:27:33', 'Satyakshi Negi', 75, 1),
(287, 115, '2021-06-15', '2021-07-15', '2021-07-14', '2021-08-14', 100.00, 100.00, '2021-07-16 13:29:53', 'Satyakshi Negi', 75, 1),
(288, 110, '2021-06-15', '2021-07-15', '2021-07-14', '2021-08-14', 200.00, 200.00, '2021-07-16 13:30:31', 'Satyakshi Negi', 75, 1),
(289, 91, '2021-06-15', '2021-07-15', '2021-07-14', '2021-08-14', 250.00, 250.00, '2021-07-16 13:30:44', 'Satyakshi Negi', 75, 1),
(290, 86, '2021-06-15', '2021-07-15', '2021-07-14', '2021-08-14', 150.00, 150.00, '2021-07-16 13:30:54', 'Satyakshi Negi', 75, 1),
(291, 84, '2021-06-15', '2021-07-15', '2021-07-14', '2021-08-14', 500.00, 500.00, '2021-07-16 13:31:07', 'Satyakshi Negi', 75, 1),
(292, 83, '2021-06-15', '2021-07-08', '2021-07-14', '2021-08-14', 250.00, 250.00, '2021-07-16 13:33:06', 'Satyakshi Negi', 75, 1),
(293, 78, '2021-06-15', '2021-07-15', '2021-07-14', '2021-08-14', 3000.00, 3000.00, '2021-07-16 13:33:42', 'Satyakshi Negi', 75, 1),
(294, 76, '2021-06-15', '2021-07-15', '2021-07-14', '2021-08-14', 200.00, 200.00, '2021-07-16 13:33:54', 'Satyakshi Negi', 75, 1),
(295, 75, '2021-06-15', '2021-07-15', '2021-07-14', '2021-08-14', 250.00, 250.00, '2021-07-16 13:34:41', 'Satyakshi Negi', 75, 1),
(296, 74, '2021-06-15', '2021-07-15', '2021-07-14', '2021-08-14', 250.00, 250.00, '2021-07-16 13:34:54', 'Satyakshi Negi', 75, 1),
(297, 71, '2021-06-15', '2021-07-15', '2021-07-14', '2021-08-14', 250.00, 250.00, '2021-07-16 13:35:53', 'Satyakshi Negi', 75, 1),
(298, 69, '2021-06-15', '2021-07-15', '2021-07-14', '2021-08-14', 250.00, 250.00, '2021-07-16 13:36:12', 'Satyakshi Negi', 75, 1),
(299, 63, '2021-06-15', '2021-07-15', '2021-07-14', '2021-08-14', 250.00, 250.00, '2021-07-16 13:36:29', 'Satyakshi Negi', 75, 1),
(300, 62, '2021-06-15', '2021-07-15', '2021-07-14', '2021-08-14', 250.00, 250.00, '2021-07-16 13:36:43', 'Satyakshi Negi', 75, 1),
(301, 61, '2021-06-15', '2021-07-15', '2021-07-14', '2021-08-14', 250.00, 250.00, '2021-07-16 13:36:57', 'Satyakshi Negi', 75, 1),
(302, 60, '2021-06-15', '2021-07-15', '2021-07-14', '2021-08-14', 250.00, 250.00, '2021-07-16 13:37:10', 'Satyakshi Negi', 75, 1),
(303, 56, '2021-06-15', '2021-07-01', '2021-07-14', '2021-07-31', 250.00, 250.00, '2021-07-16 13:42:11', 'Satyakshi Negi', 75, 1),
(304, 50, '2021-06-15', '2021-07-15', '2021-07-14', '2021-08-14', 400.00, 400.00, '2021-07-16 13:43:52', 'Satyakshi Negi', 75, 1),
(305, 49, '2021-06-15', '2021-07-15', '2021-07-14', '2021-08-14', 250.00, 250.00, '2021-07-16 13:44:12', 'Satyakshi Negi', 75, 1),
(306, 45, '2021-06-15', '2021-07-15', '2021-07-14', '2021-08-14', 700.00, 700.00, '2021-07-16 13:44:22', 'Satyakshi Negi', 75, 1),
(307, 44, '2021-06-15', '2021-07-15', '2021-07-14', '2021-08-14', 220.00, 220.00, '2021-07-16 13:44:32', 'Satyakshi Negi', 75, 1),
(308, 42, '2021-06-15', '2021-07-15', '2021-07-14', '2021-08-14', 500.00, 500.00, '2021-07-16 13:44:44', 'Satyakshi Negi', 75, 1),
(309, 39, '2021-06-15', '2021-07-15', '2021-07-14', '2021-08-14', 500.00, 500.00, '2021-07-16 13:44:56', 'Satyakshi Negi', 75, 1),
(310, 37, '2021-06-15', '2021-07-15', '2021-07-14', '2021-08-14', 150.00, 150.00, '2021-07-16 13:47:01', 'Satyakshi Negi', 75, 1),
(311, 34, '2021-06-15', '2021-07-15', '2021-07-14', '2021-08-14', 250.00, 250.00, '2021-07-16 13:47:15', 'Satyakshi Negi', 75, 1),
(312, 33, '2021-06-15', '2021-07-15', '2021-07-14', '2021-08-14', 500.00, 500.00, '2021-07-16 13:47:26', 'Satyakshi Negi', 75, 1),
(313, 31, '2021-06-15', '2021-07-15', '2021-07-14', '2021-08-14', 200.00, 200.00, '2021-07-16 13:47:37', 'Satyakshi Negi', 75, 1),
(314, 30, '2021-06-15', '2021-07-15', '2021-07-14', '2021-08-14', 300.00, 300.00, '2021-07-16 13:47:47', 'Satyakshi Negi', 75, 1),
(315, 25, '2021-06-15', '2021-07-15', '2021-07-14', '2021-08-14', 250.00, 250.00, '2021-07-16 13:47:57', 'Satyakshi Negi', 75, 1),
(316, 24, '2021-06-15', '2021-07-15', '2021-07-14', '2021-08-14', 250.00, 250.00, '2021-07-16 13:51:03', 'Satyakshi Negi', 75, 1),
(318, 22, '2021-06-15', '2021-07-15', '2021-07-14', '2021-08-14', 500.00, 500.00, '2021-07-16 13:51:26', 'Satyakshi Negi', 75, 1),
(319, 20, '2021-06-15', '2021-07-15', '2021-07-14', '2021-08-14', 250.00, 250.00, '2021-07-16 13:51:38', 'Satyakshi Negi', 75, 1),
(320, 19, '2021-06-15', '2021-07-15', '2021-07-14', '2021-08-14', 400.00, 400.00, '2021-07-16 13:51:52', 'Satyakshi Negi', 75, 1),
(321, 17, '2021-06-15', '2021-07-15', '2021-07-14', '2021-08-14', 5000.00, 5000.00, '2021-07-16 13:52:29', 'Satyakshi Negi', 75, 1),
(322, 16, '2021-06-15', '2021-07-15', '2021-07-14', '2021-08-14', 1000.00, 1000.00, '2021-07-16 13:54:04', 'Satyakshi Negi', 75, 1),
(324, 14, '2021-06-15', '2021-07-15', '2021-07-14', '2021-08-14', 1000.00, 1000.00, '2021-07-16 13:54:50', 'Satyakshi Negi', 75, 1),
(325, 12, '2021-06-15', '2021-07-15', '2021-07-14', '2021-08-14', 500.00, 500.00, '2021-07-16 13:55:03', 'Satyakshi Negi', 75, 1),
(326, 9, '2021-06-15', '2021-07-15', '2021-07-14', '2021-08-14', 1000.00, 1000.00, '2021-07-16 13:55:17', 'Satyakshi Negi', 75, 1),
(327, 7, '2021-06-15', '2021-07-15', '2021-07-14', '2021-08-14', 500.00, 500.00, '2021-07-16 13:56:41', 'Satyakshi Negi', 75, 1),
(328, 90, '2021-06-20', '2021-07-20', '2021-07-19', '2021-08-19', 250.00, 250.00, '2021-07-20 07:18:34', 'Satyakshi Negi', 75, 1),
(329, 27, '2021-06-20', '2021-07-20', '2021-07-19', '2021-08-19', 500.00, 500.00, '2021-07-20 07:18:50', 'Satyakshi Negi', 75, 1),
(330, 99, '2021-06-15', '2021-07-15', '2021-07-14', '2021-08-14', 150.00, 150.00, '2021-07-20 07:19:18', 'Satyakshi Negi', 75, 1),
(331, 138, '2021-06-25', '2021-07-25', '2021-07-24', '2021-08-24', 250.00, 250.00, '2021-07-27 08:54:24', 'Satyakshi Negi', 75, 1),
(332, 113, '2021-06-25', '2021-07-25', '2021-07-24', '2021-08-24', 500.00, 500.00, '2021-07-27 08:57:34', 'Satyakshi Negi', 75, 1),
(333, 112, '2021-06-25', '2021-07-25', '2021-07-24', '2021-08-24', 250.00, 250.00, '2021-07-27 08:57:49', 'Satyakshi Negi', 75, 1),
(334, 111, '2021-06-25', '2021-07-25', '2021-07-24', '2021-08-24', 250.00, 250.00, '2021-07-27 08:58:03', 'Satyakshi Negi', 75, 1),
(335, 95, '2021-06-15', '2021-07-25', '2021-07-24', '2021-08-24', 333.33, 333.33, '2021-07-27 08:59:02', 'Satyakshi Negi', 75, 1),
(336, 94, '2021-06-15', '2021-07-25', '2021-07-24', '2021-08-24', 333.33, 333.33, '2021-07-27 08:59:20', 'Satyakshi Negi', 75, 1),
(337, 93, '2021-06-15', '2021-07-25', '2021-07-24', '2021-08-24', 333.33, 333.33, '2021-07-27 08:59:48', 'Satyakshi Negi', 75, 1),
(338, 46, '2021-06-25', '2021-07-25', '2021-07-24', '2021-08-24', 250.00, 250.00, '2021-07-27 09:02:53', 'Satyakshi Negi', 75, 1),
(339, 41, '2021-06-25', '2021-07-25', '2021-07-24', '2021-08-24', 500.00, 500.00, '2021-07-27 09:03:12', 'Satyakshi Negi', 75, 1),
(340, 166, '2021-06-25', '2021-07-25', '2021-07-24', '2021-08-24', 250.00, 250.00, '2021-07-28 14:57:30', 'Satyakshi Negi', 75, 0),
(341, 168, '2021-05-10', '2021-06-10', '2021-06-09', '2021-07-09', 100.00, 100.00, '2021-07-28 15:03:47', 'Satyakshi Negi', 75, 0),
(342, 168, '2021-06-10', '2021-07-10', '2021-07-09', '2021-08-09', 100.00, 100.00, '2021-07-28 15:04:02', 'Satyakshi Negi', 75, 0),
(343, 148, '2021-06-25', '2021-07-25', '2021-07-24', '2021-08-24', 1500.00, 1500.00, '2021-07-28 15:11:07', 'Satyakshi Negi', 75, 0),
(344, 137, '2021-06-25', '2021-07-25', '2021-07-24', '2021-08-24', 500.00, 500.00, '2021-07-28 15:15:58', 'Satyakshi Negi', 75, 0),
(345, 136, '2021-06-25', '2021-07-25', '2021-07-24', '2021-08-24', 250.00, 250.00, '2021-07-28 15:19:06', 'Satyakshi Negi', 75, 0),
(346, 129, '2021-07-01', '2021-08-01', '2021-07-31', '2021-08-31', 100.00, 100.00, '2021-08-03 15:25:06', 'Satyakshi Negi', 75, 1),
(347, 122, '2021-07-01', '2021-08-01', '2021-07-31', '2021-08-31', 100.00, 100.00, '2021-08-03 15:25:32', 'Satyakshi Negi', 75, 1),
(348, 116, '2021-07-01', '2021-08-01', '2021-07-31', '2021-08-31', 100.00, 100.00, '2021-08-03 15:27:23', 'Satyakshi Negi', 75, 1),
(349, 97, '2021-07-05', '2021-08-05', '2021-08-04', '2021-09-04', 250.00, 250.00, '2021-08-06 10:59:27', 'Satyakshi Negi', 75, 1),
(350, 89, '2021-07-05', '2021-08-05', '2021-08-04', '2021-09-04', 500.00, 500.00, '2021-08-06 11:00:58', 'Satyakshi Negi', 75, 1),
(351, 55, '2021-07-05', '2021-08-05', '2021-08-04', '2021-09-04', 300.00, 300.00, '2021-08-06 11:01:15', 'Satyakshi Negi', 75, 1),
(352, 47, '2021-07-05', '2021-08-05', '2021-08-04', '2021-09-04', 250.00, 250.00, '2021-08-06 11:03:51', 'Satyakshi Negi', 75, 1),
(353, 21, '2021-07-05', '2021-08-05', '2021-08-04', '2021-09-04', 500.00, 500.00, '2021-08-06 11:04:32', 'Satyakshi Negi', 75, 1),
(354, 48, '2021-07-05', '2021-08-05', '2021-08-04', '2021-09-04', 600.00, 600.00, '2021-08-06 11:07:44', 'Satyakshi Negi', 75, 1),
(355, 82, '2021-07-01', '2021-08-01', '2021-07-31', '2021-08-31', 250.00, 250.00, '2021-08-06 11:10:54', 'Satyakshi Negi', 75, 1),
(356, 79, '2021-07-01', '2021-08-01', '2021-07-31', '2021-08-31', 1000.00, 1000.00, '2021-08-06 11:11:18', 'Satyakshi Negi', 75, 1),
(357, 96, '2021-07-01', '2021-08-05', '2021-07-31', '2021-09-04', 250.00, 250.00, '2021-08-06 11:13:58', 'Satyakshi Negi', 75, 1),
(358, 77, '2021-07-01', '2021-08-05', '2021-07-31', '2021-09-04', 250.00, 250.00, '2021-08-06 11:20:58', 'Satyakshi Negi', 75, 1),
(359, 70, '2021-07-01', '2021-08-01', '2021-07-31', '2021-08-31', 250.00, 250.00, '2021-08-06 11:21:50', 'Satyakshi Negi', 75, 1),
(360, 59, '2021-07-01', '2021-08-01', '2021-07-31', '2021-08-31', 1000.00, 1000.00, '2021-08-06 11:23:18', 'Satyakshi Negi', 75, 1),
(361, 56, '2021-07-01', '2021-08-01', '2021-07-31', '2021-08-31', 250.00, 250.00, '2021-08-06 11:24:45', 'Satyakshi Negi', 75, 1),
(362, 53, '2021-07-01', '2021-08-01', '2021-07-31', '2021-08-31', 500.00, 500.00, '2021-08-06 11:25:03', 'Satyakshi Negi', 75, 1),
(363, 51, '2021-07-01', '2021-08-01', '2021-07-31', '2021-08-31', 500.00, 500.00, '2021-08-06 11:25:23', 'Satyakshi Negi', 75, 1),
(364, 43, '2021-07-01', '2021-08-01', '2021-07-31', '2021-08-31', 250.00, 250.00, '2021-08-06 11:25:38', 'Satyakshi Negi', 75, 1),
(365, 40, '2021-07-01', '2021-08-01', '2021-07-31', '2021-08-31', 250.00, 250.00, '2021-08-06 11:27:18', 'Satyakshi Negi', 75, 1),
(366, 32, '2021-07-01', '2021-08-01', '2021-07-31', '2021-08-31', 4000.00, 4000.00, '2021-08-06 11:27:34', 'Satyakshi Negi', 75, 1),
(367, 18, '2021-05-01', '2021-08-01', '2021-07-31', '2021-11-01', 1500.00, 1500.00, '2021-08-06 11:28:51', 'Satyakshi Negi', 75, 1),
(368, 23, '2021-06-28', '2021-08-25', '2021-07-27', '2021-09-24', 500.00, 500.00, '2021-08-06 11:33:27', 'Satyakshi Negi', 75, 1),
(369, 168, '2021-07-10', '2021-08-10', '2021-08-09', '2021-09-09', 100.00, 100.00, '2021-08-11 09:48:32', 'Satyakshi Negi', 75, 1),
(370, 65, '2021-07-10', '2021-08-10', '2021-08-09', '2021-09-09', 200.00, 200.00, '2021-08-11 09:48:51', 'Satyakshi Negi', 75, 1),
(371, 133, '2021-07-15', '2021-08-15', '2021-08-14', '2021-09-14', 250.00, 250.00, '2021-08-18 08:57:04', 'Satyakshi Negi', 75, 1),
(372, 131, '2021-07-15', '2021-08-15', '2021-08-14', '2021-09-14', 150.00, 150.00, '2021-08-18 08:58:17', 'Satyakshi Negi', 75, 1),
(373, 130, '2021-07-15', '2021-08-15', '2021-08-14', '2021-09-14', 200.00, 200.00, '2021-08-18 08:58:39', 'Satyakshi Negi', 75, 1),
(374, 127, '2021-07-15', '2021-08-15', '2021-08-14', '2021-09-14', 75.00, 75.00, '2021-08-18 08:58:59', 'Satyakshi Negi', 75, 1),
(375, 125, '2021-07-15', '2021-08-15', '2021-08-14', '2021-09-14', 75.00, 75.00, '2021-08-18 08:59:14', 'Satyakshi Negi', 75, 1),
(376, 121, '2021-07-15', '2021-08-15', '2021-08-14', '2021-09-14', 100.00, 100.00, '2021-08-18 08:59:28', 'Satyakshi Negi', 75, 1),
(377, 120, '2021-07-15', '2021-08-15', '2021-08-14', '2021-09-14', 100.00, 100.00, '2021-08-18 09:00:34', 'Satyakshi Negi', 75, 1),
(378, 119, '2021-07-15', '2021-08-15', '2021-08-14', '2021-09-14', 100.00, 100.00, '2021-08-18 09:00:49', 'Satyakshi Negi', 75, 1),
(379, 118, '2021-07-15', '2021-08-15', '2021-08-14', '2021-09-14', 100.00, 100.00, '2021-08-18 09:01:01', 'Satyakshi Negi', 75, 1),
(380, 117, '2021-07-15', '2021-08-15', '2021-08-14', '2021-09-14', 100.00, 100.00, '2021-08-18 09:01:18', 'Satyakshi Negi', 75, 1),
(381, 115, '2021-07-15', '2021-08-15', '2021-08-14', '2021-09-14', 100.00, 100.00, '2021-08-18 09:01:30', 'Satyakshi Negi', 75, 1),
(382, 110, '2021-07-15', '2021-08-15', '2021-08-14', '2021-09-14', 200.00, 200.00, '2021-08-18 09:01:44', 'Satyakshi Negi', 75, 1),
(383, 99, '2021-07-15', '2021-08-15', '2021-08-14', '2021-09-14', 400.00, 400.00, '2021-08-18 09:02:40', 'Satyakshi Negi', 75, 1),
(384, 91, '2021-07-15', '2021-08-15', '2021-08-14', '2021-09-14', 250.00, 250.00, '2021-08-18 09:02:55', 'Satyakshi Negi', 75, 1),
(385, 86, '2021-07-15', '2021-08-15', '2021-08-14', '2021-09-14', 150.00, 150.00, '2021-08-18 09:03:09', 'Satyakshi Negi', 75, 1),
(386, 84, '2021-07-15', '2021-08-15', '2021-08-14', '2021-09-14', 500.00, 500.00, '2021-08-18 09:03:24', 'Satyakshi Negi', 75, 1),
(387, 78, '2021-07-15', '2021-08-15', '2021-08-14', '2021-09-14', 3000.00, 3000.00, '2021-08-18 09:04:09', 'Satyakshi Negi', 75, 1),
(388, 76, '2021-07-15', '2021-08-15', '2021-08-14', '2021-09-14', 200.00, 200.00, '2021-08-18 09:05:51', 'Satyakshi Negi', 75, 1),
(389, 75, '2021-07-15', '2021-08-15', '2021-08-14', '2021-09-14', 250.00, 250.00, '2021-08-18 09:08:55', 'Satyakshi Negi', 75, 1),
(390, 74, '2021-07-15', '2021-08-15', '2021-08-14', '2021-09-14', 250.00, 250.00, '2021-08-18 09:10:10', 'Satyakshi Negi', 75, 1),
(391, 71, '2021-07-15', '2021-08-15', '2021-08-14', '2021-09-14', 250.00, 250.00, '2021-08-18 09:12:35', 'Satyakshi Negi', 75, 1),
(392, 63, '2021-07-15', '2021-08-15', '2021-08-14', '2021-09-14', 250.00, 250.00, '2021-08-18 09:13:02', 'Satyakshi Negi', 75, 1),
(393, 62, '2021-07-15', '2021-08-15', '2021-08-14', '2021-09-14', 250.00, 250.00, '2021-08-18 09:13:26', 'Satyakshi Negi', 75, 1),
(394, 61, '2021-07-15', '2021-08-15', '2021-08-14', '2021-09-14', 250.00, 250.00, '2021-08-18 09:14:06', 'Satyakshi Negi', 75, 1),
(395, 60, '2021-07-15', '2021-08-15', '2021-08-14', '2021-09-14', 250.00, 250.00, '2021-08-18 09:15:47', 'Satyakshi Negi', 75, 1),
(396, 50, '2021-07-15', '2021-08-15', '2021-08-14', '2021-09-14', 400.00, 400.00, '2021-08-18 09:16:06', 'Satyakshi Negi', 75, 1),
(397, 49, '2021-07-15', '2021-08-15', '2021-08-14', '2021-09-14', 160.00, 160.00, '2021-08-18 09:16:42', 'Satyakshi Negi', 75, 1),
(398, 45, '2021-07-15', '2021-08-15', '2021-08-14', '2021-09-14', 700.00, 700.00, '2021-08-18 09:17:05', 'Satyakshi Negi', 75, 1),
(399, 44, '2021-07-15', '2021-08-15', '2021-08-14', '2021-09-14', 220.00, 220.00, '2021-08-18 09:17:27', 'Satyakshi Negi', 75, 1),
(400, 42, '2021-07-15', '2021-08-15', '2021-08-14', '2021-09-14', 500.00, 500.00, '2021-08-18 09:17:54', 'Satyakshi Negi', 75, 1),
(401, 39, '2021-07-15', '2021-08-15', '2021-08-14', '2021-09-14', 500.00, 500.00, '2021-08-18 09:18:14', 'Satyakshi Negi', 75, 1),
(402, 37, '2021-07-15', '2021-08-15', '2021-08-14', '2021-09-14', 150.00, 150.00, '2021-08-18 09:19:07', 'Satyakshi Negi', 75, 1),
(403, 34, '2021-07-15', '2021-08-15', '2021-08-14', '2021-09-14', 250.00, 250.00, '2021-08-18 09:19:26', 'Satyakshi Negi', 75, 1),
(404, 33, '2021-07-15', '2021-08-15', '2021-08-14', '2021-09-14', 500.00, 500.00, '2021-08-18 09:19:47', 'Satyakshi Negi', 75, 1),
(405, 31, '2021-07-15', '2021-08-15', '2021-08-14', '2021-09-14', 200.00, 200.00, '2021-08-18 09:20:03', 'Satyakshi Negi', 75, 1),
(406, 30, '2021-07-15', '2021-08-15', '2021-08-14', '2021-09-14', 300.00, 300.00, '2021-08-18 09:20:30', 'Satyakshi Negi', 75, 1),
(407, 25, '2021-07-15', '2021-08-15', '2021-08-14', '2021-09-14', 250.00, 250.00, '2021-08-18 09:20:42', 'Satyakshi Negi', 75, 1),
(408, 24, '2021-07-15', '2021-08-15', '2021-08-14', '2021-09-14', 250.00, 250.00, '2021-08-18 09:21:35', 'Satyakshi Negi', 75, 1);
INSERT INTO `tblcontract_renewals` (`id`, `contractid`, `old_start_date`, `new_start_date`, `old_end_date`, `new_end_date`, `old_value`, `new_value`, `date_renewed`, `renewed_by`, `renewed_by_staff_id`, `is_on_old_expiry_notified`) VALUES
(409, 22, '2021-07-15', '2021-08-15', '2021-08-14', '2021-09-14', 500.00, 500.00, '2021-08-18 09:22:02', 'Satyakshi Negi', 75, 1),
(410, 20, '2021-07-15', '2021-08-15', '2021-08-14', '2021-09-14', 250.00, 250.00, '2021-08-18 09:22:18', 'Satyakshi Negi', 75, 1),
(411, 19, '2021-07-15', '2021-08-15', '2021-08-14', '2021-09-14', 400.00, 400.00, '2021-08-18 09:23:47', 'Satyakshi Negi', 75, 1),
(412, 17, '2021-07-15', '2021-08-15', '2021-08-14', '2021-09-14', 1000.00, 1000.00, '2021-08-18 09:24:09', 'Satyakshi Negi', 75, 1),
(413, 16, '2021-07-15', '2021-08-15', '2021-08-14', '2021-09-14', 1000.00, 1000.00, '2021-08-18 09:25:16', 'Satyakshi Negi', 75, 1),
(415, 14, '2021-07-15', '2021-08-15', '2021-08-14', '2021-09-14', 1000.00, 1000.00, '2021-08-18 09:26:53', 'Satyakshi Negi', 75, 1),
(416, 12, '2021-07-15', '2021-08-15', '2021-08-14', '2021-09-14', 500.00, 500.00, '2021-08-18 09:27:06', 'Satyakshi Negi', 75, 1),
(417, 9, '2021-07-15', '2021-08-15', '2021-08-14', '2021-09-14', 1000.00, 1000.00, '2021-08-18 09:27:21', 'Satyakshi Negi', 75, 1),
(418, 7, '2021-07-15', '2021-08-15', '2021-08-14', '2021-09-14', 500.00, 500.00, '2021-08-18 09:27:35', 'Satyakshi Negi', 75, 1),
(419, 6, '2021-07-15', '2021-08-15', '2021-08-14', '2021-09-14', 300.00, 300.00, '2021-08-18 09:28:29', 'Satyakshi Negi', 75, 1),
(420, 5, '2021-07-15', '2021-08-15', '2021-08-14', '2021-09-14', 500.00, 500.00, '2021-08-18 09:28:46', 'Satyakshi Negi', 75, 1),
(421, 2, '2021-07-15', '2021-08-15', '2021-08-14', '2021-09-14', 250.00, 250.00, '2021-08-18 09:28:58', 'Satyakshi Negi', 75, 1),
(422, 68, '2021-07-12', '2021-08-10', '2021-08-11', '2021-09-09', 250.00, 250.00, '2021-08-18 09:33:53', 'Satyakshi Negi', 75, 1),
(423, 66, '2021-07-12', '2021-08-12', '2021-08-11', '2021-09-11', 250.00, 250.00, '2021-08-18 09:34:21', 'Satyakshi Negi', 75, 1),
(424, 35, '2021-03-04', '2021-09-01', '2021-08-03', '2022-02-28', 1800.00, 1800.00, '2021-08-18 09:47:05', 'Satyakshi Negi', 75, 1),
(425, 27, '2021-07-20', '2021-08-20', '2021-08-19', '2021-09-19', 500.00, 500.00, '2021-08-20 13:13:38', 'Satyakshi Negi', 75, 1),
(426, 90, '2021-07-20', '2021-08-20', '2021-08-19', '2021-09-19', 250.00, 250.00, '2021-08-20 13:13:58', 'Satyakshi Negi', 75, 1),
(427, 69, '2021-07-20', '2021-08-20', '2021-08-19', '2021-09-19', 250.00, 250.00, '2021-08-20 13:14:09', 'Satyakshi Negi', 75, 1),
(429, 166, '2021-07-25', '2021-08-24', '2021-08-24', '2021-09-24', 250.00, 250.00, '2021-08-26 12:57:52', 'Satyakshi Negi', 75, 1),
(430, 154, '2021-07-25', '2021-08-25', '2021-08-24', '2021-09-24', 250.00, 250.00, '2021-08-26 12:58:15', 'Satyakshi Negi', 75, 1),
(431, 148, '2021-07-25', '2021-08-25', '2021-08-24', '2021-09-24', 1500.00, 1500.00, '2021-08-26 13:03:07', 'Satyakshi Negi', 75, 1),
(432, 147, '2021-07-25', '2021-08-25', '2021-08-24', '2021-09-24', 250.00, 250.00, '2021-08-26 13:03:20', 'Satyakshi Negi', 75, 1),
(433, 143, '2021-07-25', '2021-08-25', '2021-08-24', '2021-09-24', 333.33, 333.33, '2021-08-26 13:04:45', 'Satyakshi Negi', 75, 1),
(434, 142, '2021-07-25', '2021-08-25', '2021-08-24', '2021-09-24', 333.33, 333.33, '2021-08-26 13:05:12', 'Satyakshi Negi', 75, 1),
(435, 141, '2021-07-25', '2021-08-25', '2021-08-24', '2021-09-24', 333.33, 333.33, '2021-08-26 13:05:29', 'Satyakshi Negi', 75, 1),
(436, 138, '2021-07-25', '2021-08-25', '2021-08-24', '2021-09-24', 250.00, 250.00, '2021-08-26 13:05:43', 'Satyakshi Negi', 75, 1),
(437, 137, '2021-07-25', '2021-08-25', '2021-08-24', '2021-09-24', 500.00, 500.00, '2021-08-26 13:06:53', 'Satyakshi Negi', 75, 1),
(438, 136, '2021-07-25', '2021-08-25', '2021-08-24', '2021-09-24', 250.00, 250.00, '2021-08-26 13:07:09', 'Satyakshi Negi', 75, 1),
(439, 113, '2021-07-25', '2021-08-25', '2021-08-24', '2021-09-24', 500.00, 500.00, '2021-08-26 13:07:47', 'Satyakshi Negi', 75, 1),
(440, 112, '2021-07-25', '2021-08-25', '2021-08-24', '2021-09-24', 250.00, 250.00, '2021-08-26 13:07:59', 'Satyakshi Negi', 75, 1),
(441, 111, '2021-07-25', '2021-08-25', '2021-08-24', '2021-09-24', 250.00, 250.00, '2021-08-26 13:09:29', 'Satyakshi Negi', 75, 1),
(442, 106, '2021-07-25', '2021-08-25', '2021-08-24', '2021-09-24', 250.00, 250.00, '2021-08-26 13:10:04', 'Satyakshi Negi', 75, 1),
(443, 101, '2021-07-25', '2021-08-25', '2021-08-24', '2021-09-24', 500.00, 500.00, '2021-08-26 13:10:20', 'Satyakshi Negi', 75, 1),
(444, 95, '2021-07-25', '2021-08-25', '2021-08-24', '2021-09-24', 333.33, 333.33, '2021-08-26 13:11:11', 'Satyakshi Negi', 75, 1),
(445, 94, '2021-07-25', '2021-08-25', '2021-08-24', '2021-09-24', 333.33, 333.33, '2021-08-26 13:11:59', 'Satyakshi Negi', 75, 1),
(446, 93, '2021-07-25', '2021-08-25', '2021-08-24', '2021-09-24', 333.33, 333.33, '2021-08-26 13:12:15', 'Satyakshi Negi', 75, 1),
(447, 46, '2021-07-25', '2021-08-25', '2021-08-24', '2021-09-24', 250.00, 250.00, '2021-08-26 13:12:33', 'Satyakshi Negi', 75, 1),
(448, 41, '2021-07-25', '2021-08-25', '2021-08-24', '2021-09-24', 500.00, 500.00, '2021-08-26 13:12:44', 'Satyakshi Negi', 75, 1),
(449, 104, '2021-07-28', '2021-08-28', '2021-08-27', '2021-09-27', 500.00, 500.00, '2021-08-31 14:54:06', 'Satyakshi Negi', 75, 1),
(450, 105, '2021-07-28', '2021-08-28', '2021-08-27', '2021-09-27', 125.00, 125.00, '2021-08-31 14:55:11', 'Satyakshi Negi', 75, 1),
(452, 96, '2021-08-05', '2021-09-05', '2021-09-04', '2021-10-04', 250.00, 250.00, '2021-09-07 07:35:19', 'Satyakshi Negi', 75, 1),
(453, 89, '2021-08-05', '2021-09-05', '2021-09-04', '2021-10-04', 500.00, 500.00, '2021-09-07 07:35:34', 'Satyakshi Negi', 75, 1),
(454, 77, '2021-08-05', '2021-09-05', '2021-09-04', '2021-10-04', 250.00, 250.00, '2021-09-07 07:35:47', 'Satyakshi Negi', 75, 1),
(455, 55, '2021-08-05', '2021-09-05', '2021-09-04', '2021-10-04', 300.00, 300.00, '2021-09-07 07:36:00', 'Satyakshi Negi', 75, 1),
(456, 48, '2021-08-05', '2021-09-05', '2021-09-04', '2021-10-04', 600.00, 600.00, '2021-09-07 07:39:47', 'Satyakshi Negi', 75, 1),
(457, 47, '2021-08-05', '2021-09-05', '2021-09-04', '2021-10-04', 250.00, 250.00, '2021-09-07 07:40:09', 'Satyakshi Negi', 75, 1),
(458, 21, '2021-08-05', '2021-09-05', '2021-09-04', '2021-10-04', 500.00, 500.00, '2021-09-07 07:41:59', 'Satyakshi Negi', 75, 1),
(459, 129, '2021-08-01', '2021-09-01', '2021-08-31', '2021-09-30', 100.00, 100.00, '2021-09-07 08:06:01', 'Satyakshi Negi', 75, 1),
(460, 116, '2021-08-01', '2021-09-01', '2021-08-31', '2021-09-30', 100.00, 100.00, '2021-09-07 08:06:16', 'Satyakshi Negi', 75, 1),
(461, 82, '2021-08-01', '2021-09-01', '2021-08-31', '2021-09-30', 250.00, 250.00, '2021-09-07 08:06:42', 'Satyakshi Negi', 75, 1),
(462, 79, '2021-08-01', '2021-09-01', '2021-08-31', '2021-09-30', 1000.00, 1000.00, '2021-09-07 08:06:55', 'Satyakshi Negi', 75, 1),
(463, 70, '2021-08-01', '2021-09-01', '2021-08-31', '2021-09-30', 250.00, 250.00, '2021-09-07 08:07:13', 'Satyakshi Negi', 75, 1),
(464, 59, '2021-08-01', '2021-09-01', '2021-08-31', '2021-09-30', 1000.00, 1000.00, '2021-09-07 08:07:46', 'Satyakshi Negi', 75, 1),
(465, 56, '2021-08-01', '2021-09-01', '2021-08-31', '2021-09-30', 250.00, 250.00, '2021-09-07 08:08:04', 'Satyakshi Negi', 75, 1),
(466, 53, '2021-08-01', '2021-09-01', '2021-08-31', '2021-09-30', 500.00, 500.00, '2021-09-07 08:08:22', 'Satyakshi Negi', 75, 1),
(467, 51, '2021-08-01', '2021-09-01', '2021-08-31', '2021-09-30', 500.00, 500.00, '2021-09-07 08:08:37', 'Satyakshi Negi', 75, 1),
(468, 43, '2021-08-01', '2021-09-01', '2021-08-31', '2021-09-30', 250.00, 250.00, '2021-09-07 08:08:52', 'Satyakshi Negi', 75, 1),
(469, 40, '2021-08-01', '2021-09-01', '2021-08-31', '2021-09-30', 250.00, 250.00, '2021-09-07 08:09:27', 'Satyakshi Negi', 75, 1),
(470, 32, '2021-08-01', '2021-09-01', '2021-08-31', '2021-09-30', 4000.00, 4000.00, '2021-09-07 08:09:41', 'Satyakshi Negi', 75, 1),
(472, 11, '2021-06-01', '2021-07-01', '2021-06-30', '2021-07-31', 1000.00, 1000.00, '2021-09-07 08:11:47', 'Satyakshi Negi', 75, 1),
(473, 11, '2021-07-01', '2021-08-01', '2021-07-31', '2021-08-31', 1000.00, 1000.00, '2021-09-07 08:12:02', 'Satyakshi Negi', 75, 0),
(474, 11, '2021-08-01', '2021-09-01', '2021-08-31', '2021-09-30', 1000.00, 1000.00, '2021-09-07 08:12:15', 'Satyakshi Negi', 75, 0),
(475, 122, '2021-08-01', '2021-09-01', '0000-00-00', '2021-09-30', 100.00, 100.00, '2021-09-07 09:27:00', 'Satyakshi Negi', 75, 0),
(476, 140, '2021-05-20', '2021-09-10', '0000-00-00', '2021-10-09', 250.00, 250.00, '2021-09-09 12:03:22', 'Satyakshi Negi', 75, 0),
(477, 104, '2021-08-10', '2021-09-10', '2021-09-09', '2021-10-09', 500.00, 500.00, '2021-09-10 13:33:12', 'Satyakshi Negi', 75, 0),
(478, 177, '2021-08-10', '2021-09-10', '2021-09-09', '2021-10-09', 280.00, 280.00, '2021-09-10 13:34:38', 'Satyakshi Negi', 75, 1),
(479, 168, '2021-08-10', '2021-09-10', '2021-09-09', '2021-10-09', 100.00, 100.00, '2021-09-10 13:34:51', 'Satyakshi Negi', 75, 1),
(480, 65, '2021-08-10', '2021-09-10', '2021-09-09', '2021-10-09', 200.00, 200.00, '2021-09-10 13:35:14', 'Satyakshi Negi', 75, 1),
(481, 66, '2021-08-12', '2021-09-12', '2021-09-11', '2021-10-11', 250.00, 250.00, '2021-09-13 12:23:07', 'Satyakshi Negi', 75, 1),
(482, 176, '2021-08-15', '2021-09-15', '2021-09-14', '2021-10-14', 350.00, 350.00, '2021-09-16 11:41:25', 'Satyakshi Negi', 75, 1),
(483, 133, '2021-08-15', '2021-09-15', '2021-09-14', '2021-10-14', 250.00, 250.00, '2021-09-16 11:42:19', 'Satyakshi Negi', 75, 1),
(484, 131, '2021-08-15', '2021-09-15', '2021-09-14', '2021-10-14', 150.00, 150.00, '2021-09-16 11:43:12', 'Satyakshi Negi', 75, 1),
(485, 130, '2021-08-15', '2021-09-15', '2021-09-14', '2021-10-14', 200.00, 200.00, '2021-09-16 11:43:23', 'Satyakshi Negi', 75, 1),
(486, 125, '2021-08-15', '2021-09-15', '2021-09-14', '2021-10-14', 75.00, 75.00, '2021-09-16 11:43:55', 'Satyakshi Negi', 75, 1),
(487, 121, '2021-08-15', '2021-09-15', '2021-09-14', '2021-10-14', 100.00, 100.00, '2021-09-16 11:44:10', 'Satyakshi Negi', 75, 1),
(488, 127, '2021-08-15', '2021-09-15', '2021-09-14', '2021-10-14', 75.00, 75.00, '2021-09-16 11:44:41', 'Satyakshi Negi', 75, 1),
(489, 120, '2021-08-15', '2021-09-15', '2021-09-14', '2021-10-14', 100.00, 100.00, '2021-09-16 11:45:42', 'Satyakshi Negi', 75, 1),
(490, 119, '2021-08-15', '2021-09-15', '2021-09-14', '2021-10-14', 100.00, 100.00, '2021-09-16 11:45:57', 'Satyakshi Negi', 75, 1),
(491, 118, '2021-08-15', '2021-09-15', '2021-09-14', '2021-10-14', 100.00, 100.00, '2021-09-16 11:46:20', 'Satyakshi Negi', 75, 1),
(492, 117, '2021-08-15', '2021-09-15', '2021-09-14', '2021-10-14', 100.00, 100.00, '2021-09-16 11:46:32', 'Satyakshi Negi', 75, 1),
(494, 115, '2021-08-15', '2021-09-15', '2021-09-14', '2021-10-14', 100.00, 100.00, '2021-09-16 11:48:29', 'Satyakshi Negi', 75, 1),
(495, 110, '2021-08-15', '2021-09-15', '2021-09-14', '2021-10-14', 200.00, 200.00, '2021-09-16 11:48:42', 'Satyakshi Negi', 75, 1),
(496, 99, '2021-08-15', '2021-09-15', '2021-09-14', '2021-10-14', 400.00, 400.00, '2021-09-16 11:51:20', 'Satyakshi Negi', 75, 1),
(497, 91, '2021-08-15', '2021-09-15', '2021-09-14', '2021-10-14', 250.00, 250.00, '2021-09-16 11:51:35', 'Satyakshi Negi', 75, 1),
(498, 86, '2021-08-15', '2021-09-15', '2021-09-14', '2021-10-14', 150.00, 150.00, '2021-09-16 11:51:57', 'Satyakshi Negi', 75, 1),
(499, 84, '2021-08-15', '2021-09-15', '2021-09-14', '2021-10-14', 500.00, 500.00, '2021-09-16 11:54:01', 'Satyakshi Negi', 75, 1),
(500, 78, '2021-08-15', '2021-09-15', '2021-09-14', '2021-10-14', 1500.00, 1500.00, '2021-09-16 11:54:24', 'Satyakshi Negi', 75, 1),
(501, 76, '2021-08-15', '2021-09-15', '2021-09-14', '2021-10-14', 200.00, 200.00, '2021-09-16 11:56:51', 'Satyakshi Negi', 75, 1),
(502, 75, '2021-08-15', '2021-09-15', '2021-09-14', '2021-10-14', 250.00, 250.00, '2021-09-16 11:57:13', 'Satyakshi Negi', 75, 1),
(503, 74, '2021-08-15', '2021-09-15', '2021-09-14', '2021-10-14', 250.00, 250.00, '2021-09-16 11:57:25', 'Satyakshi Negi', 75, 1),
(504, 71, '2021-08-15', '2021-09-15', '2021-09-14', '2021-10-14', 250.00, 250.00, '2021-09-16 11:57:45', 'Satyakshi Negi', 75, 1),
(505, 63, '2021-08-15', '2021-09-15', '2021-09-14', '2021-10-14', 250.00, 250.00, '2021-09-16 11:58:24', 'Satyakshi Negi', 75, 1),
(506, 62, '2021-08-15', '2021-09-15', '2021-09-14', '2021-10-14', 250.00, 250.00, '2021-09-16 11:59:17', 'Satyakshi Negi', 75, 1),
(507, 61, '2021-08-15', '2021-09-15', '2021-09-14', '2021-10-14', 250.00, 250.00, '2021-09-16 11:59:31', 'Satyakshi Negi', 75, 1),
(508, 60, '2021-08-15', '2021-09-15', '2021-09-14', '2021-10-14', 250.00, 250.00, '2021-09-16 11:59:47', 'Satyakshi Negi', 75, 1),
(509, 50, '2021-08-15', '2021-09-15', '2021-09-14', '2021-10-14', 400.00, 400.00, '2021-09-16 12:00:02', 'Satyakshi Negi', 75, 1),
(510, 49, '2021-08-15', '2021-09-15', '2021-09-14', '2021-10-14', 160.00, 160.00, '2021-09-16 12:03:59', 'Satyakshi Negi', 75, 1),
(511, 45, '2021-08-15', '2021-09-15', '2021-09-14', '2021-10-14', 700.00, 700.00, '2021-09-16 12:04:12', 'Satyakshi Negi', 75, 1),
(512, 44, '2021-08-15', '2021-09-15', '2021-09-14', '2021-10-14', 220.00, 220.00, '2021-09-16 12:04:24', 'Satyakshi Negi', 75, 1),
(513, 42, '2021-08-15', '2021-09-15', '2021-09-14', '2021-10-14', 500.00, 500.00, '2021-09-16 12:04:36', 'Satyakshi Negi', 75, 1),
(514, 39, '2021-08-15', '2021-09-15', '2021-09-14', '2021-10-14', 250.00, 250.00, '2021-09-16 12:04:50', 'Satyakshi Negi', 75, 1),
(515, 37, '2021-08-15', '2021-09-15', '2021-09-14', '2021-10-14', 150.00, 150.00, '2021-09-16 12:05:48', 'Satyakshi Negi', 75, 1),
(516, 34, '2021-08-15', '2021-09-15', '2021-09-14', '2021-10-14', 250.00, 250.00, '2021-09-16 12:06:00', 'Satyakshi Negi', 75, 1),
(517, 33, '2021-08-15', '2021-09-15', '2021-09-14', '2021-10-14', 500.00, 500.00, '2021-09-16 12:06:12', 'Satyakshi Negi', 75, 1),
(518, 31, '2021-08-15', '2021-09-15', '2021-09-14', '2021-10-14', 200.00, 200.00, '2021-09-16 12:06:39', 'Satyakshi Negi', 75, 1),
(519, 30, '2021-08-15', '2021-09-15', '2021-09-14', '2021-10-14', 300.00, 300.00, '2021-09-16 12:06:51', 'Satyakshi Negi', 75, 1),
(520, 25, '2021-08-15', '2021-09-15', '2021-09-14', '2021-10-14', 250.00, 250.00, '2021-09-16 12:08:02', 'Satyakshi Negi', 75, 1),
(521, 24, '2021-08-15', '2021-09-15', '2021-09-14', '2021-10-14', 250.00, 250.00, '2021-09-16 12:08:29', 'Satyakshi Negi', 75, 1),
(522, 22, '2021-08-15', '2021-09-15', '2021-09-14', '2021-10-14', 500.00, 500.00, '2021-09-16 12:08:44', 'Satyakshi Negi', 75, 1),
(523, 20, '2021-08-15', '2021-09-15', '2021-09-14', '2021-10-14', 250.00, 250.00, '2021-09-16 12:08:58', 'Satyakshi Negi', 75, 1),
(524, 19, '2021-08-15', '2021-09-15', '2021-09-14', '2021-10-14', 400.00, 400.00, '2021-09-16 12:09:12', 'Satyakshi Negi', 75, 1),
(525, 17, '2021-08-15', '2021-09-15', '2021-09-14', '2021-10-14', 1000.00, 1000.00, '2021-09-16 12:11:43', 'Satyakshi Negi', 75, 1),
(526, 16, '2021-08-15', '2021-09-15', '2021-09-14', '2021-10-14', 1000.00, 1000.00, '2021-09-16 12:11:57', 'Satyakshi Negi', 75, 1),
(528, 14, '2021-08-15', '2021-09-15', '2021-09-14', '2021-10-14', 1000.00, 1000.00, '2021-09-16 12:12:36', 'Satyakshi Negi', 75, 1),
(529, 12, '2021-08-15', '2021-09-15', '2021-09-14', '2021-10-14', 500.00, 500.00, '2021-09-16 12:12:48', 'Satyakshi Negi', 75, 1),
(530, 9, '2021-08-15', '2021-09-15', '2021-09-14', '2021-10-14', 1000.00, 1000.00, '2021-09-16 12:13:40', 'Satyakshi Negi', 75, 1),
(531, 7, '2021-08-15', '2021-09-15', '2021-09-14', '2021-10-14', 500.00, 500.00, '2021-09-16 12:13:52', 'Satyakshi Negi', 75, 1),
(532, 6, '2021-08-15', '2021-09-15', '2021-09-14', '2021-10-14', 300.00, 300.00, '2021-09-16 12:14:04', 'Satyakshi Negi', 75, 1),
(533, 5, '2021-08-15', '2021-09-15', '2021-09-14', '2021-10-14', 500.00, 500.00, '2021-09-16 12:14:19', 'Satyakshi Negi', 75, 1),
(534, 2, '2021-08-15', '2021-09-15', '2021-09-14', '2021-10-14', 250.00, 250.00, '2021-09-16 12:14:32', 'Satyakshi Negi', 75, 1),
(535, 165, '2021-08-20', '2021-09-20', '2021-09-19', '2021-10-19', 500.00, 500.00, '2021-09-20 07:09:44', 'Satyakshi Negi', 75, 1),
(536, 161, '2021-08-20', '2021-09-20', '2021-09-19', '2021-10-19', 500.00, 500.00, '2021-09-20 07:10:05', 'Satyakshi Negi', 75, 1),
(537, 151, '2021-08-20', '2021-09-20', '2021-09-19', '2021-10-19', 250.00, 250.00, '2021-09-20 07:10:14', 'Satyakshi Negi', 75, 1),
(538, 103, '2021-08-20', '2021-09-20', '2021-09-19', '2021-10-19', 400.00, 400.00, '2021-09-20 07:10:24', 'Satyakshi Negi', 75, 1),
(539, 102, '2021-08-20', '2021-09-20', '2021-09-19', '2021-10-19', 250.00, 250.00, '2021-09-20 07:11:14', 'Satyakshi Negi', 75, 1),
(540, 90, '2021-08-20', '2021-09-20', '2021-09-19', '2021-10-19', 250.00, 250.00, '2021-09-20 07:11:38', 'Satyakshi Negi', 75, 1),
(541, 69, '2021-08-20', '2021-09-20', '2021-09-19', '2021-10-19', 250.00, 250.00, '2021-09-20 07:11:50', 'Satyakshi Negi', 75, 1),
(542, 23, '2021-08-25', '2021-09-25', '2021-09-24', '2021-10-24', 500.00, 500.00, '2021-09-27 10:09:30', 'Satyakshi Negi', 75, 1),
(543, 41, '2021-08-25', '2021-09-25', '2021-09-24', '2021-10-24', 500.00, 500.00, '2021-09-27 10:09:57', 'Satyakshi Negi', 75, 1),
(544, 46, '2021-08-25', '2021-09-25', '2021-09-24', '2021-10-24', 250.00, 250.00, '2021-09-27 10:11:02', 'Satyakshi Negi', 75, 1),
(545, 93, '2021-08-25', '2021-09-25', '2021-09-24', '2021-10-24', 333.33, 333.33, '2021-09-27 10:11:48', 'Satyakshi Negi', 75, 1),
(546, 94, '2021-08-25', '2021-09-25', '2021-09-24', '2021-10-24', 333.33, 333.33, '2021-09-27 10:12:32', 'Satyakshi Negi', 75, 1),
(547, 95, '2021-08-25', '2021-09-25', '2021-09-24', '2021-10-24', 333.33, 333.33, '2021-09-27 10:13:18', 'Satyakshi Negi', 75, 1),
(548, 101, '2021-08-25', '2021-09-25', '2021-09-24', '2021-10-24', 500.00, 500.00, '2021-09-27 10:13:45', 'Satyakshi Negi', 75, 1),
(549, 106, '2021-08-25', '2021-09-25', '2021-09-24', '2021-10-24', 250.00, 250.00, '2021-09-27 10:13:59', 'Satyakshi Negi', 75, 1),
(550, 111, '2021-08-25', '2021-09-25', '2021-09-24', '2021-10-24', 250.00, 250.00, '2021-09-27 10:14:28', 'Satyakshi Negi', 75, 1),
(551, 166, '2021-08-25', '2021-09-25', '2021-09-24', '2021-10-24', 250.00, 250.00, '2021-09-27 10:16:17', 'Satyakshi Negi', 75, 1),
(552, 154, '2021-08-25', '2021-09-25', '2021-09-24', '2021-10-24', 250.00, 250.00, '2021-09-27 10:16:30', 'Satyakshi Negi', 75, 1),
(553, 148, '2021-08-25', '2021-09-25', '2021-09-24', '2021-10-24', 1500.00, 1500.00, '2021-09-27 10:16:47', 'Satyakshi Negi', 75, 1),
(554, 147, '2021-08-25', '2021-09-25', '2021-09-24', '2021-10-24', 250.00, 250.00, '2021-09-27 10:16:59', 'Satyakshi Negi', 75, 1),
(555, 146, '2021-08-25', '2021-09-25', '2021-09-24', '2021-10-24', 250.00, 250.00, '2021-09-27 10:17:13', 'Satyakshi Negi', 75, 1),
(556, 143, '2021-08-25', '2021-09-25', '2021-09-24', '2021-10-24', 333.33, 333.33, '2021-09-27 10:18:07', 'Satyakshi Negi', 75, 1),
(557, 142, '2021-08-25', '2021-09-25', '2021-09-24', '2021-10-24', 333.33, 333.33, '2021-09-27 10:18:19', 'Satyakshi Negi', 75, 1),
(558, 141, '2021-08-25', '2021-09-25', '2021-09-24', '2021-10-24', 333.33, 333.33, '2021-09-27 10:18:29', 'Satyakshi Negi', 75, 1),
(559, 138, '2021-08-25', '2021-09-25', '2021-09-24', '2021-10-24', 250.00, 250.00, '2021-09-27 10:18:40', 'Satyakshi Negi', 75, 1),
(560, 137, '2021-08-25', '2021-09-25', '2021-09-24', '2021-10-24', 500.00, 500.00, '2021-09-27 10:18:51', 'Satyakshi Negi', 75, 1),
(561, 136, '2021-08-25', '2021-09-25', '2021-09-24', '2021-10-24', 250.00, 250.00, '2021-09-27 10:19:02', 'Satyakshi Negi', 75, 1),
(562, 113, '2021-08-25', '2021-09-25', '2021-09-24', '2021-10-24', 500.00, 500.00, '2021-09-27 10:19:29', 'Satyakshi Negi', 75, 1),
(563, 112, '2021-08-25', '2021-09-25', '2021-09-24', '2021-10-24', 250.00, 250.00, '2021-09-27 10:19:45', 'Satyakshi Negi', 75, 1),
(564, 105, '2021-08-28', '2021-09-28', '2021-09-27', '2021-10-27', 125.00, 125.00, '2021-09-29 15:01:31', 'Satyakshi Negi', 75, 1),
(565, 68, '2021-08-28', '2021-09-28', '2021-09-27', '2021-10-27', 250.00, 250.00, '2021-09-29 15:02:08', 'Satyakshi Negi', 75, 1),
(566, 11, '2021-09-01', '2021-10-01', '2021-09-30', '2021-10-31', 1000.00, 1000.00, '2021-10-05 13:31:27', 'Satyakshi Negi', 75, 1),
(567, 32, '2021-09-01', '2021-10-01', '2021-09-30', '2021-10-31', 4000.00, 4000.00, '2021-10-05 13:33:05', 'Satyakshi Negi', 75, 1),
(568, 40, '2021-09-01', '2021-10-01', '2021-09-30', '2021-10-31', 250.00, 250.00, '2021-10-05 13:33:26', 'Satyakshi Negi', 75, 1),
(569, 43, '2021-09-01', '2021-10-01', '2021-09-30', '2021-10-31', 250.00, 250.00, '2021-10-05 13:33:52', 'Satyakshi Negi', 75, 1),
(570, 51, '2021-09-01', '2021-10-01', '2021-09-30', '2021-10-31', 500.00, 500.00, '2021-10-05 13:34:23', 'Satyakshi Negi', 75, 1),
(571, 53, '2021-09-01', '2021-10-01', '2021-09-30', '2021-10-31', 500.00, 500.00, '2021-10-05 13:36:34', 'Satyakshi Negi', 75, 1),
(572, 56, '2021-09-01', '2021-10-01', '2021-09-30', '2021-10-31', 250.00, 250.00, '2021-10-05 13:37:39', 'Satyakshi Negi', 75, 1),
(573, 59, '2021-09-01', '2021-10-01', '2021-09-30', '2021-10-31', 1000.00, 1000.00, '2021-10-05 13:37:52', 'Satyakshi Negi', 75, 1),
(574, 70, '2021-09-01', '2021-10-01', '2021-09-30', '2021-10-31', 250.00, 250.00, '2021-10-05 13:38:07', 'Satyakshi Negi', 75, 1),
(575, 79, '2021-09-01', '2021-10-01', '2021-09-30', '2021-10-31', 1000.00, 1000.00, '2021-10-05 13:38:22', 'Satyakshi Negi', 75, 1),
(576, 82, '2021-09-01', '2021-10-01', '2021-09-30', '2021-10-31', 250.00, 250.00, '2021-10-05 13:40:21', 'Satyakshi Negi', 75, 1),
(577, 97, '2021-08-05', '2021-10-05', '2021-09-04', '2021-11-04', 250.00, 250.00, '2021-10-07 11:35:50', 'Satyakshi Negi', 75, 1),
(578, 89, '2021-09-05', '2021-10-05', '2021-10-04', '2021-11-04', 500.00, 500.00, '2021-10-07 11:38:05', 'Satyakshi Negi', 75, 1),
(579, 77, '2021-09-05', '2021-10-05', '2021-10-04', '2021-11-04', 250.00, 250.00, '2021-10-07 11:38:28', 'Satyakshi Negi', 75, 1),
(580, 55, '2021-09-05', '2021-10-05', '2021-10-04', '2021-11-04', 1000.00, 1000.00, '2021-10-07 11:38:48', 'Satyakshi Negi', 75, 1),
(581, 96, '2021-09-05', '2021-10-05', '2021-10-04', '2021-11-04', 250.00, 250.00, '2021-10-07 11:40:11', 'Satyakshi Negi', 75, 1),
(582, 48, '2021-09-05', '2021-10-05', '2021-10-04', '2021-11-04', 600.00, 600.00, '2021-10-07 11:40:27', 'Satyakshi Negi', 75, 1),
(583, 47, '2021-09-05', '2021-10-05', '2021-10-04', '2021-11-04', 250.00, 250.00, '2021-10-07 11:40:53', 'Satyakshi Negi', 75, 1),
(584, 21, '2021-09-05', '2021-10-05', '2021-10-04', '2021-11-04', 500.00, 500.00, '2021-10-07 11:41:14', 'Satyakshi Negi', 75, 1),
(585, 129, '2021-09-01', '2021-10-01', '2021-09-30', '2021-11-30', 100.00, 100.00, '2021-10-07 13:24:59', 'Satyakshi Negi', 75, 1),
(586, 122, '2021-09-01', '2021-10-01', '2021-09-30', '2021-10-31', 100.00, 100.00, '2021-10-07 13:25:32', 'Satyakshi Negi', 75, 1),
(587, 116, '2021-09-01', '2021-10-01', '2021-09-30', '2021-10-31', 100.00, 100.00, '2021-10-07 13:27:13', 'Satyakshi Negi', 75, 1),
(588, 108, '2021-09-01', '2021-10-01', '2021-09-30', '2021-10-31', 250.00, 250.00, '2021-10-07 13:46:55', 'Satyakshi Negi', 75, 1),
(589, 107, '2021-09-01', '2021-10-01', '2021-09-30', '2021-10-31', 250.00, 250.00, '2021-10-07 13:47:16', 'Satyakshi Negi', 75, 1),
(590, 65, '2021-09-10', '2021-10-10', '2021-10-09', '2021-10-25', 200.00, 200.00, '2021-10-13 09:04:03', 'Satyakshi Negi', 75, 1),
(591, 104, '2021-09-10', '2021-10-10', '2021-10-09', '2021-10-25', 500.00, 500.00, '2021-10-13 09:04:57', 'Satyakshi Negi', 75, 1),
(592, 140, '2021-09-10', '2021-10-10', '2021-10-09', '2021-10-25', 250.00, 250.00, '2021-10-13 09:05:28', 'Satyakshi Negi', 75, 1),
(593, 168, '2021-09-10', '2021-10-10', '2021-10-09', '2021-10-25', 100.00, 100.00, '2021-10-13 09:05:47', 'Satyakshi Negi', 75, 1),
(594, 177, '2021-09-10', '2021-10-10', '2021-10-09', '2021-11-25', 280.00, 280.00, '2021-10-13 09:06:03', 'Satyakshi Negi', 75, 1),
(595, 54, '2021-05-12', '2021-10-12', '2021-10-11', '2021-10-25', 250.00, 250.00, '2021-10-13 09:06:44', 'Satyakshi Negi', 75, 1),
(596, 64, '2021-05-12', '2021-10-12', '2021-10-11', '2021-10-25', 250.00, 250.00, '2021-10-13 09:07:15', 'Satyakshi Negi', 75, 1),
(597, 66, '2021-09-12', '2021-10-12', '2021-10-11', '2021-10-25', 250.00, 250.00, '2021-10-13 09:07:39', 'Satyakshi Negi', 75, 1),
(598, 57, '2021-05-12', '2021-10-12', '2021-10-13', '2021-11-11', 250.00, 250.00, '2021-10-18 15:25:37', 'Satyakshi Negi', 75, 1),
(599, 2, '2021-09-15', '2021-10-15', '2021-10-14', '2021-11-14', 250.00, 250.00, '2021-10-18 15:26:45', 'Satyakshi Negi', 75, 1),
(600, 5, '2021-09-15', '2021-10-15', '2021-10-14', '2021-11-14', 500.00, 500.00, '2021-10-18 15:27:02', 'Satyakshi Negi', 75, 1),
(601, 6, '2021-09-15', '2021-10-15', '2021-10-14', '2021-11-14', 300.00, 300.00, '2021-10-18 15:27:18', 'Satyakshi Negi', 75, 1),
(602, 7, '2021-09-15', '2021-10-15', '2021-10-14', '2021-11-14', 500.00, 500.00, '2021-10-18 15:28:13', 'Satyakshi Negi', 75, 1),
(603, 9, '2021-09-15', '2021-10-15', '2021-10-14', '2021-11-14', 1000.00, 1000.00, '2021-10-18 15:28:29', 'Satyakshi Negi', 75, 1),
(604, 12, '2021-09-15', '2021-10-15', '2021-10-14', '2021-11-14', 500.00, 500.00, '2021-10-18 15:28:42', 'Satyakshi Negi', 75, 1),
(605, 14, '2021-09-15', '2021-10-15', '2021-10-14', '2021-11-14', 1000.00, 1000.00, '2021-10-18 15:28:59', 'Satyakshi Negi', 75, 1),
(607, 16, '2021-09-15', '2021-10-15', '2021-10-14', '2021-11-14', 1000.00, 1000.00, '2021-10-18 15:30:06', 'Satyakshi Negi', 75, 1),
(608, 17, '2021-09-15', '2021-10-15', '2021-10-14', '2021-11-14', 1000.00, 1000.00, '2021-10-18 15:30:20', 'Satyakshi Negi', 75, 1),
(609, 19, '2021-09-15', '2021-10-15', '2021-10-14', '2021-11-14', 400.00, 400.00, '2021-10-18 15:30:35', 'Satyakshi Negi', 75, 1),
(610, 20, '2021-09-15', '2021-10-15', '2021-10-14', '2021-11-14', 250.00, 250.00, '2021-10-18 15:31:35', 'Satyakshi Negi', 75, 1),
(611, 22, '2021-09-15', '2021-10-15', '2021-10-14', '2021-11-14', 500.00, 500.00, '2021-10-18 15:31:52', 'Satyakshi Negi', 75, 1),
(612, 24, '2021-09-15', '2021-10-15', '2021-10-14', '2021-11-14', 250.00, 250.00, '2021-10-18 15:32:05', 'Satyakshi Negi', 75, 1),
(613, 25, '2021-09-15', '2021-10-15', '2021-10-14', '2021-11-14', 250.00, 250.00, '2021-10-18 15:32:19', 'Satyakshi Negi', 75, 1),
(614, 30, '2021-09-15', '2021-10-15', '2021-10-14', '2021-11-14', 300.00, 300.00, '2021-10-18 15:33:16', 'Satyakshi Negi', 75, 1),
(615, 31, '2021-09-15', '2021-10-15', '2021-10-14', '2021-11-14', 200.00, 200.00, '2021-10-18 15:33:31', 'Satyakshi Negi', 75, 1),
(616, 33, '2021-09-15', '2021-10-15', '2021-10-14', '2021-11-14', 500.00, 500.00, '2021-10-18 15:33:42', 'Satyakshi Negi', 75, 1),
(617, 34, '2021-09-15', '2021-10-15', '2021-10-14', '2021-11-14', 250.00, 250.00, '2021-10-18 15:33:57', 'Satyakshi Negi', 75, 1),
(618, 37, '2021-09-15', '2021-10-15', '2021-10-14', '2021-11-14', 150.00, 150.00, '2021-10-19 07:12:54', 'Satyakshi Negi', 75, 1),
(619, 39, '2021-09-15', '2021-10-15', '2021-10-14', '2021-11-14', 250.00, 250.00, '2021-10-19 07:13:14', 'Satyakshi Negi', 75, 1),
(620, 42, '2021-09-15', '2021-10-15', '2021-10-14', '2021-11-14', 500.00, 500.00, '2021-10-19 07:13:33', 'Satyakshi Negi', 75, 1),
(621, 44, '2021-09-15', '2021-10-15', '2021-10-14', '2021-11-14', 220.00, 220.00, '2021-10-19 07:13:53', 'Satyakshi Negi', 75, 1),
(622, 45, '2021-09-15', '2021-10-15', '2021-10-14', '2021-11-14', 700.00, 700.00, '2021-10-19 07:14:05', 'Satyakshi Negi', 75, 1),
(623, 49, '2021-09-15', '2021-10-15', '2021-10-14', '2021-11-14', 160.00, 160.00, '2021-10-19 07:14:45', 'Satyakshi Negi', 75, 1),
(624, 50, '2021-09-15', '2021-10-15', '2021-10-14', '2021-11-14', 400.00, 400.00, '2021-10-19 07:14:58', 'Satyakshi Negi', 75, 1),
(625, 60, '2021-09-15', '2021-10-15', '2021-10-14', '2021-11-14', 250.00, 250.00, '2021-10-19 07:15:12', 'Satyakshi Negi', 75, 1),
(626, 61, '2021-09-15', '2021-10-15', '2021-10-14', '2021-11-14', 250.00, 250.00, '2021-10-19 07:15:29', 'Satyakshi Negi', 75, 1),
(627, 62, '2021-09-15', '2021-10-15', '2021-10-14', '2021-11-14', 250.00, 250.00, '2021-10-19 07:15:43', 'Satyakshi Negi', 75, 1),
(628, 63, '2021-09-15', '2021-10-15', '2021-10-14', '2021-11-14', 250.00, 250.00, '2021-10-19 07:16:17', 'Satyakshi Negi', 75, 1),
(629, 71, '2021-09-15', '2021-10-15', '2021-10-14', '2021-11-14', 250.00, 250.00, '2021-10-19 07:16:29', 'Satyakshi Negi', 75, 1),
(630, 74, '2021-09-15', '2021-10-15', '2021-10-14', '2021-11-14', 250.00, 250.00, '2021-10-19 07:16:55', 'Satyakshi Negi', 75, 1),
(631, 75, '2021-09-15', '2021-10-15', '2021-10-14', '2021-11-14', 250.00, 250.00, '2021-10-19 07:17:10', 'Satyakshi Negi', 75, 1),
(632, 76, '2021-09-15', '2021-10-15', '2021-10-14', '2021-11-14', 200.00, 200.00, '2021-10-19 07:17:24', 'Satyakshi Negi', 75, 1),
(633, 78, '2021-09-15', '2021-10-15', '2021-10-14', '2021-11-14', 1500.00, 1500.00, '2021-10-19 07:18:40', 'Satyakshi Negi', 75, 1),
(634, 84, '2021-09-15', '2021-10-15', '2021-10-14', '2021-11-14', 500.00, 500.00, '2021-10-19 07:18:56', 'Satyakshi Negi', 75, 1),
(635, 86, '2021-09-15', '2021-10-15', '2021-10-14', '2021-11-14', 150.00, 150.00, '2021-10-19 07:19:08', 'Satyakshi Negi', 75, 1),
(636, 91, '2021-09-15', '2021-10-15', '2021-10-14', '2021-11-14', 250.00, 250.00, '2021-10-19 07:19:22', 'Satyakshi Negi', 75, 1),
(637, 99, '2021-09-15', '2021-10-15', '2021-10-14', '2021-11-14', 400.00, 400.00, '2021-10-19 07:19:35', 'Satyakshi Negi', 75, 1),
(638, 110, '2021-09-15', '2021-10-15', '2021-10-14', '2021-11-14', 200.00, 200.00, '2021-10-19 07:20:49', 'Satyakshi Negi', 75, 1),
(639, 115, '2021-09-15', '2021-10-15', '2021-10-14', '2021-11-14', 100.00, 100.00, '2021-10-19 07:21:26', 'Satyakshi Negi', 75, 1),
(640, 117, '2021-09-15', '2021-10-15', '2021-10-14', '2021-11-14', 100.00, 100.00, '2021-10-19 07:21:43', 'Satyakshi Negi', 75, 1),
(641, 118, '2021-09-15', '2021-10-15', '2021-10-14', '2021-11-14', 100.00, 100.00, '2021-10-19 07:21:54', 'Satyakshi Negi', 75, 1),
(642, 119, '2021-09-15', '2021-10-15', '2021-10-14', '2021-11-14', 100.00, 100.00, '2021-10-19 07:22:06', 'Satyakshi Negi', 75, 1),
(643, 120, '2021-09-15', '2021-10-15', '2021-10-14', '2021-11-14', 100.00, 100.00, '2021-10-19 07:22:42', 'Satyakshi Negi', 75, 1),
(644, 121, '2021-09-15', '2021-10-15', '2021-10-14', '2021-11-14', 100.00, 100.00, '2021-10-19 07:23:02', 'Satyakshi Negi', 75, 1),
(645, 125, '2021-09-15', '2021-10-15', '2021-10-14', '2021-11-14', 75.00, 75.00, '2021-10-19 07:23:15', 'Satyakshi Negi', 75, 1),
(646, 127, '2021-09-15', '2021-10-15', '2021-10-14', '2021-11-14', 75.00, 75.00, '2021-10-19 07:23:30', 'Satyakshi Negi', 75, 1),
(647, 130, '2021-09-15', '2021-10-15', '2021-10-14', '2021-11-14', 200.00, 200.00, '2021-10-19 07:23:43', 'Satyakshi Negi', 75, 1),
(648, 131, '2021-09-15', '2021-10-15', '2021-10-14', '2021-11-14', 150.00, 150.00, '2021-10-19 12:38:59', 'Satyakshi Negi', 75, 1),
(649, 133, '2021-09-15', '2021-10-15', '2021-10-14', '2021-11-14', 250.00, 250.00, '2021-10-19 12:39:16', 'Satyakshi Negi', 75, 1),
(650, 155, '2021-09-15', '2021-10-15', '2021-10-14', '2021-11-14', 500.00, 500.00, '2021-10-19 12:39:32', 'Satyakshi Negi', 75, 1),
(651, 159, '2021-09-15', '2021-10-15', '2021-10-14', '2021-11-14', 250.00, 250.00, '2021-10-19 12:39:51', 'Satyakshi Negi', 75, 1),
(652, 176, '2021-09-15', '2021-10-15', '2021-10-14', '2021-11-14', 350.00, 350.00, '2021-10-19 12:40:04', 'Satyakshi Negi', 75, 1),
(653, 3, '2020-11-17', '2021-10-15', '2021-10-16', '2022-09-14', 300.00, 300.00, '2021-10-19 12:45:44', 'Satyakshi Negi', 75, 1),
(654, 69, '2021-09-20', '2021-10-20', '2021-10-19', '2021-10-30', 250.00, 250.00, '2021-10-20 08:34:36', 'Satyakshi Negi', 75, 1),
(655, 90, '2021-09-20', '2021-10-20', '2021-10-19', '2021-10-30', 250.00, 250.00, '2021-10-20 08:34:59', 'Satyakshi Negi', 75, 1),
(656, 102, '2021-09-20', '2021-10-20', '2021-10-19', '2021-10-30', 250.00, 250.00, '2021-10-20 08:35:14', 'Satyakshi Negi', 75, 1),
(657, 103, '2021-09-20', '2021-10-20', '2021-10-19', '2021-10-30', 400.00, 400.00, '2021-10-20 08:35:32', 'Satyakshi Negi', 75, 1),
(658, 134, '2021-09-20', '2021-10-20', '2021-10-19', '2021-10-30', 250.00, 250.00, '2021-10-20 08:35:49', 'Satyakshi Negi', 75, 1),
(659, 156, '2021-09-05', '2021-10-05', '2021-10-04', '2021-11-04', 250.00, 250.00, '2021-10-20 08:49:14', 'Satyakshi Negi', 75, 1),
(660, 165, '2021-09-20', '2021-10-20', '2021-10-19', '2021-10-30', 500.00, 500.00, '2021-10-20 08:49:51', 'Satyakshi Negi', 75, 1),
(661, 151, '2021-09-20', '2021-10-20', '2021-10-19', '2021-10-30', 250.00, 250.00, '2021-10-20 08:50:18', 'Satyakshi Negi', 75, 1),
(662, 171, '2021-09-20', '2021-10-20', '2021-10-19', '2021-10-30', 200.00, 200.00, '2021-10-20 08:50:52', 'Satyakshi Negi', 75, 1),
(663, 23, '2021-09-25', '2021-10-25', '2021-10-24', '2021-11-24', 500.00, 500.00, '2021-10-21 07:04:01', 'Satyakshi Negi', 75, 1),
(664, 41, '2021-09-25', '2021-10-25', '2021-10-24', '2021-11-24', 500.00, 500.00, '2021-10-21 07:08:27', 'Satyakshi Negi', 75, 1),
(665, 46, '2021-09-25', '2021-10-25', '2021-10-24', '2021-11-24', 250.00, 250.00, '2021-10-21 07:09:01', 'Satyakshi Negi', 75, 1),
(666, 93, '2021-09-25', '2021-10-25', '2021-10-24', '2021-11-24', 333.33, 333.33, '2021-10-21 07:09:18', 'Satyakshi Negi', 75, 1),
(667, 94, '2021-09-25', '2021-10-25', '2021-10-24', '2021-11-24', 333.33, 333.33, '2021-10-21 07:10:01', 'Satyakshi Negi', 75, 1),
(668, 95, '2021-09-25', '2021-10-25', '2021-10-24', '2021-11-24', 333.33, 333.33, '2021-10-21 07:10:32', 'Satyakshi Negi', 75, 1),
(669, 101, '2021-09-25', '2021-10-25', '2021-10-24', '2021-11-24', 500.00, 500.00, '2021-10-21 07:10:51', 'Satyakshi Negi', 75, 1),
(670, 106, '2021-09-25', '2021-10-25', '2021-10-24', '2021-11-24', 250.00, 250.00, '2021-10-21 07:11:04', 'Satyakshi Negi', 75, 1),
(671, 111, '2021-09-25', '2021-10-25', '2021-10-24', '2021-11-24', 250.00, 250.00, '2021-10-21 07:12:00', 'Satyakshi Negi', 75, 1),
(672, 112, '2021-09-25', '2021-10-25', '2021-10-24', '2021-11-24', 250.00, 250.00, '2021-10-21 07:12:14', 'Satyakshi Negi', 75, 1),
(673, 113, '2021-09-25', '2021-10-25', '2021-10-24', '2021-11-24', 500.00, 500.00, '2021-10-21 07:12:26', 'Satyakshi Negi', 75, 1),
(674, 136, '2021-09-25', '2021-10-25', '2021-10-24', '2021-11-24', 250.00, 250.00, '2021-10-21 07:12:39', 'Satyakshi Negi', 75, 1),
(675, 137, '2021-09-25', '2021-10-25', '2021-10-24', '2021-11-24', 500.00, 500.00, '2021-10-21 07:14:00', 'Satyakshi Negi', 75, 1),
(676, 138, '2021-09-25', '2021-10-25', '2021-10-24', '2021-11-24', 250.00, 250.00, '2021-10-21 07:14:16', 'Satyakshi Negi', 75, 1),
(677, 141, '2021-09-25', '2021-10-25', '2021-10-24', '2021-11-24', 333.33, 333.33, '2021-10-21 07:14:37', 'Satyakshi Negi', 75, 1),
(678, 142, '2021-09-25', '2021-10-25', '2021-10-24', '2021-11-24', 333.33, 333.33, '2021-10-21 07:14:53', 'Satyakshi Negi', 75, 1),
(679, 143, '2021-09-25', '2021-10-25', '2021-10-24', '2021-11-24', 333.33, 333.33, '2021-10-21 07:15:51', 'Satyakshi Negi', 75, 1),
(680, 146, '2021-09-25', '2021-10-25', '2021-10-24', '2021-11-24', 250.00, 250.00, '2021-10-21 07:16:03', 'Satyakshi Negi', 75, 1),
(681, 147, '2021-09-25', '2021-10-25', '2021-10-24', '2021-11-24', 250.00, 250.00, '2021-10-21 07:16:17', 'Satyakshi Negi', 75, 1),
(682, 148, '2021-09-25', '2021-10-25', '2021-10-24', '2021-11-24', 1500.00, 1500.00, '2021-10-21 07:17:18', 'Satyakshi Negi', 75, 1),
(683, 154, '2021-09-25', '2021-10-25', '2021-10-24', '2021-11-24', 250.00, 250.00, '2021-10-21 07:18:22', 'Satyakshi Negi', 75, 1),
(684, 166, '2021-09-25', '2021-10-25', '2021-10-24', '2021-11-24', 250.00, 250.00, '2021-10-21 07:18:34', 'Satyakshi Negi', 75, 1),
(685, 105, '2021-09-28', '2021-10-28', '2021-10-27', '2021-11-27', 125.00, 125.00, '2021-10-29 09:24:51', 'Satyakshi Negi', 75, 1),
(686, 198, '2021-10-01', '2021-11-01', '2021-10-31', '2021-11-30', 2500.00, 2500.00, '2021-11-01 09:51:35', 'Satyakshi Negi', 75, 1),
(687, 149, '2021-10-01', '2021-11-01', '2021-10-31', '2021-11-30', 1000.00, 1000.00, '2021-11-01 09:52:48', 'Satyakshi Negi', 75, 1),
(688, 129, '2021-10-01', '2021-11-01', '2021-10-31', '2021-11-30', 100.00, 100.00, '2021-11-01 09:53:02', 'Satyakshi Negi', 75, 1),
(689, 122, '2021-10-01', '2021-11-01', '2021-10-31', '2021-11-30', 100.00, 100.00, '2021-11-01 09:53:17', 'Satyakshi Negi', 75, 1),
(690, 116, '2021-10-01', '2021-11-01', '2021-10-31', '2021-11-30', 100.00, 100.00, '2021-11-01 09:53:30', 'Satyakshi Negi', 75, 1),
(691, 108, '2021-10-01', '2021-11-01', '2021-10-31', '2021-11-30', 250.00, 250.00, '2021-11-01 09:54:31', 'Satyakshi Negi', 75, 1),
(692, 107, '2021-10-01', '2021-11-01', '2021-10-31', '2021-11-30', 250.00, 250.00, '2021-11-01 09:54:44', 'Satyakshi Negi', 75, 1),
(693, 82, '2021-10-01', '2021-11-01', '2021-10-31', '2021-11-30', 250.00, 250.00, '2021-11-01 09:54:52', 'Satyakshi Negi', 75, 1),
(694, 79, '2021-10-01', '2021-11-01', '2021-10-31', '2021-11-30', 1000.00, 1000.00, '2021-11-01 09:55:02', 'Satyakshi Negi', 75, 1),
(695, 70, '2021-10-01', '2021-11-01', '2021-10-31', '2021-11-30', 250.00, 250.00, '2021-11-01 09:55:40', 'Satyakshi Negi', 75, 1),
(696, 59, '2021-10-01', '2021-11-01', '2021-10-31', '2021-11-30', 1000.00, 1000.00, '2021-11-01 09:55:53', 'Satyakshi Negi', 75, 1),
(697, 56, '2021-10-01', '2021-11-01', '2021-10-31', '2021-11-30', 250.00, 250.00, '2021-11-01 09:56:05', 'Satyakshi Negi', 75, 1),
(698, 53, '2021-10-01', '2021-11-01', '2021-10-31', '2021-11-30', 500.00, 500.00, '2021-11-01 09:56:17', 'Satyakshi Negi', 75, 1),
(699, 51, '2021-10-01', '2021-11-01', '2021-10-31', '2021-11-30', 500.00, 500.00, '2021-11-01 09:57:07', 'Satyakshi Negi', 75, 1),
(700, 43, '2021-10-01', '2021-11-01', '2021-10-31', '2021-11-30', 250.00, 250.00, '2021-11-01 09:57:27', 'Satyakshi Negi', 75, 1),
(701, 40, '2021-10-01', '2021-11-01', '2021-10-31', '2021-11-30', 250.00, 250.00, '2021-11-01 09:57:39', 'Satyakshi Negi', 75, 1),
(702, 32, '2021-10-01', '2021-11-01', '2021-10-31', '2021-11-30', 4000.00, 4000.00, '2021-11-01 09:57:59', 'Satyakshi Negi', 75, 1),
(703, 11, '2021-10-01', '2021-11-01', '2021-10-31', '2021-11-30', 1000.00, 1000.00, '2021-11-01 09:58:36', 'Satyakshi Negi', 75, 1),
(704, 18, '2021-08-01', '2021-11-01', '2021-11-01', '2022-02-01', 1500.00, 1500.00, '2021-11-01 10:03:36', 'Satyakshi Negi', 75, 1),
(705, 45, '2021-10-15', '2021-11-01', '2021-11-14', '2021-11-30', 700.00, 700.00, '2021-11-01 10:05:35', 'Satyakshi Negi', 75, 0),
(706, 62, '2021-10-15', '2021-11-01', '2021-11-14', '2021-11-30', 250.00, 250.00, '2021-11-01 10:08:01', 'Satyakshi Negi', 75, 0),
(707, 21, '2021-10-05', '2021-11-05', '2021-11-04', '2021-12-04', 500.00, 500.00, '2021-11-10 06:17:55', 'Satyakshi Negi', 75, 1),
(708, 47, '2021-10-05', '2021-11-05', '2021-11-04', '2021-12-04', 250.00, 250.00, '2021-11-10 06:18:30', 'Satyakshi Negi', 75, 1),
(709, 48, '2021-10-05', '2021-11-05', '2021-11-04', '2021-12-04', 600.00, 600.00, '2021-11-10 06:18:57', 'Satyakshi Negi', 75, 1),
(710, 55, '2021-10-05', '2021-11-05', '2021-11-04', '2021-12-04', 1000.00, 1000.00, '2021-11-10 06:19:10', 'Satyakshi Negi', 75, 1),
(711, 77, '2021-10-05', '2021-11-05', '2021-11-04', '2021-12-04', 250.00, 250.00, '2021-11-10 06:19:25', 'Satyakshi Negi', 75, 1),
(712, 89, '2021-10-05', '2021-11-05', '2021-11-04', '2021-12-04', 500.00, 500.00, '2021-11-10 06:19:41', 'Satyakshi Negi', 75, 1),
(713, 96, '2021-10-05', '2021-11-05', '2021-11-04', '2021-12-04', 250.00, 250.00, '2021-11-10 06:20:09', 'Satyakshi Negi', 75, 1),
(714, 97, '2021-10-05', '2021-11-05', '2021-11-04', '2021-12-04', 250.00, 250.00, '2021-11-10 06:23:02', 'Satyakshi Negi', 75, 1),
(715, 156, '2021-10-05', '2021-11-05', '2021-11-04', '2021-12-04', 250.00, 250.00, '2021-11-10 06:24:23', 'Satyakshi Negi', 75, 1),
(716, 158, '2021-10-05', '2021-11-05', '2021-11-04', '2021-12-04', 250.00, 250.00, '2021-11-10 06:24:37', 'Satyakshi Negi', 75, 1),
(718, 64, '2021-10-12', '2021-11-12', '2021-11-09', '2021-12-11', 250.00, 250.00, '2021-11-12 12:55:09', 'Satyakshi Negi', 75, 1),
(719, 66, '2021-10-12', '2021-11-12', '2021-11-09', '2021-12-11', 250.00, 250.00, '2021-11-12 12:55:29', 'Satyakshi Negi', 75, 1),
(720, 104, '2021-10-10', '2021-11-12', '2021-11-09', '2021-12-11', 500.00, 500.00, '2021-11-12 12:55:48', 'Satyakshi Negi', 75, 1),
(721, 140, '2021-10-10', '2021-11-10', '2021-11-09', '2021-12-09', 250.00, 250.00, '2021-11-12 12:59:18', 'Satyakshi Negi', 75, 1),
(722, 168, '2021-10-10', '2021-11-10', '2021-11-09', '2021-12-09', 100.00, 100.00, '2021-11-12 12:59:35', 'Satyakshi Negi', 75, 1),
(723, 177, '2021-10-10', '2021-11-10', '2021-11-09', '2021-12-09', 280.00, 280.00, '2021-11-12 12:59:51', 'Satyakshi Negi', 75, 1),
(724, 54, '2021-10-12', '2021-11-12', '2021-11-11', '2021-12-11', 250.00, 250.00, '2021-11-12 13:00:03', 'Satyakshi Negi', 75, 1),
(725, 57, '2021-10-12', '2021-11-12', '2021-11-11', '2021-12-11', 250.00, 250.00, '2021-11-12 13:00:27', 'Satyakshi Negi', 75, 1),
(726, 2, '2021-10-15', '2021-11-15', '2021-11-14', '2021-12-14', 250.00, 250.00, '2021-11-17 06:59:50', 'Satyakshi Negi', 75, 1),
(727, 5, '2021-10-15', '2021-11-15', '2021-11-14', '2021-12-14', 500.00, 500.00, '2021-11-17 07:00:28', 'Satyakshi Negi', 75, 1),
(728, 6, '2021-10-15', '2021-11-15', '2021-11-14', '2021-12-14', 300.00, 300.00, '2021-11-17 07:00:36', 'Satyakshi Negi', 75, 1),
(729, 7, '2021-10-15', '2021-11-15', '2021-11-14', '2021-12-14', 500.00, 500.00, '2021-11-17 07:00:51', 'Satyakshi Negi', 75, 1),
(730, 9, '2021-10-15', '2021-11-15', '2021-11-14', '2021-12-14', 1000.00, 1000.00, '2021-11-17 07:01:04', 'Satyakshi Negi', 75, 1),
(731, 12, '2021-10-15', '2021-11-15', '2021-11-14', '2021-12-14', 500.00, 500.00, '2021-11-17 07:05:43', 'Satyakshi Negi', 75, 1),
(732, 14, '2021-10-15', '2021-11-15', '2021-11-14', '2021-12-14', 1000.00, 1000.00, '2021-11-17 07:05:59', 'Satyakshi Negi', 75, 1),
(733, 16, '2021-10-15', '2021-11-15', '2021-11-14', '2021-12-14', 1000.00, 1000.00, '2021-11-17 07:06:11', 'Satyakshi Negi', 75, 1),
(734, 17, '2021-10-15', '2021-11-15', '2021-11-14', '2021-12-14', 1000.00, 1000.00, '2021-11-17 07:06:30', 'Satyakshi Negi', 75, 1),
(735, 19, '2021-10-15', '2021-11-15', '2021-11-14', '2021-12-14', 400.00, 400.00, '2021-11-17 07:06:46', 'Satyakshi Negi', 75, 1),
(736, 20, '2021-10-15', '2021-11-15', '2021-11-14', '2021-12-14', 250.00, 250.00, '2021-11-17 07:33:05', 'Satyakshi Negi', 75, 1),
(737, 22, '2021-10-15', '2021-11-15', '2021-11-14', '2021-12-14', 500.00, 500.00, '2021-11-17 07:33:17', 'Satyakshi Negi', 75, 1),
(738, 24, '2021-10-15', '2021-11-15', '2021-11-14', '2021-12-14', 250.00, 250.00, '2021-11-17 07:33:29', 'Satyakshi Negi', 75, 1),
(739, 25, '2021-10-15', '2021-11-15', '2021-11-14', '2021-12-14', 250.00, 250.00, '2021-11-17 07:33:38', 'Satyakshi Negi', 75, 1),
(740, 30, '2021-10-15', '2021-11-15', '2021-11-14', '2021-12-14', 300.00, 300.00, '2021-11-17 07:34:00', 'Satyakshi Negi', 75, 1),
(741, 31, '2021-10-15', '2021-11-15', '2021-11-14', '2021-12-14', 200.00, 200.00, '2021-11-17 07:35:30', 'Satyakshi Negi', 75, 1),
(742, 33, '2021-10-15', '2021-11-15', '2021-11-14', '2021-12-14', 500.00, 500.00, '2021-11-17 07:35:39', 'Satyakshi Negi', 75, 1),
(743, 34, '2021-10-15', '2021-11-15', '2021-11-14', '2021-12-14', 250.00, 250.00, '2021-11-17 07:35:49', 'Satyakshi Negi', 75, 1),
(744, 37, '2021-10-15', '2021-11-15', '2021-11-14', '2021-12-16', 150.00, 150.00, '2021-11-17 07:36:11', 'Satyakshi Negi', 75, 1),
(745, 39, '2021-10-15', '2021-11-15', '2021-11-14', '2021-12-14', 250.00, 250.00, '2021-11-17 07:36:21', 'Satyakshi Negi', 75, 1),
(746, 42, '2021-10-15', '2021-11-15', '2021-11-14', '2021-12-14', 500.00, 500.00, '2021-11-17 07:37:01', 'Satyakshi Negi', 75, 1),
(747, 44, '2021-10-15', '2021-11-15', '2021-11-14', '2021-12-14', 220.00, 220.00, '2021-11-17 07:37:10', 'Satyakshi Negi', 75, 1),
(748, 49, '2021-10-15', '2021-11-15', '2021-11-14', '2021-12-14', 160.00, 160.00, '2021-11-17 07:37:23', 'Satyakshi Negi', 75, 1),
(749, 50, '2021-10-15', '2021-11-15', '2021-11-14', '2021-12-14', 400.00, 400.00, '2021-11-17 07:37:36', 'Satyakshi Negi', 75, 1),
(750, 60, '2021-10-15', '2021-11-15', '2021-11-14', '2021-12-14', 250.00, 250.00, '2021-11-17 07:37:54', 'Satyakshi Negi', 75, 1),
(751, 61, '2021-10-15', '2021-11-15', '2021-11-14', '2021-12-14', 250.00, 250.00, '2021-11-17 07:48:11', 'Satyakshi Negi', 75, 1),
(752, 63, '2021-10-15', '2021-11-15', '2021-11-14', '2021-12-14', 250.00, 250.00, '2021-11-17 07:48:23', 'Satyakshi Negi', 75, 1),
(753, 71, '2021-10-15', '2021-11-15', '2021-11-14', '2021-12-14', 250.00, 250.00, '2021-11-17 07:49:03', 'Satyakshi Negi', 75, 1),
(754, 74, '2021-10-15', '2021-11-15', '2021-11-14', '2021-12-14', 250.00, 250.00, '2021-11-17 07:49:12', 'Satyakshi Negi', 75, 1),
(755, 75, '2021-10-15', '2021-11-15', '2021-11-14', '2021-12-14', 250.00, 250.00, '2021-11-17 07:49:24', 'Satyakshi Negi', 75, 1),
(756, 78, '2021-10-15', '2021-11-15', '2021-11-14', '2021-12-14', 1500.00, 1500.00, '2021-11-17 07:54:06', 'Satyakshi Negi', 75, 1),
(757, 84, '2021-10-15', '2021-11-15', '2021-11-14', '2021-12-14', 500.00, 500.00, '2021-11-17 07:54:17', 'Satyakshi Negi', 75, 1),
(758, 86, '2021-10-15', '2021-11-15', '2021-11-14', '2021-12-14', 150.00, 150.00, '2021-11-17 07:54:28', 'Satyakshi Negi', 75, 1),
(759, 91, '2021-10-15', '2021-11-15', '2021-11-14', '2021-12-14', 250.00, 250.00, '2021-11-17 07:54:41', 'Satyakshi Negi', 75, 1),
(760, 99, '2021-10-15', '2021-11-15', '2021-11-14', '2021-12-14', 400.00, 400.00, '2021-11-17 07:54:54', 'Satyakshi Negi', 75, 1),
(761, 110, '2021-10-15', '2021-11-15', '2021-11-14', '2021-12-14', 200.00, 200.00, '2021-11-17 08:07:43', 'Satyakshi Negi', 75, 1),
(762, 115, '2021-10-15', '2021-11-15', '2021-11-14', '2021-12-14', 100.00, 100.00, '2021-11-17 08:07:54', 'Satyakshi Negi', 75, 1),
(763, 117, '2021-10-15', '2021-11-15', '2021-11-14', '2021-12-14', 100.00, 100.00, '2021-11-17 08:08:03', 'Satyakshi Negi', 75, 1),
(764, 118, '2021-10-15', '2021-11-15', '2021-11-14', '2021-12-14', 100.00, 100.00, '2021-11-17 08:08:15', 'Satyakshi Negi', 75, 1),
(765, 119, '2021-10-15', '2021-11-15', '2021-11-14', '2021-12-14', 100.00, 100.00, '2021-11-17 08:08:30', 'Satyakshi Negi', 75, 1),
(766, 120, '2021-10-15', '2021-11-15', '2021-11-14', '2021-12-14', 100.00, 100.00, '2021-11-17 08:10:26', 'Satyakshi Negi', 75, 1),
(767, 121, '2021-10-15', '2021-11-15', '2021-11-14', '2021-12-14', 100.00, 100.00, '2021-11-17 08:10:34', 'Satyakshi Negi', 75, 1),
(768, 125, '2021-10-15', '2021-11-15', '2021-11-14', '2021-12-14', 75.00, 75.00, '2021-11-17 08:10:49', 'Satyakshi Negi', 75, 1),
(769, 127, '2021-10-15', '2021-11-15', '2021-11-14', '2021-12-14', 75.00, 75.00, '2021-11-17 08:11:01', 'Satyakshi Negi', 75, 1),
(770, 130, '2021-10-15', '2021-11-15', '2021-11-14', '2021-12-14', 200.00, 200.00, '2021-11-17 08:11:15', 'Satyakshi Negi', 75, 1),
(771, 131, '2021-10-15', '2021-11-15', '2021-11-14', '2021-12-14', 150.00, 150.00, '2021-11-17 08:11:29', 'Satyakshi Negi', 75, 1),
(772, 133, '2021-10-15', '2021-11-15', '2021-11-14', '2021-12-14', 250.00, 250.00, '2021-11-17 08:11:39', 'Satyakshi Negi', 75, 1),
(773, 155, '2021-10-15', '2021-11-15', '2021-11-14', '2021-12-14', 500.00, 500.00, '2021-11-17 08:11:49', 'Satyakshi Negi', 75, 1),
(774, 159, '2021-10-15', '2021-11-15', '2021-11-14', '2021-12-14', 250.00, 250.00, '2021-11-17 08:11:59', 'Satyakshi Negi', 75, 1),
(775, 176, '2021-10-15', '2021-11-15', '2021-11-14', '2021-12-14', 350.00, 350.00, '2021-11-17 08:12:09', 'Satyakshi Negi', 75, 1),
(776, 185, '2021-10-15', '2021-11-15', '2021-11-14', '2021-12-14', 75.00, 75.00, '2021-11-17 08:12:18', 'Satyakshi Negi', 75, 1),
(777, 69, '2021-10-20', '2021-11-20', '2021-11-19', '2021-11-30', 250.00, 250.00, '2021-11-24 12:46:54', 'Satyakshi Negi', 75, 1),
(778, 90, '2021-10-20', '2021-11-20', '2021-11-19', '2021-12-19', 250.00, 250.00, '2021-11-24 12:47:25', 'Satyakshi Negi', 75, 1),
(779, 102, '2021-10-20', '2021-11-20', '2021-11-19', '2021-12-19', 250.00, 250.00, '2021-11-24 12:48:19', 'Satyakshi Negi', 75, 1),
(780, 103, '2021-10-20', '2021-11-20', '2021-11-19', '2021-12-19', 400.00, 400.00, '2021-11-24 12:48:38', 'Satyakshi Negi', 75, 1),
(781, 134, '2021-10-20', '2021-11-20', '2021-11-19', '2021-12-19', 250.00, 250.00, '2021-11-24 12:48:55', 'Satyakshi Negi', 75, 1),
(782, 151, '2021-10-20', '2021-11-20', '2021-11-19', '2021-12-19', 250.00, 250.00, '2021-11-24 12:49:20', 'Satyakshi Negi', 75, 1),
(783, 165, '2021-10-20', '2021-11-20', '2021-11-19', '2021-12-19', 500.00, 500.00, '2021-11-24 12:49:35', 'Satyakshi Negi', 75, 1),
(784, 171, '2021-10-20', '2021-11-20', '2021-11-19', '2021-12-19', 200.00, 200.00, '2021-11-24 12:49:53', 'Satyakshi Negi', 75, 1),
(785, 23, '2021-10-25', '2021-11-25', '2021-11-24', '2021-12-24', 500.00, 500.00, '2021-11-25 12:11:57', 'Satyakshi Negi', 75, 1),
(786, 41, '2021-10-25', '2021-11-25', '2021-11-24', '2021-12-24', 500.00, 500.00, '2021-11-25 12:12:27', 'Satyakshi Negi', 75, 1),
(787, 93, '2021-10-25', '2021-11-25', '2021-11-24', '2021-12-24', 333.33, 333.33, '2021-11-25 12:12:36', 'Satyakshi Negi', 75, 1),
(788, 94, '2021-10-25', '2021-11-25', '2021-11-24', '2021-12-24', 333.33, 333.33, '2021-11-25 12:12:49', 'Satyakshi Negi', 75, 1),
(789, 95, '2021-10-25', '2021-11-25', '2021-11-24', '2021-12-24', 333.33, 333.33, '2021-11-25 12:16:16', 'Satyakshi Negi', 75, 1),
(790, 101, '2021-10-25', '2021-11-25', '2021-11-24', '2021-12-24', 500.00, 500.00, '2021-11-25 12:16:31', 'Satyakshi Negi', 75, 1),
(791, 106, '2021-10-25', '2021-11-25', '2021-11-24', '2021-12-24', 250.00, 250.00, '2021-11-25 12:16:42', 'Satyakshi Negi', 75, 1),
(792, 111, '2021-10-25', '2021-11-25', '2021-11-24', '2021-12-24', 250.00, 250.00, '2021-11-25 12:18:14', 'Satyakshi Negi', 75, 1),
(793, 112, '2021-10-25', '2021-11-25', '2021-11-24', '2021-12-24', 250.00, 250.00, '2021-11-25 12:18:26', 'Satyakshi Negi', 75, 1),
(794, 113, '2021-10-25', '2021-11-25', '2021-11-24', '2021-12-24', 500.00, 500.00, '2021-11-25 12:18:34', 'Satyakshi Negi', 75, 1),
(795, 136, '2021-10-25', '2021-11-25', '2021-11-24', '2021-12-24', 250.00, 250.00, '2021-11-25 12:18:41', 'Satyakshi Negi', 75, 1),
(796, 137, '2021-10-25', '2021-11-25', '2021-11-24', '2021-12-24', 500.00, 500.00, '2021-11-25 12:20:38', 'Satyakshi Negi', 75, 1),
(797, 138, '2021-10-25', '2021-11-25', '2021-11-24', '2021-12-24', 250.00, 250.00, '2021-11-25 12:20:59', 'Satyakshi Negi', 75, 1),
(798, 141, '2021-10-25', '2021-11-25', '2021-11-24', '2021-12-24', 333.33, 333.33, '2021-11-25 12:21:07', 'Satyakshi Negi', 75, 1),
(799, 142, '2021-10-25', '2021-11-25', '2021-11-24', '2021-12-24', 333.33, 333.33, '2021-11-25 12:21:51', 'Satyakshi Negi', 75, 1),
(800, 143, '2021-10-25', '2021-11-25', '2021-11-24', '2021-12-24', 333.33, 333.33, '2021-11-25 12:22:34', 'Satyakshi Negi', 75, 1);
INSERT INTO `tblcontract_renewals` (`id`, `contractid`, `old_start_date`, `new_start_date`, `old_end_date`, `new_end_date`, `old_value`, `new_value`, `date_renewed`, `renewed_by`, `renewed_by_staff_id`, `is_on_old_expiry_notified`) VALUES
(801, 147, '2021-10-25', '2021-11-25', '2021-11-24', '2021-12-24', 250.00, 250.00, '2021-11-25 12:30:49', 'Satyakshi Negi', 75, 1),
(802, 148, '2021-10-25', '2021-11-25', '2021-11-24', '2021-12-24', 1500.00, 1500.00, '2021-11-25 12:31:12', 'Satyakshi Negi', 75, 1),
(803, 154, '2021-10-25', '2021-11-25', '2021-11-24', '2021-12-24', 250.00, 250.00, '2021-11-25 12:31:26', 'Satyakshi Negi', 75, 1),
(804, 166, '2021-10-25', '2021-11-25', '2021-11-24', '2021-12-24', 250.00, 250.00, '2021-11-25 12:31:39', 'Satyakshi Negi', 75, 1),
(805, 105, '2021-10-28', '2021-11-28', '2021-11-27', '2021-12-27', 125.00, 125.00, '2021-12-04 11:55:17', 'Satyakshi Negi', 75, 1),
(806, 11, '2021-11-01', '2021-12-01', '2021-11-30', '2021-12-31', 1000.00, 1000.00, '2021-12-04 11:55:38', 'Satyakshi Negi', 75, 1),
(807, 32, '2021-11-01', '2021-12-01', '2021-11-30', '2021-12-31', 4000.00, 4000.00, '2021-12-04 11:55:58', 'Satyakshi Negi', 75, 1),
(808, 40, '2021-11-01', '2021-12-01', '2021-11-30', '2021-12-31', 250.00, 250.00, '2021-12-04 11:56:13', 'Satyakshi Negi', 75, 1),
(809, 43, '2021-11-01', '2021-12-01', '2021-11-30', '2021-12-31', 250.00, 250.00, '2021-12-04 11:56:38', 'Satyakshi Negi', 75, 1),
(810, 45, '2021-11-01', '2021-12-01', '2021-11-30', '2021-12-31', 700.00, 700.00, '2021-12-04 11:57:06', 'Satyakshi Negi', 75, 1),
(811, 53, '2021-11-01', '2021-12-01', '2021-11-30', '2021-12-31', 500.00, 500.00, '2021-12-04 11:58:00', 'Satyakshi Negi', 75, 1),
(812, 56, '2021-11-01', '2021-12-01', '2021-11-30', '2021-12-31', 250.00, 250.00, '2021-12-04 11:59:13', 'Satyakshi Negi', 75, 1),
(813, 59, '2021-11-01', '2021-12-01', '2021-11-30', '2021-12-31', 1000.00, 1000.00, '2021-12-04 12:00:25', 'Satyakshi Negi', 75, 1),
(815, 70, '2021-11-01', '2021-12-01', '2021-11-30', '2021-12-31', 250.00, 250.00, '2021-12-04 12:02:55', 'Satyakshi Negi', 75, 1),
(816, 79, '2021-11-01', '2021-12-01', '2021-11-30', '2021-12-31', 1000.00, 1000.00, '2021-12-07 10:48:24', 'Satyakshi Negi', 75, 1),
(817, 82, '2021-11-01', '2021-12-01', '2021-11-30', '2021-12-31', 250.00, 250.00, '2021-12-07 10:50:02', 'Satyakshi Negi', 75, 1),
(818, 107, '2021-11-01', '2021-12-01', '2021-11-30', '2021-12-31', 250.00, 250.00, '2021-12-07 10:50:12', 'Satyakshi Negi', 75, 1),
(819, 108, '2021-11-01', '2021-12-01', '2021-11-30', '2021-12-31', 250.00, 250.00, '2021-12-07 10:50:23', 'Satyakshi Negi', 75, 1),
(820, 116, '2021-11-01', '2021-12-01', '2021-11-30', '2021-12-31', 100.00, 100.00, '2021-12-07 10:50:35', 'Satyakshi Negi', 75, 1),
(821, 122, '2021-11-01', '2021-12-01', '2021-11-30', '2021-12-31', 100.00, 100.00, '2021-12-07 10:50:47', 'Satyakshi Negi', 75, 1),
(822, 129, '2021-11-01', '2021-12-01', '2021-11-30', '2021-12-31', 100.00, 100.00, '2021-12-07 10:51:00', 'Satyakshi Negi', 75, 1),
(823, 158, '2021-11-05', '2021-12-05', '2021-12-04', '2022-01-04', 250.00, 250.00, '2021-12-07 11:01:15', 'Satyakshi Negi', 75, 1),
(824, 156, '2021-11-05', '2021-12-05', '2021-12-04', '2022-01-04', 250.00, 250.00, '2021-12-07 11:05:17', 'Satyakshi Negi', 75, 1),
(825, 97, '2021-11-05', '2021-12-05', '2021-12-04', '2022-01-04', 250.00, 250.00, '2021-12-07 11:05:32', 'Satyakshi Negi', 75, 1),
(826, 96, '2021-11-05', '2021-12-05', '2021-12-04', '2022-01-04', 250.00, 250.00, '2021-12-07 11:05:56', 'Satyakshi Negi', 75, 1),
(827, 89, '2021-11-05', '2021-12-05', '2021-12-04', '2022-01-04', 500.00, 500.00, '2021-12-07 11:10:58', 'Satyakshi Negi', 75, 1),
(828, 157, '2021-11-05', '2021-12-05', '2021-12-04', '2022-01-04', 500.00, 500.00, '2021-12-07 11:29:02', 'Satyakshi Negi', 75, 1),
(829, 55, '2021-11-05', '2021-12-05', '2021-12-04', '2022-01-04', 1000.00, 1000.00, '2021-12-07 11:29:22', 'Satyakshi Negi', 75, 1),
(830, 48, '2021-11-05', '2021-12-05', '2021-12-04', '2022-01-04', 600.00, 600.00, '2021-12-07 11:30:47', 'Satyakshi Negi', 75, 1),
(831, 21, '2021-11-05', '2021-12-05', '2021-12-04', '2022-01-04', 500.00, 500.00, '2021-12-07 11:31:20', 'Satyakshi Negi', 75, 1),
(832, 4, '2020-12-01', '2021-12-05', '2021-12-01', '2023-01-04', 300.00, 300.00, '2021-12-07 11:31:44', 'Satyakshi Negi', 75, 1),
(833, 1, '2020-09-15', '2021-12-01', '2021-12-01', '2022-12-01', 12000.00, 12000.00, '2021-12-07 11:32:16', 'Satyakshi Negi', 75, 1),
(834, 200, '2021-11-01', '2021-12-01', '2021-11-30', '2021-12-31', 250.00, 250.00, '2021-12-07 11:32:59', 'Satyakshi Negi', 75, 1),
(835, 146, '2021-10-25', '2021-11-24', '2021-11-24', '2022-01-24', 250.00, 250.00, '2021-12-07 11:40:09', 'Satyakshi Negi', 75, 1),
(836, 173, '2021-10-25', '2021-10-24', '2021-11-24', '2022-03-23', 300.00, 300.00, '2021-12-07 11:44:25', 'Satyakshi Negi', 75, 1),
(837, 149, '2021-11-01', '2021-12-01', '2021-11-30', '2021-12-31', 1000.00, 1000.00, '2021-12-07 11:45:07', 'Satyakshi Negi', 75, 1),
(838, 198, '2021-11-01', '2021-12-01', '2021-11-30', '2021-12-31', 2500.00, 2500.00, '2021-12-07 11:45:21', 'Satyakshi Negi', 75, 1),
(839, 47, '2021-11-05', '2021-12-05', '2021-12-04', '2022-01-04', 250.00, 250.00, '2021-12-07 11:45:36', 'Satyakshi Negi', 75, 1);

-- --------------------------------------------------------

--
-- Table structure for table `tblcountries`
--

CREATE TABLE IF NOT EXISTS `tblcountries` (
  `country_id` int(5) NOT NULL AUTO_INCREMENT,
  `iso2` char(2) DEFAULT NULL,
  `short_name` varchar(80) NOT NULL DEFAULT '',
  `long_name` varchar(80) NOT NULL DEFAULT '',
  `iso3` char(3) DEFAULT NULL,
  `numcode` varchar(6) DEFAULT NULL,
  `un_member` varchar(12) DEFAULT NULL,
  `calling_code` varchar(8) DEFAULT NULL,
  `cctld` varchar(5) DEFAULT NULL,
  PRIMARY KEY (`country_id`)
) ENGINE=InnoDB AUTO_INCREMENT=251 DEFAULT CHARSET=utf8;

--
-- Dumping data for table `tblcountries`
--

INSERT INTO `tblcountries` (`country_id`, `iso2`, `short_name`, `long_name`, `iso3`, `numcode`, `un_member`, `calling_code`, `cctld`) VALUES
(1, 'AF', 'Afghanistan', 'Islamic Republic of Afghanistan', 'AFG', '004', 'yes', '93', '.af'),
(2, 'AX', 'Aland Islands', '&Aring;land Islands', 'ALA', '248', 'no', '358', '.ax'),
(3, 'AL', 'Albania', 'Republic of Albania', 'ALB', '008', 'yes', '355', '.al'),
(4, 'DZ', 'Algeria', 'People\'s Democratic Republic of Algeria', 'DZA', '012', 'yes', '213', '.dz'),
(5, 'AS', 'American Samoa', 'American Samoa', 'ASM', '016', 'no', '1+684', '.as'),
(6, 'AD', 'Andorra', 'Principality of Andorra', 'AND', '020', 'yes', '376', '.ad'),
(7, 'AO', 'Angola', 'Republic of Angola', 'AGO', '024', 'yes', '244', '.ao'),
(8, 'AI', 'Anguilla', 'Anguilla', 'AIA', '660', 'no', '1+264', '.ai'),
(9, 'AQ', 'Antarctica', 'Antarctica', 'ATA', '010', 'no', '672', '.aq'),
(10, 'AG', 'Antigua and Barbuda', 'Antigua and Barbuda', 'ATG', '028', 'yes', '1+268', '.ag'),
(11, 'AR', 'Argentina', 'Argentine Republic', 'ARG', '032', 'yes', '54', '.ar'),
(12, 'AM', 'Armenia', 'Republic of Armenia', 'ARM', '051', 'yes', '374', '.am'),
(13, 'AW', 'Aruba', 'Aruba', 'ABW', '533', 'no', '297', '.aw'),
(14, 'AU', 'Australia', 'Commonwealth of Australia', 'AUS', '036', 'yes', '61', '.au'),
(15, 'AT', 'Austria', 'Republic of Austria', 'AUT', '040', 'yes', '43', '.at'),
(16, 'AZ', 'Azerbaijan', 'Republic of Azerbaijan', 'AZE', '031', 'yes', '994', '.az'),
(17, 'BS', 'Bahamas', 'Commonwealth of The Bahamas', 'BHS', '044', 'yes', '1+242', '.bs'),
(18, 'BH', 'Bahrain', 'Kingdom of Bahrain', 'BHR', '048', 'yes', '973', '.bh'),
(19, 'BD', 'Bangladesh', 'People\'s Republic of Bangladesh', 'BGD', '050', 'yes', '880', '.bd'),
(20, 'BB', 'Barbados', 'Barbados', 'BRB', '052', 'yes', '1+246', '.bb'),
(21, 'BY', 'Belarus', 'Republic of Belarus', 'BLR', '112', 'yes', '375', '.by'),
(22, 'BE', 'Belgium', 'Kingdom of Belgium', 'BEL', '056', 'yes', '32', '.be'),
(23, 'BZ', 'Belize', 'Belize', 'BLZ', '084', 'yes', '501', '.bz'),
(24, 'BJ', 'Benin', 'Republic of Benin', 'BEN', '204', 'yes', '229', '.bj'),
(25, 'BM', 'Bermuda', 'Bermuda Islands', 'BMU', '060', 'no', '1+441', '.bm'),
(26, 'BT', 'Bhutan', 'Kingdom of Bhutan', 'BTN', '064', 'yes', '975', '.bt'),
(27, 'BO', 'Bolivia', 'Plurinational State of Bolivia', 'BOL', '068', 'yes', '591', '.bo'),
(28, 'BQ', 'Bonaire, Sint Eustatius and Saba', 'Bonaire, Sint Eustatius and Saba', 'BES', '535', 'no', '599', '.bq'),
(29, 'BA', 'Bosnia and Herzegovina', 'Bosnia and Herzegovina', 'BIH', '070', 'yes', '387', '.ba'),
(30, 'BW', 'Botswana', 'Republic of Botswana', 'BWA', '072', 'yes', '267', '.bw'),
(31, 'BV', 'Bouvet Island', 'Bouvet Island', 'BVT', '074', 'no', 'NONE', '.bv'),
(32, 'BR', 'Brazil', 'Federative Republic of Brazil', 'BRA', '076', 'yes', '55', '.br'),
(33, 'IO', 'British Indian Ocean Territory', 'British Indian Ocean Territory', 'IOT', '086', 'no', '246', '.io'),
(34, 'BN', 'Brunei', 'Brunei Darussalam', 'BRN', '096', 'yes', '673', '.bn'),
(35, 'BG', 'Bulgaria', 'Republic of Bulgaria', 'BGR', '100', 'yes', '359', '.bg'),
(36, 'BF', 'Burkina Faso', 'Burkina Faso', 'BFA', '854', 'yes', '226', '.bf'),
(37, 'BI', 'Burundi', 'Republic of Burundi', 'BDI', '108', 'yes', '257', '.bi'),
(38, 'KH', 'Cambodia', 'Kingdom of Cambodia', 'KHM', '116', 'yes', '855', '.kh'),
(39, 'CM', 'Cameroon', 'Republic of Cameroon', 'CMR', '120', 'yes', '237', '.cm'),
(40, 'CA', 'Canada', 'Canada', 'CAN', '124', 'yes', '1', '.ca'),
(41, 'CV', 'Cape Verde', 'Republic of Cape Verde', 'CPV', '132', 'yes', '238', '.cv'),
(42, 'KY', 'Cayman Islands', 'The Cayman Islands', 'CYM', '136', 'no', '1+345', '.ky'),
(43, 'CF', 'Central African Republic', 'Central African Republic', 'CAF', '140', 'yes', '236', '.cf'),
(44, 'TD', 'Chad', 'Republic of Chad', 'TCD', '148', 'yes', '235', '.td'),
(45, 'CL', 'Chile', 'Republic of Chile', 'CHL', '152', 'yes', '56', '.cl'),
(46, 'CN', 'China', 'People\'s Republic of China', 'CHN', '156', 'yes', '86', '.cn'),
(47, 'CX', 'Christmas Island', 'Christmas Island', 'CXR', '162', 'no', '61', '.cx'),
(48, 'CC', 'Cocos (Keeling) Islands', 'Cocos (Keeling) Islands', 'CCK', '166', 'no', '61', '.cc'),
(49, 'CO', 'Colombia', 'Republic of Colombia', 'COL', '170', 'yes', '57', '.co'),
(50, 'KM', 'Comoros', 'Union of the Comoros', 'COM', '174', 'yes', '269', '.km'),
(51, 'CG', 'Congo', 'Republic of the Congo', 'COG', '178', 'yes', '242', '.cg'),
(52, 'CK', 'Cook Islands', 'Cook Islands', 'COK', '184', 'some', '682', '.ck'),
(53, 'CR', 'Costa Rica', 'Republic of Costa Rica', 'CRI', '188', 'yes', '506', '.cr'),
(54, 'CI', 'Cote d\'ivoire (Ivory Coast)', 'Republic of C&ocirc;te D\'Ivoire (Ivory Coast)', 'CIV', '384', 'yes', '225', '.ci'),
(55, 'HR', 'Croatia', 'Republic of Croatia', 'HRV', '191', 'yes', '385', '.hr'),
(56, 'CU', 'Cuba', 'Republic of Cuba', 'CUB', '192', 'yes', '53', '.cu'),
(57, 'CW', 'Curacao', 'Cura&ccedil;ao', 'CUW', '531', 'no', '599', '.cw'),
(58, 'CY', 'Cyprus', 'Republic of Cyprus', 'CYP', '196', 'yes', '357', '.cy'),
(59, 'CZ', 'Czech Republic', 'Czech Republic', 'CZE', '203', 'yes', '420', '.cz'),
(60, 'CD', 'Democratic Republic of the Congo', 'Democratic Republic of the Congo', 'COD', '180', 'yes', '243', '.cd'),
(61, 'DK', 'Denmark', 'Kingdom of Denmark', 'DNK', '208', 'yes', '45', '.dk'),
(62, 'DJ', 'Djibouti', 'Republic of Djibouti', 'DJI', '262', 'yes', '253', '.dj'),
(63, 'DM', 'Dominica', 'Commonwealth of Dominica', 'DMA', '212', 'yes', '1+767', '.dm'),
(64, 'DO', 'Dominican Republic', 'Dominican Republic', 'DOM', '214', 'yes', '1+809, 8', '.do'),
(65, 'EC', 'Ecuador', 'Republic of Ecuador', 'ECU', '218', 'yes', '593', '.ec'),
(66, 'EG', 'Egypt', 'Arab Republic of Egypt', 'EGY', '818', 'yes', '20', '.eg'),
(67, 'SV', 'El Salvador', 'Republic of El Salvador', 'SLV', '222', 'yes', '503', '.sv'),
(68, 'GQ', 'Equatorial Guinea', 'Republic of Equatorial Guinea', 'GNQ', '226', 'yes', '240', '.gq'),
(69, 'ER', 'Eritrea', 'State of Eritrea', 'ERI', '232', 'yes', '291', '.er'),
(70, 'EE', 'Estonia', 'Republic of Estonia', 'EST', '233', 'yes', '372', '.ee'),
(71, 'ET', 'Ethiopia', 'Federal Democratic Republic of Ethiopia', 'ETH', '231', 'yes', '251', '.et'),
(72, 'FK', 'Falkland Islands (Malvinas)', 'The Falkland Islands (Malvinas)', 'FLK', '238', 'no', '500', '.fk'),
(73, 'FO', 'Faroe Islands', 'The Faroe Islands', 'FRO', '234', 'no', '298', '.fo'),
(74, 'FJ', 'Fiji', 'Republic of Fiji', 'FJI', '242', 'yes', '679', '.fj'),
(75, 'FI', 'Finland', 'Republic of Finland', 'FIN', '246', 'yes', '358', '.fi'),
(76, 'FR', 'France', 'French Republic', 'FRA', '250', 'yes', '33', '.fr'),
(77, 'GF', 'French Guiana', 'French Guiana', 'GUF', '254', 'no', '594', '.gf'),
(78, 'PF', 'French Polynesia', 'French Polynesia', 'PYF', '258', 'no', '689', '.pf'),
(79, 'TF', 'French Southern Territories', 'French Southern Territories', 'ATF', '260', 'no', NULL, '.tf'),
(80, 'GA', 'Gabon', 'Gabonese Republic', 'GAB', '266', 'yes', '241', '.ga'),
(81, 'GM', 'Gambia', 'Republic of The Gambia', 'GMB', '270', 'yes', '220', '.gm'),
(82, 'GE', 'Georgia', 'Georgia', 'GEO', '268', 'yes', '995', '.ge'),
(83, 'DE', 'Germany', 'Federal Republic of Germany', 'DEU', '276', 'yes', '49', '.de'),
(84, 'GH', 'Ghana', 'Republic of Ghana', 'GHA', '288', 'yes', '233', '.gh'),
(85, 'GI', 'Gibraltar', 'Gibraltar', 'GIB', '292', 'no', '350', '.gi'),
(86, 'GR', 'Greece', 'Hellenic Republic', 'GRC', '300', 'yes', '30', '.gr'),
(87, 'GL', 'Greenland', 'Greenland', 'GRL', '304', 'no', '299', '.gl'),
(88, 'GD', 'Grenada', 'Grenada', 'GRD', '308', 'yes', '1+473', '.gd'),
(89, 'GP', 'Guadaloupe', 'Guadeloupe', 'GLP', '312', 'no', '590', '.gp'),
(90, 'GU', 'Guam', 'Guam', 'GUM', '316', 'no', '1+671', '.gu'),
(91, 'GT', 'Guatemala', 'Republic of Guatemala', 'GTM', '320', 'yes', '502', '.gt'),
(92, 'GG', 'Guernsey', 'Guernsey', 'GGY', '831', 'no', '44', '.gg'),
(93, 'GN', 'Guinea', 'Republic of Guinea', 'GIN', '324', 'yes', '224', '.gn'),
(94, 'GW', 'Guinea-Bissau', 'Republic of Guinea-Bissau', 'GNB', '624', 'yes', '245', '.gw'),
(95, 'GY', 'Guyana', 'Co-operative Republic of Guyana', 'GUY', '328', 'yes', '592', '.gy'),
(96, 'HT', 'Haiti', 'Republic of Haiti', 'HTI', '332', 'yes', '509', '.ht'),
(97, 'HM', 'Heard Island and McDonald Islands', 'Heard Island and McDonald Islands', 'HMD', '334', 'no', 'NONE', '.hm'),
(98, 'HN', 'Honduras', 'Republic of Honduras', 'HND', '340', 'yes', '504', '.hn'),
(99, 'HK', 'Hong Kong', 'Hong Kong', 'HKG', '344', 'no', '852', '.hk'),
(100, 'HU', 'Hungary', 'Hungary', 'HUN', '348', 'yes', '36', '.hu'),
(101, 'IS', 'Iceland', 'Republic of Iceland', 'ISL', '352', 'yes', '354', '.is'),
(102, 'IN', 'India', 'Republic of India', 'IND', '356', 'yes', '91', '.in'),
(103, 'ID', 'Indonesia', 'Republic of Indonesia', 'IDN', '360', 'yes', '62', '.id'),
(104, 'IR', 'Iran', 'Islamic Republic of Iran', 'IRN', '364', 'yes', '98', '.ir'),
(105, 'IQ', 'Iraq', 'Republic of Iraq', 'IRQ', '368', 'yes', '964', '.iq'),
(106, 'IE', 'Ireland', 'Ireland', 'IRL', '372', 'yes', '353', '.ie'),
(107, 'IM', 'Isle of Man', 'Isle of Man', 'IMN', '833', 'no', '44', '.im'),
(108, 'IL', 'Israel', 'State of Israel', 'ISR', '376', 'yes', '972', '.il'),
(109, 'IT', 'Italy', 'Italian Republic', 'ITA', '380', 'yes', '39', '.jm'),
(110, 'JM', 'Jamaica', 'Jamaica', 'JAM', '388', 'yes', '1+876', '.jm'),
(111, 'JP', 'Japan', 'Japan', 'JPN', '392', 'yes', '81', '.jp'),
(112, 'JE', 'Jersey', 'The Bailiwick of Jersey', 'JEY', '832', 'no', '44', '.je'),
(113, 'JO', 'Jordan', 'Hashemite Kingdom of Jordan', 'JOR', '400', 'yes', '962', '.jo'),
(114, 'KZ', 'Kazakhstan', 'Republic of Kazakhstan', 'KAZ', '398', 'yes', '7', '.kz'),
(115, 'KE', 'Kenya', 'Republic of Kenya', 'KEN', '404', 'yes', '254', '.ke'),
(116, 'KI', 'Kiribati', 'Republic of Kiribati', 'KIR', '296', 'yes', '686', '.ki'),
(117, 'XK', 'Kosovo', 'Republic of Kosovo', '---', '---', 'some', '381', ''),
(118, 'KW', 'Kuwait', 'State of Kuwait', 'KWT', '414', 'yes', '965', '.kw'),
(119, 'KG', 'Kyrgyzstan', 'Kyrgyz Republic', 'KGZ', '417', 'yes', '996', '.kg'),
(120, 'LA', 'Laos', 'Lao People\'s Democratic Republic', 'LAO', '418', 'yes', '856', '.la'),
(121, 'LV', 'Latvia', 'Republic of Latvia', 'LVA', '428', 'yes', '371', '.lv'),
(122, 'LB', 'Lebanon', 'Republic of Lebanon', 'LBN', '422', 'yes', '961', '.lb'),
(123, 'LS', 'Lesotho', 'Kingdom of Lesotho', 'LSO', '426', 'yes', '266', '.ls'),
(124, 'LR', 'Liberia', 'Republic of Liberia', 'LBR', '430', 'yes', '231', '.lr'),
(125, 'LY', 'Libya', 'Libya', 'LBY', '434', 'yes', '218', '.ly'),
(126, 'LI', 'Liechtenstein', 'Principality of Liechtenstein', 'LIE', '438', 'yes', '423', '.li'),
(127, 'LT', 'Lithuania', 'Republic of Lithuania', 'LTU', '440', 'yes', '370', '.lt'),
(128, 'LU', 'Luxembourg', 'Grand Duchy of Luxembourg', 'LUX', '442', 'yes', '352', '.lu'),
(129, 'MO', 'Macao', 'The Macao Special Administrative Region', 'MAC', '446', 'no', '853', '.mo'),
(130, 'MK', 'North Macedonia', 'Republic of North Macedonia', 'MKD', '807', 'yes', '389', '.mk'),
(131, 'MG', 'Madagascar', 'Republic of Madagascar', 'MDG', '450', 'yes', '261', '.mg'),
(132, 'MW', 'Malawi', 'Republic of Malawi', 'MWI', '454', 'yes', '265', '.mw'),
(133, 'MY', 'Malaysia', 'Malaysia', 'MYS', '458', 'yes', '60', '.my'),
(134, 'MV', 'Maldives', 'Republic of Maldives', 'MDV', '462', 'yes', '960', '.mv'),
(135, 'ML', 'Mali', 'Republic of Mali', 'MLI', '466', 'yes', '223', '.ml'),
(136, 'MT', 'Malta', 'Republic of Malta', 'MLT', '470', 'yes', '356', '.mt'),
(137, 'MH', 'Marshall Islands', 'Republic of the Marshall Islands', 'MHL', '584', 'yes', '692', '.mh'),
(138, 'MQ', 'Martinique', 'Martinique', 'MTQ', '474', 'no', '596', '.mq'),
(139, 'MR', 'Mauritania', 'Islamic Republic of Mauritania', 'MRT', '478', 'yes', '222', '.mr'),
(140, 'MU', 'Mauritius', 'Republic of Mauritius', 'MUS', '480', 'yes', '230', '.mu'),
(141, 'YT', 'Mayotte', 'Mayotte', 'MYT', '175', 'no', '262', '.yt'),
(142, 'MX', 'Mexico', 'United Mexican States', 'MEX', '484', 'yes', '52', '.mx'),
(143, 'FM', 'Micronesia', 'Federated States of Micronesia', 'FSM', '583', 'yes', '691', '.fm'),
(144, 'MD', 'Moldava', 'Republic of Moldova', 'MDA', '498', 'yes', '373', '.md'),
(145, 'MC', 'Monaco', 'Principality of Monaco', 'MCO', '492', 'yes', '377', '.mc'),
(146, 'MN', 'Mongolia', 'Mongolia', 'MNG', '496', 'yes', '976', '.mn'),
(147, 'ME', 'Montenegro', 'Montenegro', 'MNE', '499', 'yes', '382', '.me'),
(148, 'MS', 'Montserrat', 'Montserrat', 'MSR', '500', 'no', '1+664', '.ms'),
(149, 'MA', 'Morocco', 'Kingdom of Morocco', 'MAR', '504', 'yes', '212', '.ma'),
(150, 'MZ', 'Mozambique', 'Republic of Mozambique', 'MOZ', '508', 'yes', '258', '.mz'),
(151, 'MM', 'Myanmar (Burma)', 'Republic of the Union of Myanmar', 'MMR', '104', 'yes', '95', '.mm'),
(152, 'NA', 'Namibia', 'Republic of Namibia', 'NAM', '516', 'yes', '264', '.na'),
(153, 'NR', 'Nauru', 'Republic of Nauru', 'NRU', '520', 'yes', '674', '.nr'),
(154, 'NP', 'Nepal', 'Federal Democratic Republic of Nepal', 'NPL', '524', 'yes', '977', '.np'),
(155, 'NL', 'Netherlands', 'Kingdom of the Netherlands', 'NLD', '528', 'yes', '31', '.nl'),
(156, 'NC', 'New Caledonia', 'New Caledonia', 'NCL', '540', 'no', '687', '.nc'),
(157, 'NZ', 'New Zealand', 'New Zealand', 'NZL', '554', 'yes', '64', '.nz'),
(158, 'NI', 'Nicaragua', 'Republic of Nicaragua', 'NIC', '558', 'yes', '505', '.ni'),
(159, 'NE', 'Niger', 'Republic of Niger', 'NER', '562', 'yes', '227', '.ne'),
(160, 'NG', 'Nigeria', 'Federal Republic of Nigeria', 'NGA', '566', 'yes', '234', '.ng'),
(161, 'NU', 'Niue', 'Niue', 'NIU', '570', 'some', '683', '.nu'),
(162, 'NF', 'Norfolk Island', 'Norfolk Island', 'NFK', '574', 'no', '672', '.nf'),
(163, 'KP', 'North Korea', 'Democratic People\'s Republic of Korea', 'PRK', '408', 'yes', '850', '.kp'),
(164, 'MP', 'Northern Mariana Islands', 'Northern Mariana Islands', 'MNP', '580', 'no', '1+670', '.mp'),
(165, 'NO', 'Norway', 'Kingdom of Norway', 'NOR', '578', 'yes', '47', '.no'),
(166, 'OM', 'Oman', 'Sultanate of Oman', 'OMN', '512', 'yes', '968', '.om'),
(167, 'PK', 'Pakistan', 'Islamic Republic of Pakistan', 'PAK', '586', 'yes', '92', '.pk'),
(168, 'PW', 'Palau', 'Republic of Palau', 'PLW', '585', 'yes', '680', '.pw'),
(169, 'PS', 'Palestine', 'State of Palestine (or Occupied Palestinian Territory)', 'PSE', '275', 'some', '970', '.ps'),
(170, 'PA', 'Panama', 'Republic of Panama', 'PAN', '591', 'yes', '507', '.pa'),
(171, 'PG', 'Papua New Guinea', 'Independent State of Papua New Guinea', 'PNG', '598', 'yes', '675', '.pg'),
(172, 'PY', 'Paraguay', 'Republic of Paraguay', 'PRY', '600', 'yes', '595', '.py'),
(173, 'PE', 'Peru', 'Republic of Peru', 'PER', '604', 'yes', '51', '.pe'),
(174, 'PH', 'Phillipines', 'Republic of the Philippines', 'PHL', '608', 'yes', '63', '.ph'),
(175, 'PN', 'Pitcairn', 'Pitcairn', 'PCN', '612', 'no', 'NONE', '.pn'),
(176, 'PL', 'Poland', 'Republic of Poland', 'POL', '616', 'yes', '48', '.pl'),
(177, 'PT', 'Portugal', 'Portuguese Republic', 'PRT', '620', 'yes', '351', '.pt'),
(178, 'PR', 'Puerto Rico', 'Commonwealth of Puerto Rico', 'PRI', '630', 'no', '1+939', '.pr'),
(179, 'QA', 'Qatar', 'State of Qatar', 'QAT', '634', 'yes', '974', '.qa'),
(180, 'RE', 'Reunion', 'R&eacute;union', 'REU', '638', 'no', '262', '.re'),
(181, 'RO', 'Romania', 'Romania', 'ROU', '642', 'yes', '40', '.ro'),
(182, 'RU', 'Russia', 'Russian Federation', 'RUS', '643', 'yes', '7', '.ru'),
(183, 'RW', 'Rwanda', 'Republic of Rwanda', 'RWA', '646', 'yes', '250', '.rw'),
(184, 'BL', 'Saint Barthelemy', 'Saint Barth&eacute;lemy', 'BLM', '652', 'no', '590', '.bl'),
(185, 'SH', 'Saint Helena', 'Saint Helena, Ascension and Tristan da Cunha', 'SHN', '654', 'no', '290', '.sh'),
(186, 'KN', 'Saint Kitts and Nevis', 'Federation of Saint Christopher and Nevis', 'KNA', '659', 'yes', '1+869', '.kn'),
(187, 'LC', 'Saint Lucia', 'Saint Lucia', 'LCA', '662', 'yes', '1+758', '.lc'),
(188, 'MF', 'Saint Martin', 'Saint Martin', 'MAF', '663', 'no', '590', '.mf'),
(189, 'PM', 'Saint Pierre and Miquelon', 'Saint Pierre and Miquelon', 'SPM', '666', 'no', '508', '.pm'),
(190, 'VC', 'Saint Vincent and the Grenadines', 'Saint Vincent and the Grenadines', 'VCT', '670', 'yes', '1+784', '.vc'),
(191, 'WS', 'Samoa', 'Independent State of Samoa', 'WSM', '882', 'yes', '685', '.ws'),
(192, 'SM', 'San Marino', 'Republic of San Marino', 'SMR', '674', 'yes', '378', '.sm'),
(193, 'ST', 'Sao Tome and Principe', 'Democratic Republic of S&atilde;o Tom&eacute; and Pr&iacute;ncipe', 'STP', '678', 'yes', '239', '.st'),
(194, 'SA', 'Saudi Arabia', 'Kingdom of Saudi Arabia', 'SAU', '682', 'yes', '966', '.sa'),
(195, 'SN', 'Senegal', 'Republic of Senegal', 'SEN', '686', 'yes', '221', '.sn'),
(196, 'RS', 'Serbia', 'Republic of Serbia', 'SRB', '688', 'yes', '381', '.rs'),
(197, 'SC', 'Seychelles', 'Republic of Seychelles', 'SYC', '690', 'yes', '248', '.sc'),
(198, 'SL', 'Sierra Leone', 'Republic of Sierra Leone', 'SLE', '694', 'yes', '232', '.sl'),
(199, 'SG', 'Singapore', 'Republic of Singapore', 'SGP', '702', 'yes', '65', '.sg'),
(200, 'SX', 'Sint Maarten', 'Sint Maarten', 'SXM', '534', 'no', '1+721', '.sx'),
(201, 'SK', 'Slovakia', 'Slovak Republic', 'SVK', '703', 'yes', '421', '.sk'),
(202, 'SI', 'Slovenia', 'Republic of Slovenia', 'SVN', '705', 'yes', '386', '.si'),
(203, 'SB', 'Solomon Islands', 'Solomon Islands', 'SLB', '090', 'yes', '677', '.sb'),
(204, 'SO', 'Somalia', 'Somali Republic', 'SOM', '706', 'yes', '252', '.so'),
(205, 'ZA', 'South Africa', 'Republic of South Africa', 'ZAF', '710', 'yes', '27', '.za'),
(206, 'GS', 'South Georgia and the South Sandwich Islands', 'South Georgia and the South Sandwich Islands', 'SGS', '239', 'no', '500', '.gs'),
(207, 'KR', 'South Korea', 'Republic of Korea', 'KOR', '410', 'yes', '82', '.kr'),
(208, 'SS', 'South Sudan', 'Republic of South Sudan', 'SSD', '728', 'yes', '211', '.ss'),
(209, 'ES', 'Spain', 'Kingdom of Spain', 'ESP', '724', 'yes', '34', '.es'),
(210, 'LK', 'Sri Lanka', 'Democratic Socialist Republic of Sri Lanka', 'LKA', '144', 'yes', '94', '.lk'),
(211, 'SD', 'Sudan', 'Republic of the Sudan', 'SDN', '729', 'yes', '249', '.sd'),
(212, 'SR', 'Suriname', 'Republic of Suriname', 'SUR', '740', 'yes', '597', '.sr'),
(213, 'SJ', 'Svalbard and Jan Mayen', 'Svalbard and Jan Mayen', 'SJM', '744', 'no', '47', '.sj'),
(214, 'SZ', 'Swaziland', 'Kingdom of Swaziland', 'SWZ', '748', 'yes', '268', '.sz'),
(215, 'SE', 'Sweden', 'Kingdom of Sweden', 'SWE', '752', 'yes', '46', '.se'),
(216, 'CH', 'Switzerland', 'Swiss Confederation', 'CHE', '756', 'yes', '41', '.ch'),
(217, 'SY', 'Syria', 'Syrian Arab Republic', 'SYR', '760', 'yes', '963', '.sy'),
(218, 'TW', 'Taiwan', 'Republic of China (Taiwan)', 'TWN', '158', 'former', '886', '.tw'),
(219, 'TJ', 'Tajikistan', 'Republic of Tajikistan', 'TJK', '762', 'yes', '992', '.tj'),
(220, 'TZ', 'Tanzania', 'United Republic of Tanzania', 'TZA', '834', 'yes', '255', '.tz'),
(221, 'TH', 'Thailand', 'Kingdom of Thailand', 'THA', '764', 'yes', '66', '.th'),
(222, 'TL', 'Timor-Leste (East Timor)', 'Democratic Republic of Timor-Leste', 'TLS', '626', 'yes', '670', '.tl'),
(223, 'TG', 'Togo', 'Togolese Republic', 'TGO', '768', 'yes', '228', '.tg'),
(224, 'TK', 'Tokelau', 'Tokelau', 'TKL', '772', 'no', '690', '.tk'),
(225, 'TO', 'Tonga', 'Kingdom of Tonga', 'TON', '776', 'yes', '676', '.to'),
(226, 'TT', 'Trinidad and Tobago', 'Republic of Trinidad and Tobago', 'TTO', '780', 'yes', '1+868', '.tt'),
(227, 'TN', 'Tunisia', 'Republic of Tunisia', 'TUN', '788', 'yes', '216', '.tn'),
(228, 'TR', 'Turkey', 'Republic of Turkey', 'TUR', '792', 'yes', '90', '.tr'),
(229, 'TM', 'Turkmenistan', 'Turkmenistan', 'TKM', '795', 'yes', '993', '.tm'),
(230, 'TC', 'Turks and Caicos Islands', 'Turks and Caicos Islands', 'TCA', '796', 'no', '1+649', '.tc'),
(231, 'TV', 'Tuvalu', 'Tuvalu', 'TUV', '798', 'yes', '688', '.tv'),
(232, 'UG', 'Uganda', 'Republic of Uganda', 'UGA', '800', 'yes', '256', '.ug'),
(233, 'UA', 'Ukraine', 'Ukraine', 'UKR', '804', 'yes', '380', '.ua'),
(234, 'AE', 'United Arab Emirates', 'United Arab Emirates', 'ARE', '784', 'yes', '971', '.ae'),
(235, 'GB', 'United Kingdom', 'United Kingdom of Great Britain and Nothern Ireland', 'GBR', '826', 'yes', '44', '.uk'),
(236, 'US', 'United States', 'United States of America', 'USA', '840', 'yes', '1', '.us'),
(237, 'UM', 'United States Minor Outlying Islands', 'United States Minor Outlying Islands', 'UMI', '581', 'no', 'NONE', 'NONE'),
(238, 'UY', 'Uruguay', 'Eastern Republic of Uruguay', 'URY', '858', 'yes', '598', '.uy'),
(239, 'UZ', 'Uzbekistan', 'Republic of Uzbekistan', 'UZB', '860', 'yes', '998', '.uz'),
(240, 'VU', 'Vanuatu', 'Republic of Vanuatu', 'VUT', '548', 'yes', '678', '.vu'),
(241, 'VA', 'Vatican City', 'State of the Vatican City', 'VAT', '336', 'no', '39', '.va'),
(242, 'VE', 'Venezuela', 'Bolivarian Republic of Venezuela', 'VEN', '862', 'yes', '58', '.ve'),
(243, 'VN', 'Vietnam', 'Socialist Republic of Vietnam', 'VNM', '704', 'yes', '84', '.vn'),
(244, 'VG', 'Virgin Islands, British', 'British Virgin Islands', 'VGB', '092', 'no', '1+284', '.vg'),
(245, 'VI', 'Virgin Islands, US', 'Virgin Islands of the United States', 'VIR', '850', 'no', '1+340', '.vi'),
(246, 'WF', 'Wallis and Futuna', 'Wallis and Futuna', 'WLF', '876', 'no', '681', '.wf'),
(247, 'EH', 'Western Sahara', 'Western Sahara', 'ESH', '732', 'no', '212', '.eh'),
(248, 'YE', 'Yemen', 'Republic of Yemen', 'YEM', '887', 'yes', '967', '.ye'),
(249, 'ZM', 'Zambia', 'Republic of Zambia', 'ZMB', '894', 'yes', '260', '.zm'),
(250, 'ZW', 'Zimbabwe', 'Republic of Zimbabwe', 'ZWE', '716', 'yes', '263', '.zw');

-- --------------------------------------------------------

--
-- Table structure for table `tblcreditnotes`
--

CREATE TABLE IF NOT EXISTS `tblcreditnotes` (
  `id` int(11) NOT NULL AUTO_INCREMENT,
  `clientid` int(11) NOT NULL,
  `deleted_customer_name` varchar(100) DEFAULT NULL,
  `number` int(11) NOT NULL,
  `prefix` varchar(50) DEFAULT NULL,
  `number_format` int(11) NOT NULL DEFAULT 1,
  `datecreated` datetime NOT NULL,
  `date` date NOT NULL,
  `adminnote` text DEFAULT NULL,
  `terms` text DEFAULT NULL,
  `clientnote` text DEFAULT NULL,
  `currency` int(11) NOT NULL,
  `subtotal` decimal(15,2) NOT NULL,
  `total_tax` decimal(15,2) NOT NULL DEFAULT 0.00,
  `total` decimal(15,2) NOT NULL,
  `adjustment` decimal(15,2) DEFAULT NULL,
  `addedfrom` int(11) DEFAULT NULL,
  `status` int(11) DEFAULT 1,
  `project_id` int(11) NOT NULL DEFAULT 0,
  `discount_percent` decimal(15,2) DEFAULT 0.00,
  `discount_total` decimal(15,2) DEFAULT 0.00,
  `discount_type` varchar(30) NOT NULL,
  `billing_street` varchar(200) DEFAULT NULL,
  `billing_city` varchar(100) DEFAULT NULL,
  `billing_state` varchar(100) DEFAULT NULL,
  `billing_zip` varchar(100) DEFAULT NULL,
  `billing_country` int(11) DEFAULT NULL,
  `shipping_street` varchar(200) DEFAULT NULL,
  `shipping_city` varchar(100) DEFAULT NULL,
  `shipping_state` varchar(100) DEFAULT NULL,
  `shipping_zip` varchar(100) DEFAULT NULL,
  `shipping_country` int(11) DEFAULT NULL,
  `include_shipping` tinyint(1) NOT NULL,
  `show_shipping_on_credit_note` tinyint(1) NOT NULL DEFAULT 1,
  `show_quantity_as` int(11) NOT NULL DEFAULT 1,
  `reference_no` varchar(100) DEFAULT NULL,
  PRIMARY KEY (`id`),
  KEY `currency` (`currency`),
  KEY `clientid` (`clientid`),
  KEY `project_id` (`project_id`)
) ENGINE=InnoDB AUTO_INCREMENT=2 DEFAULT CHARSET=utf8;

--
-- Dumping data for table `tblcreditnotes`
--

INSERT INTO `tblcreditnotes` (`id`, `clientid`, `deleted_customer_name`, `number`, `prefix`, `number_format`, `datecreated`, `date`, `adminnote`, `terms`, `clientnote`, `currency`, `subtotal`, `total_tax`, `total`, `adjustment`, `addedfrom`, `status`, `project_id`, `discount_percent`, `discount_total`, `discount_type`, `billing_street`, `billing_city`, `billing_state`, `billing_zip`, `billing_country`, `shipping_street`, `shipping_city`, `shipping_state`, `shipping_zip`, `shipping_country`, `include_shipping`, `show_shipping_on_credit_note`, `show_quantity_as`, `reference_no`) VALUES
(1, 15, NULL, 1, 'CN-', 1, '2020-06-18 13:30:47', '2020-06-18', '', '', '', 1, 75.00, 15.00, 90.00, 0.00, 6, 2, 0, 0.00, 0.00, '', '1 Spratt Cl', 'Horncastle ', '', 'LN9 6SB', 235, NULL, NULL, NULL, NULL, NULL, 0, 1, 1, 'INV-002459');

-- --------------------------------------------------------

--
-- Table structure for table `tblcreditnote_refunds`
--

CREATE TABLE IF NOT EXISTS `tblcreditnote_refunds` (
  `id` int(11) NOT NULL AUTO_INCREMENT,
  `credit_note_id` int(11) NOT NULL,
  `staff_id` int(11) NOT NULL,
  `refunded_on` date NOT NULL,
  `payment_mode` varchar(40) NOT NULL,
  `note` text DEFAULT NULL,
  `amount` decimal(15,2) NOT NULL,
  `created_at` datetime DEFAULT NULL,
  PRIMARY KEY (`id`)
) ENGINE=InnoDB DEFAULT CHARSET=utf8;

-- --------------------------------------------------------

--
-- Table structure for table `tblcredits`
--

CREATE TABLE IF NOT EXISTS `tblcredits` (
  `id` int(11) NOT NULL AUTO_INCREMENT,
  `invoice_id` int(11) NOT NULL,
  `credit_id` int(11) NOT NULL,
  `staff_id` int(11) NOT NULL,
  `date` date NOT NULL,
  `date_applied` datetime NOT NULL,
  `amount` decimal(15,2) NOT NULL,
  PRIMARY KEY (`id`)
) ENGINE=InnoDB AUTO_INCREMENT=2 DEFAULT CHARSET=utf8;

--
-- Dumping data for table `tblcredits`
--

INSERT INTO `tblcredits` (`id`, `invoice_id`, `credit_id`, `staff_id`, `date`, `date_applied`, `amount`) VALUES
(1, 2473, 1, 6, '2020-06-18', '2020-06-18 13:31:56', 90.00);

-- --------------------------------------------------------

--
-- Table structure for table `tblcurrencies`
--

CREATE TABLE IF NOT EXISTS `tblcurrencies` (
  `id` int(11) NOT NULL AUTO_INCREMENT,
  `symbol` varchar(10) NOT NULL,
  `name` varchar(100) NOT NULL,
  `decimal_separator` varchar(5) DEFAULT NULL,
  `thousand_separator` varchar(5) DEFAULT NULL,
  `placement` varchar(10) DEFAULT NULL,
  `isdefault` tinyint(1) NOT NULL DEFAULT 0,
  PRIMARY KEY (`id`)
) ENGINE=InnoDB AUTO_INCREMENT=5 DEFAULT CHARSET=utf8;

--
-- Dumping data for table `tblcurrencies`
--

INSERT INTO `tblcurrencies` (`id`, `symbol`, `name`, `decimal_separator`, `thousand_separator`, `placement`, `isdefault`) VALUES
(1, '£', 'GBP', '.', ',', 'before', 1),
(3, '€', 'EUR', '.', ',', 'before', 0),
(4, '$', 'USD', '.', ',', 'before', 0);

-- --------------------------------------------------------

--
-- Table structure for table `tblcustomers_groups`
--

CREATE TABLE IF NOT EXISTS `tblcustomers_groups` (
  `id` int(11) NOT NULL AUTO_INCREMENT,
  `name` varchar(255) NOT NULL,
  PRIMARY KEY (`id`),
  KEY `name` (`name`)
) ENGINE=InnoDB AUTO_INCREMENT=7 DEFAULT CHARSET=utf8;

--
-- Dumping data for table `tblcustomers_groups`
--

INSERT INTO `tblcustomers_groups` (`id`, `name`) VALUES
(6, 'AGN-USA'),
(5, 'AutoGarage Europe'),
(3, 'Bond International'),
(2, 'Project'),
(4, 'STS'),
(1, 'Websites');

-- --------------------------------------------------------

--
-- Table structure for table `tblcustomer_admins`
--

CREATE TABLE IF NOT EXISTS `tblcustomer_admins` (
  `staff_id` int(11) NOT NULL,
  `customer_id` int(11) NOT NULL,
  `date_assigned` datetime NOT NULL,
  KEY `customer_id` (`customer_id`),
  KEY `staff_id` (`staff_id`)
) ENGINE=InnoDB DEFAULT CHARSET=utf8;

-- --------------------------------------------------------

--
-- Table structure for table `tblcustomer_groups`
--

CREATE TABLE IF NOT EXISTS `tblcustomer_groups` (
  `id` int(11) NOT NULL AUTO_INCREMENT,
  `groupid` int(11) NOT NULL,
  `customer_id` int(11) NOT NULL,
  PRIMARY KEY (`id`),
  KEY `groupid` (`groupid`),
  KEY `customer_id` (`customer_id`)
) ENGINE=InnoDB AUTO_INCREMENT=425 DEFAULT CHARSET=utf8;

--
-- Dumping data for table `tblcustomer_groups`
--

INSERT INTO `tblcustomer_groups` (`id`, `groupid`, `customer_id`) VALUES
(6, 1, 91),
(88, 1, 87),
(89, 1, 86),
(90, 1, 85),
(91, 1, 84),
(92, 1, 83),
(93, 1, 82),
(94, 1, 81),
(95, 1, 80),
(96, 1, 79),
(97, 1, 78),
(98, 1, 77),
(99, 1, 76),
(100, 1, 75),
(101, 1, 74),
(102, 1, 73),
(103, 1, 72),
(104, 1, 71),
(105, 1, 70),
(106, 1, 69),
(107, 1, 68),
(108, 1, 67),
(109, 1, 66),
(110, 1, 65),
(111, 1, 64),
(112, 1, 63),
(113, 1, 62),
(114, 1, 61),
(115, 1, 60),
(116, 1, 59),
(117, 1, 58),
(118, 1, 57),
(119, 1, 56),
(120, 1, 55),
(121, 1, 54),
(123, 1, 52),
(124, 1, 51),
(125, 1, 50),
(126, 1, 49),
(127, 1, 48),
(128, 1, 47),
(129, 1, 46),
(130, 1, 45),
(131, 1, 44),
(132, 1, 43),
(133, 1, 42),
(134, 1, 41),
(135, 1, 40),
(136, 1, 39),
(137, 1, 38),
(138, 1, 37),
(139, 1, 36),
(140, 1, 35),
(141, 1, 34),
(142, 1, 33),
(143, 1, 32),
(144, 1, 31),
(145, 1, 30),
(146, 1, 29),
(147, 1, 28),
(148, 1, 27),
(149, 1, 26),
(150, 1, 25),
(151, 1, 24),
(152, 1, 23),
(153, 1, 22),
(154, 1, 21),
(155, 1, 20),
(156, 1, 19),
(157, 1, 18),
(158, 1, 17),
(159, 1, 16),
(160, 1, 15),
(161, 1, 14),
(162, 1, 13),
(163, 1, 12),
(164, 1, 11),
(165, 1, 10),
(166, 1, 9),
(167, 1, 8),
(168, 1, 7),
(169, 1, 6),
(170, 1, 5),
(171, 1, 4),
(172, 1, 3),
(173, 1, 2),
(174, 1, 1),
(175, 1, 96),
(176, 1, 97),
(177, 1, 98),
(178, 1, 100),
(179, 1, 101),
(180, 1, 102),
(181, 1, 105),
(182, 1, 107),
(183, 1, 108),
(184, 1, 113),
(185, 1, 115),
(186, 1, 118),
(187, 1, 120),
(188, 1, 121),
(189, 1, 122),
(190, 1, 123),
(191, 1, 124),
(192, 1, 126),
(193, 1, 127),
(194, 1, 128),
(195, 1, 129),
(198, 1, 133),
(199, 1, 134),
(200, 1, 136),
(201, 1, 137),
(202, 1, 138),
(203, 1, 139),
(204, 1, 140),
(205, 1, 141),
(206, 1, 142),
(207, 1, 143),
(208, 1, 144),
(209, 1, 146),
(210, 1, 148),
(211, 1, 149),
(212, 1, 150),
(213, 1, 151),
(214, 1, 152),
(215, 1, 153),
(217, 1, 155),
(219, 1, 159),
(220, 1, 160),
(221, 1, 161),
(222, 1, 162),
(223, 1, 163),
(225, 1, 166),
(226, 1, 167),
(227, 1, 168),
(228, 1, 169),
(229, 1, 170),
(230, 1, 171),
(231, 1, 172),
(232, 1, 173),
(233, 1, 174),
(234, 1, 175),
(235, 1, 176),
(236, 1, 177),
(238, 1, 179),
(239, 1, 180),
(241, 1, 182),
(242, 1, 183),
(243, 1, 184),
(244, 1, 185),
(246, 1, 188),
(247, 1, 192),
(248, 1, 193),
(249, 1, 194),
(250, 1, 195),
(251, 1, 197),
(252, 1, 198),
(253, 1, 199),
(254, 1, 200),
(256, 1, 202),
(257, 1, 204),
(258, 1, 205),
(259, 1, 206),
(260, 1, 207),
(261, 1, 208),
(262, 1, 209),
(263, 1, 210),
(264, 1, 211),
(265, 1, 212),
(266, 1, 213),
(267, 1, 214),
(268, 1, 215),
(269, 1, 216),
(270, 1, 217),
(271, 1, 218),
(272, 1, 219),
(273, 1, 220),
(274, 1, 221),
(275, 1, 222),
(276, 1, 223),
(277, 1, 224),
(278, 1, 225),
(279, 1, 226),
(280, 1, 227),
(281, 1, 228),
(282, 1, 229),
(283, 1, 230),
(284, 1, 231),
(285, 1, 232),
(286, 1, 233),
(287, 1, 234),
(288, 1, 236),
(289, 1, 237),
(291, 1, 239),
(292, 1, 246),
(293, 1, 247),
(295, 1, 249),
(296, 1, 250),
(300, 1, 254),
(301, 1, 255),
(302, 1, 256),
(304, 1, 258),
(305, 1, 259),
(306, 1, 260),
(308, 1, 263),
(311, 1, 266),
(312, 1, 267),
(314, 1, 269),
(315, 1, 270),
(319, 1, 274),
(327, 1, 283),
(334, 1, 291),
(336, 1, 294),
(337, 1, 296),
(338, 1, 297),
(339, 1, 298),
(340, 1, 299),
(341, 3, 257),
(342, 3, 268),
(343, 3, 287),
(344, 3, 286),
(345, 3, 276),
(346, 4, 248),
(347, 3, 293),
(348, 3, 181),
(349, 3, 273),
(350, 3, 282),
(351, 1, 300),
(352, 1, 301),
(354, 1, 303),
(355, 1, 304),
(356, 3, 285),
(357, 3, 305),
(358, 5, 302),
(359, 1, 306),
(360, 1, 307),
(361, 1, 308),
(362, 1, 309),
(363, 1, 310),
(364, 1, 311),
(365, 1, 312),
(366, 1, 313),
(368, 1, 315),
(369, 1, 316),
(370, 1, 317),
(371, 1, 318),
(372, 1, 319),
(373, 1, 320),
(374, 1, 321),
(375, 1, 322),
(376, 1, 323),
(377, 1, 324),
(378, 1, 325),
(379, 1, 326),
(380, 4, 327),
(382, 1, 329),
(383, 4, 271),
(385, 4, 238),
(387, 3, 278),
(388, 3, 277),
(389, 3, 252),
(390, 3, 314),
(391, 3, 251),
(392, 3, 284),
(393, 3, 265),
(394, 3, 253),
(395, 3, 235),
(396, 1, 330),
(397, 6, 331),
(398, 6, 332),
(399, 3, 333),
(400, 3, 334),
(401, 1, 335),
(402, 1, 336),
(403, 1, 165),
(404, 1, 337),
(405, 1, 338),
(406, 1, 119),
(407, 1, 339),
(408, 1, 340),
(409, 1, 341),
(410, 1, 342),
(411, 1, 343),
(412, 1, 344),
(413, 1, 345),
(415, 4, 346),
(416, 1, 111),
(417, 1, 347),
(418, 3, 281),
(419, 1, 348),
(421, 1, 350),
(422, 1, 351),
(423, 1, 352),
(424, 4, 164);

-- --------------------------------------------------------

--
-- Table structure for table `tblcustomfields`
--

CREATE TABLE IF NOT EXISTS `tblcustomfields` (
  `id` int(11) NOT NULL AUTO_INCREMENT,
  `fieldto` varchar(30) DEFAULT NULL,
  `name` varchar(150) NOT NULL,
  `slug` varchar(150) NOT NULL,
  `required` tinyint(1) NOT NULL DEFAULT 0,
  `type` varchar(20) NOT NULL,
  `options` mediumtext DEFAULT NULL,
  `display_inline` tinyint(1) NOT NULL DEFAULT 0,
  `field_order` int(11) DEFAULT 0,
  `active` int(11) NOT NULL DEFAULT 1,
  `show_on_pdf` int(11) NOT NULL DEFAULT 0,
  `show_on_ticket_form` tinyint(1) NOT NULL DEFAULT 0,
  `only_admin` tinyint(1) NOT NULL DEFAULT 0,
  `show_on_table` tinyint(1) NOT NULL DEFAULT 0,
  `show_on_client_portal` int(11) NOT NULL DEFAULT 0,
  `disalow_client_to_edit` int(11) NOT NULL DEFAULT 0,
  `bs_column` int(11) NOT NULL DEFAULT 12,
  PRIMARY KEY (`id`)
) ENGINE=InnoDB AUTO_INCREMENT=6 DEFAULT CHARSET=utf8;

--
-- Dumping data for table `tblcustomfields`
--

INSERT INTO `tblcustomfields` (`id`, `fieldto`, `name`, `slug`, `required`, `type`, `options`, `display_inline`, `field_order`, `active`, `show_on_pdf`, `show_on_ticket_form`, `only_admin`, `show_on_table`, `show_on_client_portal`, `disalow_client_to_edit`, `bs_column`) VALUES
(1, 'leads', 'Interested', 'leads_interested', 1, 'select', 'MOT Diary,AutoTech Data,Standard Website,Premium Website,Professional Website,SEO,Other', 0, 0, 1, 0, 0, 0, 0, 0, 0, 12),
(2, 'staff', 'Allow Chat', 'staff_allow_chat', 0, 'select', 'Yes,No', 0, 0, 1, 0, 0, 0, 1, 0, 0, 12),
(4, 'projects', 'Type', 'projects_type', 0, 'select', 'Website,Project,Internal Project,SEO,Mobile App,Website Maintenance,App Maintenance,Upgrade,Facebook', 0, 0, 1, 0, 0, 0, 1, 0, 0, 12),
(5, 'projects', 'Website', 'projects_website', 0, 'input', '', 0, 0, 1, 0, 0, 0, 0, 1, 0, 12);

-- --------------------------------------------------------

--
-- Table structure for table `tblcustomfieldsvalues`
--

CREATE TABLE IF NOT EXISTS `tblcustomfieldsvalues` (
  `id` int(11) NOT NULL AUTO_INCREMENT,
  `relid` int(11) NOT NULL,
  `fieldid` int(11) NOT NULL,
  `fieldto` varchar(15) NOT NULL,
  `value` text NOT NULL,
  PRIMARY KEY (`id`),
  KEY `relid` (`relid`),
  KEY `fieldid` (`fieldid`),
  KEY `fieldto` (`fieldto`)
) ENGINE=InnoDB AUTO_INCREMENT=1857 DEFAULT CHARSET=utf8;

--
-- Dumping data for table `tblcustomfieldsvalues`
--

INSERT INTO `tblcustomfieldsvalues` (`id`, `relid`, `fieldid`, `fieldto`, `value`) VALUES
(5, 24, 1, 'leads', 'AutoTech Data'),
(6, 33, 1, 'leads', 'AutoTech Data'),
(7, 61, 1, 'leads', 'AutoTech Data'),
(8, 7, 2, 'staff', 'Yes'),
(16, 23, 1, 'leads', 'AutoTech Data'),
(17, 25, 1, 'leads', 'AutoTech Data'),
(18, 26, 1, 'leads', 'AutoTech Data'),
(19, 27, 1, 'leads', 'AutoTech Data'),
(20, 28, 1, 'leads', 'AutoTech Data'),
(21, 29, 1, 'leads', 'AutoTech Data'),
(22, 30, 1, 'leads', 'AutoTech Data'),
(23, 31, 1, 'leads', 'AutoTech Data'),
(24, 32, 1, 'leads', 'AutoTech Data'),
(25, 34, 1, 'leads', 'AutoTech Data'),
(26, 35, 1, 'leads', 'AutoTech Data'),
(27, 36, 1, 'leads', 'AutoTech Data'),
(28, 37, 1, 'leads', 'AutoTech Data'),
(29, 38, 1, 'leads', 'AutoTech Data'),
(30, 39, 1, 'leads', 'AutoTech Data'),
(31, 40, 1, 'leads', 'AutoTech Data'),
(32, 41, 1, 'leads', 'AutoTech Data'),
(33, 42, 1, 'leads', 'AutoTech Data'),
(34, 43, 1, 'leads', 'AutoTech Data'),
(35, 44, 1, 'leads', 'AutoTech Data'),
(36, 45, 1, 'leads', 'AutoTech Data'),
(37, 46, 1, 'leads', 'AutoTech Data'),
(38, 47, 1, 'leads', 'AutoTech Data'),
(39, 48, 1, 'leads', 'AutoTech Data'),
(40, 49, 1, 'leads', 'AutoTech Data'),
(41, 50, 1, 'leads', 'AutoTech Data'),
(42, 51, 1, 'leads', 'AutoTech Data'),
(43, 52, 1, 'leads', 'AutoTech Data'),
(44, 53, 1, 'leads', 'AutoTech Data'),
(45, 54, 1, 'leads', 'AutoTech Data'),
(46, 55, 1, 'leads', 'AutoTech Data'),
(47, 56, 1, 'leads', 'AutoTech Data'),
(48, 57, 1, 'leads', 'AutoTech Data'),
(49, 58, 1, 'leads', 'AutoTech Data'),
(50, 59, 1, 'leads', 'AutoTech Data'),
(51, 60, 1, 'leads', 'AutoTech Data'),
(52, 62, 1, 'leads', 'AutoTech Data'),
(53, 63, 1, 'leads', 'AutoTech Data'),
(54, 64, 1, 'leads', 'AutoTech Data'),
(55, 65, 1, 'leads', 'AutoTech Data'),
(56, 66, 1, 'leads', 'AutoTech Data'),
(57, 67, 1, 'leads', 'AutoTech Data'),
(58, 68, 1, 'leads', 'AutoTech Data'),
(59, 69, 1, 'leads', 'AutoTech Data'),
(60, 70, 1, 'leads', 'AutoTech Data'),
(61, 71, 1, 'leads', 'AutoTech Data'),
(62, 72, 1, 'leads', 'AutoTech Data'),
(63, 73, 1, 'leads', 'AutoTech Data'),
(64, 74, 1, 'leads', 'AutoTech Data'),
(65, 75, 1, 'leads', 'AutoTech Data'),
(66, 76, 1, 'leads', 'AutoTech Data'),
(67, 77, 1, 'leads', 'AutoTech Data'),
(68, 78, 1, 'leads', 'AutoTech Data'),
(69, 79, 1, 'leads', 'AutoTech Data'),
(70, 80, 1, 'leads', 'AutoTech Data'),
(71, 81, 1, 'leads', 'AutoTech Data'),
(72, 82, 1, 'leads', 'AutoTech Data'),
(73, 83, 1, 'leads', 'AutoTech Data'),
(74, 84, 1, 'leads', 'AutoTech Data'),
(75, 85, 1, 'leads', 'AutoTech Data'),
(76, 86, 1, 'leads', 'AutoTech Data'),
(77, 87, 1, 'leads', 'AutoTech Data'),
(78, 88, 1, 'leads', 'AutoTech Data'),
(79, 89, 1, 'leads', 'AutoTech Data'),
(80, 90, 1, 'leads', 'AutoTech Data'),
(81, 91, 1, 'leads', 'AutoTech Data'),
(82, 92, 1, 'leads', 'AutoTech Data'),
(83, 93, 1, 'leads', 'AutoTech Data'),
(84, 94, 1, 'leads', 'AutoTech Data'),
(85, 95, 1, 'leads', 'AutoTech Data'),
(86, 96, 1, 'leads', 'AutoTech Data'),
(87, 97, 1, 'leads', 'AutoTech Data'),
(88, 98, 1, 'leads', 'AutoTech Data'),
(89, 99, 1, 'leads', 'AutoTech Data'),
(90, 100, 1, 'leads', 'AutoTech Data'),
(91, 101, 1, 'leads', 'AutoTech Data'),
(92, 102, 1, 'leads', 'AutoTech Data'),
(93, 103, 1, 'leads', 'AutoTech Data'),
(94, 104, 1, 'leads', 'AutoTech Data'),
(95, 105, 1, 'leads', 'AutoTech Data'),
(96, 106, 1, 'leads', 'AutoTech Data'),
(97, 107, 1, 'leads', 'AutoTech Data'),
(98, 108, 1, 'leads', 'AutoTech Data'),
(99, 109, 1, 'leads', 'AutoTech Data'),
(100, 110, 1, 'leads', 'AutoTech Data'),
(101, 111, 1, 'leads', 'AutoTech Data'),
(102, 112, 1, 'leads', 'AutoTech Data'),
(103, 113, 1, 'leads', 'AutoTech Data'),
(104, 114, 1, 'leads', 'AutoTech Data'),
(105, 115, 1, 'leads', 'AutoTech Data'),
(106, 116, 1, 'leads', 'AutoTech Data'),
(107, 117, 1, 'leads', 'AutoTech Data'),
(108, 118, 1, 'leads', 'AutoTech Data'),
(109, 119, 1, 'leads', 'AutoTech Data'),
(110, 120, 1, 'leads', 'AutoTech Data'),
(111, 121, 1, 'leads', 'AutoTech Data'),
(112, 122, 1, 'leads', 'AutoTech Data'),
(113, 123, 1, 'leads', 'AutoTech Data'),
(114, 124, 1, 'leads', 'AutoTech Data'),
(115, 125, 1, 'leads', 'AutoTech Data'),
(116, 126, 1, 'leads', 'AutoTech Data'),
(117, 127, 1, 'leads', 'AutoTech Data'),
(118, 128, 1, 'leads', 'AutoTech Data'),
(119, 129, 1, 'leads', 'AutoTech Data'),
(120, 130, 1, 'leads', 'AutoTech Data'),
(121, 131, 1, 'leads', 'AutoTech Data'),
(122, 132, 1, 'leads', 'AutoTech Data'),
(123, 133, 1, 'leads', 'AutoTech Data'),
(124, 134, 1, 'leads', 'AutoTech Data'),
(125, 135, 1, 'leads', 'AutoTech Data'),
(126, 136, 1, 'leads', 'AutoTech Data'),
(127, 137, 1, 'leads', 'AutoTech Data'),
(128, 138, 1, 'leads', 'AutoTech Data'),
(129, 139, 1, 'leads', 'AutoTech Data'),
(130, 140, 1, 'leads', 'AutoTech Data'),
(131, 141, 1, 'leads', 'AutoTech Data'),
(132, 142, 1, 'leads', 'AutoTech Data'),
(133, 143, 1, 'leads', 'AutoTech Data'),
(134, 144, 1, 'leads', 'AutoTech Data'),
(135, 145, 1, 'leads', 'AutoTech Data'),
(136, 146, 1, 'leads', 'AutoTech Data'),
(137, 147, 1, 'leads', 'AutoTech Data'),
(138, 148, 1, 'leads', 'AutoTech Data'),
(139, 149, 1, 'leads', 'AutoTech Data'),
(140, 150, 1, 'leads', 'AutoTech Data'),
(141, 151, 1, 'leads', 'AutoTech Data'),
(142, 152, 1, 'leads', 'AutoTech Data'),
(143, 153, 1, 'leads', 'AutoTech Data'),
(144, 154, 1, 'leads', 'AutoTech Data'),
(145, 155, 1, 'leads', 'AutoTech Data'),
(146, 156, 1, 'leads', 'AutoTech Data'),
(147, 157, 1, 'leads', 'AutoTech Data'),
(148, 158, 1, 'leads', 'AutoTech Data'),
(149, 159, 1, 'leads', 'AutoTech Data'),
(150, 160, 1, 'leads', 'AutoTech Data'),
(151, 161, 1, 'leads', 'AutoTech Data'),
(152, 162, 1, 'leads', 'AutoTech Data'),
(153, 163, 1, 'leads', 'AutoTech Data'),
(154, 164, 1, 'leads', 'AutoTech Data'),
(155, 165, 1, 'leads', 'AutoTech Data'),
(156, 166, 1, 'leads', 'AutoTech Data'),
(157, 167, 1, 'leads', 'AutoTech Data'),
(158, 168, 1, 'leads', 'AutoTech Data'),
(159, 169, 1, 'leads', 'AutoTech Data'),
(160, 170, 1, 'leads', 'AutoTech Data'),
(161, 171, 1, 'leads', 'AutoTech Data'),
(162, 172, 1, 'leads', 'AutoTech Data'),
(163, 173, 1, 'leads', 'AutoTech Data'),
(164, 174, 1, 'leads', 'AutoTech Data'),
(165, 175, 1, 'leads', 'AutoTech Data'),
(166, 176, 1, 'leads', 'AutoTech Data'),
(167, 177, 1, 'leads', 'AutoTech Data'),
(168, 178, 1, 'leads', 'AutoTech Data'),
(169, 179, 1, 'leads', 'AutoTech Data'),
(170, 180, 1, 'leads', 'AutoTech Data'),
(171, 181, 1, 'leads', 'AutoTech Data'),
(172, 182, 1, 'leads', 'AutoTech Data'),
(173, 183, 1, 'leads', 'AutoTech Data'),
(174, 184, 1, 'leads', 'AutoTech Data'),
(175, 185, 1, 'leads', 'AutoTech Data'),
(176, 186, 1, 'leads', 'AutoTech Data'),
(177, 187, 1, 'leads', 'AutoTech Data'),
(178, 188, 1, 'leads', 'AutoTech Data'),
(179, 189, 1, 'leads', 'AutoTech Data'),
(180, 190, 1, 'leads', 'AutoTech Data'),
(181, 191, 1, 'leads', 'AutoTech Data'),
(182, 192, 1, 'leads', 'AutoTech Data'),
(183, 193, 1, 'leads', 'AutoTech Data'),
(184, 194, 1, 'leads', 'AutoTech Data'),
(185, 195, 1, 'leads', 'AutoTech Data'),
(186, 196, 1, 'leads', 'AutoTech Data'),
(187, 197, 1, 'leads', 'AutoTech Data'),
(188, 198, 1, 'leads', 'AutoTech Data'),
(189, 199, 1, 'leads', 'AutoTech Data'),
(190, 200, 1, 'leads', 'AutoTech Data'),
(191, 201, 1, 'leads', 'AutoTech Data'),
(192, 202, 1, 'leads', 'AutoTech Data'),
(193, 203, 1, 'leads', 'AutoTech Data'),
(194, 204, 1, 'leads', 'AutoTech Data'),
(195, 205, 1, 'leads', 'AutoTech Data'),
(196, 206, 1, 'leads', 'AutoTech Data'),
(197, 207, 1, 'leads', 'AutoTech Data'),
(198, 208, 1, 'leads', 'AutoTech Data'),
(199, 209, 1, 'leads', 'AutoTech Data'),
(200, 210, 1, 'leads', 'AutoTech Data'),
(201, 211, 1, 'leads', 'AutoTech Data'),
(202, 212, 1, 'leads', 'AutoTech Data'),
(203, 213, 1, 'leads', 'AutoTech Data'),
(204, 214, 1, 'leads', 'AutoTech Data'),
(205, 215, 1, 'leads', 'AutoTech Data'),
(206, 216, 1, 'leads', 'AutoTech Data'),
(207, 217, 1, 'leads', 'AutoTech Data'),
(208, 218, 1, 'leads', 'AutoTech Data'),
(209, 219, 1, 'leads', 'AutoTech Data'),
(210, 220, 1, 'leads', 'AutoTech Data'),
(211, 221, 1, 'leads', 'AutoTech Data'),
(212, 222, 1, 'leads', 'AutoTech Data'),
(213, 223, 1, 'leads', 'AutoTech Data'),
(214, 224, 1, 'leads', 'AutoTech Data'),
(215, 225, 1, 'leads', 'AutoTech Data'),
(216, 226, 1, 'leads', 'AutoTech Data'),
(217, 227, 1, 'leads', 'AutoTech Data'),
(218, 228, 1, 'leads', 'AutoTech Data'),
(219, 229, 1, 'leads', 'AutoTech Data'),
(220, 230, 1, 'leads', 'AutoTech Data'),
(221, 231, 1, 'leads', 'AutoTech Data'),
(222, 232, 1, 'leads', 'AutoTech Data'),
(223, 233, 1, 'leads', 'AutoTech Data'),
(224, 234, 1, 'leads', 'AutoTech Data'),
(225, 235, 1, 'leads', 'AutoTech Data'),
(226, 236, 1, 'leads', 'AutoTech Data'),
(227, 237, 1, 'leads', 'AutoTech Data'),
(228, 238, 1, 'leads', 'AutoTech Data'),
(229, 239, 1, 'leads', 'AutoTech Data'),
(230, 240, 1, 'leads', 'AutoTech Data'),
(231, 241, 1, 'leads', 'AutoTech Data'),
(232, 242, 1, 'leads', 'AutoTech Data'),
(233, 243, 1, 'leads', 'AutoTech Data'),
(234, 244, 1, 'leads', 'AutoTech Data'),
(235, 245, 1, 'leads', 'AutoTech Data'),
(236, 246, 1, 'leads', 'AutoTech Data'),
(237, 247, 1, 'leads', 'AutoTech Data'),
(238, 248, 1, 'leads', 'AutoTech Data'),
(239, 249, 1, 'leads', 'AutoTech Data'),
(240, 250, 1, 'leads', 'AutoTech Data'),
(241, 251, 1, 'leads', 'AutoTech Data'),
(242, 252, 1, 'leads', 'AutoTech Data'),
(243, 253, 1, 'leads', 'AutoTech Data'),
(244, 254, 1, 'leads', 'AutoTech Data'),
(245, 255, 1, 'leads', 'AutoTech Data'),
(246, 256, 1, 'leads', 'AutoTech Data'),
(247, 257, 1, 'leads', 'AutoTech Data'),
(248, 258, 1, 'leads', 'AutoTech Data'),
(249, 259, 1, 'leads', 'AutoTech Data'),
(250, 260, 1, 'leads', 'AutoTech Data'),
(251, 261, 1, 'leads', 'AutoTech Data'),
(252, 262, 1, 'leads', 'AutoTech Data'),
(253, 263, 1, 'leads', 'AutoTech Data'),
(254, 264, 1, 'leads', 'AutoTech Data'),
(255, 265, 1, 'leads', 'AutoTech Data'),
(256, 266, 1, 'leads', 'AutoTech Data'),
(257, 267, 1, 'leads', 'AutoTech Data'),
(258, 268, 1, 'leads', 'AutoTech Data'),
(259, 269, 1, 'leads', 'AutoTech Data'),
(260, 270, 1, 'leads', 'AutoTech Data'),
(261, 271, 1, 'leads', 'AutoTech Data'),
(262, 272, 1, 'leads', 'AutoTech Data'),
(263, 273, 1, 'leads', 'AutoTech Data'),
(264, 274, 1, 'leads', 'AutoTech Data'),
(265, 275, 1, 'leads', 'AutoTech Data'),
(267, 277, 1, 'leads', 'AutoTech Data'),
(268, 278, 1, 'leads', 'AutoTech Data'),
(269, 279, 1, 'leads', 'AutoTech Data'),
(270, 280, 1, 'leads', 'AutoTech Data'),
(271, 281, 1, 'leads', 'AutoTech Data'),
(272, 282, 1, 'leads', 'AutoTech Data'),
(273, 283, 1, 'leads', 'AutoTech Data'),
(274, 284, 1, 'leads', 'AutoTech Data'),
(275, 285, 1, 'leads', 'AutoTech Data'),
(276, 286, 1, 'leads', 'AutoTech Data'),
(277, 287, 1, 'leads', 'AutoTech Data'),
(278, 288, 1, 'leads', 'AutoTech Data'),
(279, 289, 1, 'leads', 'AutoTech Data'),
(280, 290, 1, 'leads', 'AutoTech Data'),
(281, 291, 1, 'leads', 'AutoTech Data'),
(282, 292, 1, 'leads', 'AutoTech Data'),
(283, 293, 1, 'leads', 'AutoTech Data'),
(284, 294, 1, 'leads', 'AutoTech Data'),
(285, 295, 1, 'leads', 'AutoTech Data'),
(287, 297, 1, 'leads', 'AutoTech Data'),
(288, 298, 1, 'leads', 'AutoTech Data'),
(289, 299, 1, 'leads', 'AutoTech Data'),
(290, 300, 1, 'leads', 'AutoTech Data'),
(291, 301, 1, 'leads', 'AutoTech Data'),
(292, 302, 1, 'leads', 'AutoTech Data'),
(293, 303, 1, 'leads', 'AutoTech Data'),
(294, 304, 1, 'leads', 'AutoTech Data'),
(295, 305, 1, 'leads', 'AutoTech Data'),
(296, 306, 1, 'leads', 'AutoTech Data'),
(297, 307, 1, 'leads', 'AutoTech Data'),
(298, 308, 1, 'leads', 'AutoTech Data'),
(299, 309, 1, 'leads', 'AutoTech Data'),
(300, 310, 1, 'leads', 'AutoTech Data'),
(301, 311, 1, 'leads', 'AutoTech Data'),
(302, 312, 1, 'leads', 'AutoTech Data'),
(303, 313, 1, 'leads', 'AutoTech Data'),
(304, 314, 1, 'leads', 'AutoTech Data'),
(305, 315, 1, 'leads', 'AutoTech Data'),
(306, 316, 1, 'leads', 'AutoTech Data'),
(307, 317, 1, 'leads', 'AutoTech Data'),
(308, 318, 1, 'leads', 'AutoTech Data'),
(309, 319, 1, 'leads', 'AutoTech Data'),
(310, 320, 1, 'leads', 'AutoTech Data'),
(311, 321, 1, 'leads', 'AutoTech Data'),
(312, 322, 1, 'leads', 'AutoTech Data'),
(313, 323, 1, 'leads', 'AutoTech Data'),
(314, 324, 1, 'leads', 'AutoTech Data'),
(315, 325, 1, 'leads', 'AutoTech Data'),
(316, 326, 1, 'leads', 'AutoTech Data'),
(317, 327, 1, 'leads', 'AutoTech Data'),
(318, 328, 1, 'leads', 'AutoTech Data'),
(319, 329, 1, 'leads', 'AutoTech Data'),
(320, 330, 1, 'leads', 'AutoTech Data'),
(321, 331, 1, 'leads', 'AutoTech Data'),
(322, 332, 1, 'leads', 'AutoTech Data'),
(323, 333, 1, 'leads', 'AutoTech Data'),
(324, 334, 1, 'leads', 'AutoTech Data'),
(325, 335, 1, 'leads', 'AutoTech Data'),
(326, 336, 1, 'leads', 'AutoTech Data'),
(329, 339, 1, 'leads', 'AutoTech Data'),
(330, 340, 1, 'leads', 'AutoTech Data'),
(331, 341, 1, 'leads', 'AutoTech Data'),
(332, 342, 1, 'leads', 'AutoTech Data'),
(333, 343, 1, 'leads', 'AutoTech Data'),
(334, 344, 1, 'leads', 'AutoTech Data'),
(335, 345, 1, 'leads', 'AutoTech Data'),
(337, 347, 1, 'leads', 'AutoTech Data'),
(338, 348, 1, 'leads', 'AutoTech Data'),
(339, 349, 1, 'leads', 'AutoTech Data'),
(340, 350, 1, 'leads', 'AutoTech Data'),
(341, 351, 1, 'leads', 'AutoTech Data'),
(342, 352, 1, 'leads', 'AutoTech Data'),
(343, 353, 1, 'leads', 'AutoTech Data'),
(345, 355, 1, 'leads', 'AutoTech Data'),
(350, 360, 1, 'leads', 'AutoTech Data'),
(352, 362, 1, 'leads', 'AutoTech Data'),
(353, 363, 1, 'leads', 'AutoTech Data'),
(355, 365, 1, 'leads', 'AutoTech Data'),
(356, 366, 1, 'leads', 'AutoTech Data'),
(357, 367, 1, 'leads', 'AutoTech Data'),
(358, 368, 1, 'leads', 'AutoTech Data'),
(359, 369, 1, 'leads', 'AutoTech Data'),
(360, 370, 1, 'leads', 'AutoTech Data'),
(361, 371, 1, 'leads', 'AutoTech Data'),
(362, 372, 1, 'leads', 'AutoTech Data'),
(363, 373, 1, 'leads', 'AutoTech Data'),
(364, 374, 1, 'leads', 'AutoTech Data'),
(365, 375, 1, 'leads', 'AutoTech Data'),
(366, 376, 1, 'leads', 'AutoTech Data'),
(367, 377, 1, 'leads', 'AutoTech Data'),
(368, 378, 1, 'leads', 'AutoTech Data'),
(369, 379, 1, 'leads', 'AutoTech Data'),
(370, 380, 1, 'leads', 'AutoTech Data'),
(371, 381, 1, 'leads', 'AutoTech Data'),
(372, 382, 1, 'leads', 'AutoTech Data'),
(373, 383, 1, 'leads', 'AutoTech Data'),
(374, 384, 1, 'leads', 'AutoTech Data'),
(375, 385, 1, 'leads', 'AutoTech Data'),
(376, 386, 1, 'leads', 'AutoTech Data'),
(377, 387, 1, 'leads', 'AutoTech Data'),
(378, 388, 1, 'leads', 'AutoTech Data'),
(379, 389, 1, 'leads', 'AutoTech Data'),
(380, 390, 1, 'leads', 'AutoTech Data'),
(381, 391, 1, 'leads', 'AutoTech Data'),
(382, 392, 1, 'leads', 'AutoTech Data'),
(383, 393, 1, 'leads', 'AutoTech Data'),
(384, 394, 1, 'leads', 'AutoTech Data'),
(385, 395, 1, 'leads', 'AutoTech Data'),
(386, 396, 1, 'leads', 'AutoTech Data'),
(387, 397, 1, 'leads', 'AutoTech Data'),
(388, 398, 1, 'leads', 'AutoTech Data'),
(389, 399, 1, 'leads', 'AutoTech Data'),
(392, 404, 1, 'leads', 'AutoTech Data'),
(398, 410, 1, 'leads', 'AutoTech Data'),
(403, 415, 1, 'leads', 'AutoTech Data'),
(410, 422, 1, 'leads', 'AutoTech Data'),
(411, 423, 1, 'leads', 'AutoTech Data'),
(412, 424, 1, 'leads', 'AutoTech Data'),
(413, 425, 1, 'leads', 'AutoTech Data'),
(414, 426, 1, 'leads', 'AutoTech Data'),
(415, 427, 1, 'leads', 'AutoTech Data'),
(416, 428, 1, 'leads', 'AutoTech Data'),
(417, 429, 1, 'leads', 'AutoTech Data'),
(418, 430, 1, 'leads', 'AutoTech Data'),
(419, 431, 1, 'leads', 'AutoTech Data'),
(420, 432, 1, 'leads', 'AutoTech Data'),
(421, 433, 1, 'leads', 'AutoTech Data'),
(422, 434, 1, 'leads', 'AutoTech Data'),
(423, 435, 1, 'leads', 'AutoTech Data'),
(424, 436, 1, 'leads', 'AutoTech Data'),
(425, 437, 1, 'leads', 'AutoTech Data'),
(426, 438, 1, 'leads', 'AutoTech Data'),
(427, 439, 1, 'leads', 'AutoTech Data'),
(428, 440, 1, 'leads', 'AutoTech Data'),
(429, 441, 1, 'leads', 'AutoTech Data'),
(430, 442, 1, 'leads', 'AutoTech Data'),
(431, 443, 1, 'leads', 'AutoTech Data'),
(432, 444, 1, 'leads', 'AutoTech Data'),
(433, 445, 1, 'leads', 'AutoTech Data'),
(434, 446, 1, 'leads', 'AutoTech Data'),
(435, 447, 1, 'leads', 'AutoTech Data'),
(436, 450, 1, 'leads', 'AutoTech Data'),
(437, 451, 1, 'leads', 'AutoTech Data'),
(438, 452, 1, 'leads', 'AutoTech Data'),
(439, 453, 1, 'leads', 'AutoTech Data'),
(440, 454, 1, 'leads', 'AutoTech Data'),
(441, 455, 1, 'leads', 'AutoTech Data'),
(442, 456, 1, 'leads', 'AutoTech Data'),
(443, 457, 1, 'leads', 'AutoTech Data'),
(444, 458, 1, 'leads', 'AutoTech Data'),
(445, 459, 1, 'leads', 'AutoTech Data'),
(446, 460, 1, 'leads', 'AutoTech Data'),
(447, 462, 1, 'leads', 'AutoTech Data'),
(448, 463, 1, 'leads', 'AutoTech Data'),
(449, 464, 1, 'leads', 'AutoTech Data'),
(450, 466, 1, 'leads', 'AutoTech Data'),
(451, 467, 1, 'leads', 'AutoTech Data'),
(452, 468, 1, 'leads', 'AutoTech Data'),
(453, 469, 1, 'leads', 'AutoTech Data'),
(454, 470, 1, 'leads', 'AutoTech Data'),
(455, 473, 1, 'leads', 'AutoTech Data'),
(456, 475, 1, 'leads', 'Premium Website'),
(457, 476, 1, 'leads', 'AutoTech Data'),
(459, 477, 1, 'leads', 'AutoTech Data'),
(460, 478, 1, 'leads', 'AutoTech Data'),
(461, 479, 1, 'leads', 'SEO'),
(462, 481, 1, 'leads', 'AutoTech Data'),
(463, 487, 1, 'leads', 'AutoTech Data'),
(464, 488, 1, 'leads', 'AutoTech Data'),
(465, 494, 1, 'leads', 'Standard Website'),
(466, 495, 1, 'leads', 'SEO'),
(468, 496, 1, 'leads', 'AutoTech Data'),
(469, 497, 1, 'leads', 'AutoTech Data'),
(470, 498, 1, 'leads', 'AutoTech Data'),
(471, 499, 1, 'leads', 'Premium Website'),
(472, 500, 1, 'leads', 'AutoTech Data'),
(473, 503, 1, 'leads', 'Standard Website'),
(474, 504, 1, 'leads', 'AutoTech Data'),
(475, 505, 1, 'leads', 'AutoTech Data'),
(476, 506, 1, 'leads', 'AutoTech Data'),
(477, 507, 1, 'leads', 'AutoTech Data'),
(478, 508, 1, 'leads', 'Professional Website'),
(479, 509, 1, 'leads', 'AutoTech Data'),
(480, 510, 1, 'leads', 'AutoTech Data'),
(481, 511, 1, 'leads', 'AutoTech Data'),
(482, 513, 1, 'leads', 'AutoTech Data'),
(483, 514, 1, 'leads', 'AutoTech Data'),
(484, 516, 1, 'leads', 'AutoTech Data'),
(485, 524, 1, 'leads', 'AutoTech Data'),
(486, 525, 1, 'leads', 'AutoTech Data'),
(487, 526, 1, 'leads', 'AutoTech Data'),
(488, 527, 1, 'leads', 'AutoTech Data'),
(489, 528, 1, 'leads', 'AutoTech Data'),
(490, 529, 1, 'leads', 'AutoTech Data'),
(491, 532, 1, 'leads', 'AutoTech Data'),
(492, 533, 1, 'leads', 'AutoTech Data'),
(493, 534, 1, 'leads', 'Standard Website'),
(494, 535, 1, 'leads', 'AutoTech Data'),
(495, 63, 4, 'projects', 'Website'),
(496, 64, 4, 'projects', 'Project'),
(498, 70, 4, 'projects', 'Project'),
(499, 67, 4, 'projects', 'Project'),
(500, 65, 4, 'projects', 'SEO'),
(501, 66, 4, 'projects', 'Project'),
(502, 68, 4, 'projects', 'Project'),
(503, 536, 1, 'leads', 'AutoTech Data'),
(504, 73, 4, 'projects', 'Website'),
(505, 74, 4, 'projects', 'Website'),
(506, 537, 1, 'leads', 'AutoTech Data'),
(507, 538, 1, 'leads', 'AutoTech Data'),
(508, 539, 1, 'leads', 'AutoTech Data'),
(509, 540, 1, 'leads', 'AutoTech Data'),
(510, 541, 1, 'leads', 'AutoTech Data'),
(511, 542, 1, 'leads', 'AutoTech Data'),
(512, 543, 1, 'leads', 'AutoTech Data'),
(513, 544, 1, 'leads', 'AutoTech Data'),
(514, 546, 1, 'leads', 'MOT Diary'),
(516, 80, 4, 'projects', 'Website'),
(517, 88, 4, 'projects', 'Project'),
(518, 89, 4, 'projects', 'Website'),
(519, 90, 4, 'projects', 'Website'),
(521, 113, 4, 'projects', 'Website'),
(522, 547, 1, 'leads', 'MOT Diary'),
(523, 548, 1, 'leads', 'Premium Website'),
(524, 549, 1, 'leads', 'AutoTech Data'),
(525, 550, 1, 'leads', 'AutoTech Data'),
(526, 552, 1, 'leads', 'AutoTech Data'),
(527, 553, 1, 'leads', 'AutoTech Data'),
(528, 554, 1, 'leads', 'AutoTech Data'),
(530, 555, 1, 'leads', 'AutoTech Data'),
(531, 556, 1, 'leads', 'MOT Diary'),
(532, 557, 1, 'leads', 'MOT Diary'),
(533, 558, 1, 'leads', 'SEO'),
(534, 559, 1, 'leads', 'AutoTech Data'),
(535, 560, 1, 'leads', 'AutoTech Data'),
(536, 561, 1, 'leads', 'AutoTech Data'),
(537, 562, 1, 'leads', 'AutoTech Data'),
(538, 563, 1, 'leads', 'AutoTech Data'),
(539, 564, 1, 'leads', 'Standard Website'),
(540, 565, 1, 'leads', 'Professional Website'),
(541, 566, 1, 'leads', 'AutoTech Data'),
(542, 567, 1, 'leads', 'AutoTech Data'),
(543, 568, 1, 'leads', 'AutoTech Data'),
(544, 569, 1, 'leads', 'AutoTech Data'),
(545, 570, 1, 'leads', 'AutoTech Data'),
(546, 571, 1, 'leads', 'AutoTech Data'),
(547, 572, 1, 'leads', 'AutoTech Data'),
(548, 573, 1, 'leads', 'AutoTech Data'),
(549, 574, 1, 'leads', 'AutoTech Data'),
(550, 575, 1, 'leads', 'AutoTech Data'),
(551, 576, 1, 'leads', 'AutoTech Data'),
(552, 577, 1, 'leads', 'AutoTech Data'),
(554, 578, 1, 'leads', 'AutoTech Data'),
(555, 579, 1, 'leads', 'AutoTech Data'),
(556, 580, 1, 'leads', 'AutoTech Data'),
(557, 582, 1, 'leads', 'AutoTech Data'),
(558, 583, 1, 'leads', 'AutoTech Data'),
(559, 584, 1, 'leads', 'AutoTech Data'),
(560, 585, 1, 'leads', 'AutoTech Data'),
(561, 586, 1, 'leads', 'Other'),
(562, 587, 1, 'leads', 'Standard Website'),
(563, 588, 1, 'leads', 'AutoTech Data'),
(564, 589, 1, 'leads', 'AutoTech Data'),
(565, 590, 1, 'leads', 'Standard Website'),
(566, 131, 4, 'projects', 'Project'),
(567, 592, 1, 'leads', 'AutoTech Data'),
(568, 593, 1, 'leads', 'AutoTech Data'),
(570, 594, 1, 'leads', 'MOT Diary'),
(571, 595, 1, 'leads', 'AutoTech Data'),
(572, 596, 1, 'leads', 'AutoTech Data'),
(573, 597, 1, 'leads', 'AutoTech Data'),
(574, 598, 1, 'leads', 'AutoTech Data'),
(575, 599, 1, 'leads', 'AutoTech Data'),
(576, 600, 1, 'leads', 'MOT Diary'),
(577, 603, 1, 'leads', 'AutoTech Data'),
(578, 604, 1, 'leads', 'AutoTech Data'),
(579, 605, 1, 'leads', 'MOT Diary'),
(580, 135, 4, 'projects', 'Website'),
(581, 138, 4, 'projects', 'Website'),
(582, 136, 4, 'projects', 'Website'),
(583, 140, 4, 'projects', 'Website'),
(584, 142, 4, 'projects', 'Website'),
(585, 137, 4, 'projects', 'Website'),
(586, 141, 4, 'projects', 'Website'),
(587, 143, 4, 'projects', 'Website'),
(588, 144, 4, 'projects', 'Website'),
(589, 60, 2, 'staff', 'No'),
(590, 61, 2, 'staff', 'No'),
(591, 146, 4, 'projects', 'Website'),
(592, 606, 1, 'leads', 'AutoTech Data'),
(593, 607, 1, 'leads', 'AutoTech Data'),
(594, 149, 4, 'projects', 'Website'),
(595, 150, 4, 'projects', 'Website'),
(596, 151, 4, 'projects', 'Website'),
(597, 152, 4, 'projects', 'Website'),
(598, 153, 4, 'projects', 'Website'),
(599, 154, 4, 'projects', 'Website'),
(600, 156, 4, 'projects', 'Internal Project'),
(601, 155, 4, 'projects', 'Website'),
(602, 147, 4, 'projects', 'Internal Project'),
(603, 145, 4, 'projects', 'Internal Project'),
(604, 139, 4, 'projects', 'Internal Project'),
(605, 17, 4, 'projects', 'Internal Project'),
(606, 129, 4, 'projects', 'Website'),
(607, 25, 4, 'projects', 'Website'),
(608, 3, 4, 'projects', 'Internal Project'),
(609, 123, 4, 'projects', 'Project'),
(610, 157, 4, 'projects', 'Website'),
(611, 158, 4, 'projects', 'Website'),
(612, 161, 4, 'projects', 'Website'),
(613, 162, 4, 'projects', 'Website'),
(614, 610, 1, 'leads', 'AutoTech Data'),
(615, 611, 1, 'leads', 'MOT Diary'),
(616, 167, 4, 'projects', 'Website'),
(617, 168, 4, 'projects', 'Website'),
(618, 169, 4, 'projects', 'Website'),
(619, 170, 4, 'projects', 'Website'),
(620, 171, 4, 'projects', 'Website'),
(621, 172, 4, 'projects', 'Website'),
(624, 175, 4, 'projects', 'Website'),
(625, 176, 4, 'projects', 'Website'),
(626, 177, 4, 'projects', 'Website'),
(627, 178, 4, 'projects', 'Website'),
(628, 179, 4, 'projects', 'Website'),
(629, 180, 4, 'projects', 'Website'),
(630, 612, 1, 'leads', 'AutoTech Data'),
(631, 181, 4, 'projects', 'Website'),
(632, 182, 4, 'projects', 'Website'),
(633, 183, 4, 'projects', 'Website'),
(634, 613, 1, 'leads', 'AutoTech Data'),
(635, 125, 4, 'projects', 'Internal Project'),
(636, 160, 4, 'projects', 'Website'),
(637, 614, 1, 'leads', 'AutoTech Data'),
(638, 184, 4, 'projects', 'Website'),
(639, 185, 4, 'projects', 'Website'),
(640, 186, 4, 'projects', 'Website'),
(641, 615, 1, 'leads', 'Standard Website'),
(642, 76, 4, 'projects', 'Internal Project'),
(643, 164, 4, 'projects', 'Upgrade'),
(644, 188, 4, 'projects', 'Website'),
(645, 616, 1, 'leads', 'AutoTech Data'),
(646, 617, 1, 'leads', 'MOT Diary'),
(647, 618, 1, 'leads', 'Professional Website'),
(648, 191, 4, 'projects', 'Website'),
(649, 619, 1, 'leads', 'AutoTech Data'),
(650, 192, 4, 'projects', 'Website'),
(651, 193, 4, 'projects', 'Upgrade'),
(652, 620, 1, 'leads', 'AutoTech Data'),
(653, 621, 1, 'leads', 'AutoTech Data'),
(654, 622, 1, 'leads', 'MOT Diary'),
(655, 195, 4, 'projects', 'Website'),
(656, 623, 1, 'leads', 'AutoTech Data'),
(657, 624, 1, 'leads', 'AutoTech Data'),
(658, 196, 4, 'projects', 'Website'),
(659, 197, 4, 'projects', 'Internal Project'),
(660, 626, 1, 'leads', 'AutoTech Data'),
(661, 198, 4, 'projects', 'Website'),
(662, 628, 1, 'leads', 'AutoTech Data'),
(663, 629, 1, 'leads', 'AutoTech Data'),
(664, 199, 4, 'projects', 'Internal Project'),
(665, 631, 1, 'leads', 'AutoTech Data'),
(666, 632, 1, 'leads', 'AutoTech Data'),
(667, 200, 4, 'projects', 'Website'),
(668, 75, 2, 'staff', 'Yes'),
(669, 633, 1, 'leads', 'AutoTech Data'),
(670, 634, 1, 'leads', 'AutoTech Data'),
(671, 635, 1, 'leads', 'AutoTech Data'),
(672, 202, 4, 'projects', 'Upgrade'),
(673, 201, 4, 'projects', 'Upgrade'),
(674, 189, 4, 'projects', 'Internal Project'),
(675, 204, 4, 'projects', 'Website'),
(676, 636, 1, 'leads', 'AutoTech Data'),
(677, 637, 1, 'leads', 'AutoTech Data'),
(678, 638, 1, 'leads', 'AutoTech Data'),
(679, 639, 1, 'leads', 'AutoTech Data'),
(680, 640, 1, 'leads', 'AutoTech Data'),
(681, 205, 4, 'projects', 'Website'),
(682, 641, 1, 'leads', 'AutoTech Data'),
(683, 642, 1, 'leads', 'AutoTech Data'),
(684, 643, 1, 'leads', 'AutoTech Data'),
(685, 644, 1, 'leads', 'AutoTech Data'),
(686, 206, 4, 'projects', 'Website'),
(687, 207, 4, 'projects', 'Website'),
(688, 208, 4, 'projects', 'Website'),
(689, 209, 4, 'projects', 'Website'),
(690, 646, 1, 'leads', 'AutoTech Data'),
(691, 647, 1, 'leads', 'Professional Website'),
(692, 648, 1, 'leads', 'MOT Diary'),
(693, 649, 1, 'leads', 'AutoTech Data'),
(694, 650, 1, 'leads', 'AutoTech Data'),
(695, 211, 4, 'projects', 'Website'),
(696, 212, 4, 'projects', 'Website'),
(697, 213, 4, 'projects', 'Website'),
(698, 653, 1, 'leads', 'AutoTech Data'),
(699, 654, 1, 'leads', 'AutoTech Data'),
(701, 655, 1, 'leads', 'AutoTech Data'),
(702, 216, 4, 'projects', 'Website'),
(703, 217, 4, 'projects', 'Website'),
(704, 218, 4, 'projects', 'Website'),
(705, 657, 1, 'leads', 'AutoTech Data'),
(706, 658, 1, 'leads', 'AutoTech Data'),
(707, 222, 4, 'projects', 'Website'),
(708, 659, 1, 'leads', 'AutoTech Data'),
(709, 660, 1, 'leads', 'AutoTech Data'),
(710, 661, 1, 'leads', 'AutoTech Data'),
(711, 223, 4, 'projects', 'Website'),
(712, 224, 4, 'projects', 'Website'),
(713, 225, 4, 'projects', 'Website'),
(714, 662, 1, 'leads', 'AutoTech Data'),
(715, 663, 1, 'leads', 'AutoTech Data'),
(716, 664, 1, 'leads', 'AutoTech Data'),
(717, 230, 4, 'projects', 'Website'),
(718, 231, 4, 'projects', 'Website'),
(719, 666, 1, 'leads', 'AutoTech Data'),
(720, 235, 4, 'projects', 'Website'),
(721, 667, 1, 'leads', 'AutoTech Data'),
(722, 237, 4, 'projects', 'Website'),
(723, 238, 4, 'projects', 'Website'),
(724, 239, 4, 'projects', 'Upgrade'),
(726, 234, 4, 'projects', 'Upgrade'),
(727, 233, 4, 'projects', 'Website'),
(728, 232, 4, 'projects', 'Upgrade'),
(729, 229, 4, 'projects', 'Upgrade'),
(730, 228, 4, 'projects', 'Website'),
(731, 227, 4, 'projects', 'Website'),
(732, 226, 4, 'projects', 'Website'),
(733, 221, 4, 'projects', 'Upgrade'),
(734, 220, 4, 'projects', 'Upgrade'),
(735, 219, 4, 'projects', 'Upgrade'),
(736, 215, 4, 'projects', 'Upgrade'),
(737, 68, 2, 'staff', 'Yes'),
(738, 669, 1, 'leads', 'AutoTech Data'),
(739, 244, 4, 'projects', 'Website'),
(740, 245, 4, 'projects', 'Website'),
(741, 246, 4, 'projects', 'Website'),
(742, 248, 4, 'projects', 'Website'),
(743, 670, 1, 'leads', 'AutoTech Data'),
(744, 671, 1, 'leads', 'AutoTech Data'),
(745, 672, 1, 'leads', 'AutoTech Data'),
(746, 249, 4, 'projects', 'Website'),
(747, 250, 4, 'projects', 'Website'),
(748, 251, 4, 'projects', 'Website'),
(749, 673, 1, 'leads', 'AutoTech Data'),
(750, 253, 4, 'projects', 'Upgrade'),
(751, 674, 1, 'leads', 'MOT Diary'),
(752, 255, 4, 'projects', 'Website'),
(753, 256, 4, 'projects', 'Internal Project'),
(754, 675, 1, 'leads', 'Other'),
(755, 257, 4, 'projects', 'SEO'),
(756, 32, 4, 'projects', 'SEO'),
(757, 96, 4, 'projects', 'Website'),
(758, 258, 4, 'projects', 'SEO'),
(759, 117, 4, 'projects', 'Website'),
(760, 33, 4, 'projects', 'Website'),
(761, 83, 4, 'projects', 'Website'),
(762, 259, 4, 'projects', 'SEO'),
(763, 103, 4, 'projects', 'Website'),
(765, 105, 4, 'projects', 'Website'),
(766, 260, 4, 'projects', 'SEO'),
(767, 99, 4, 'projects', 'Website'),
(768, 102, 4, 'projects', 'Website'),
(769, 75, 4, 'projects', 'Website'),
(770, 261, 4, 'projects', 'SEO'),
(771, 109, 4, 'projects', 'Website'),
(772, 118, 4, 'projects', 'SEO'),
(773, 86, 4, 'projects', 'Website'),
(774, 79, 4, 'projects', 'Website'),
(775, 262, 4, 'projects', 'SEO'),
(776, 263, 4, 'projects', 'SEO'),
(777, 210, 4, 'projects', 'Upgrade'),
(778, 127, 4, 'projects', 'SEO'),
(779, 264, 4, 'projects', 'SEO'),
(780, 159, 4, 'projects', 'Website'),
(781, 265, 4, 'projects', 'SEO'),
(782, 266, 4, 'projects', 'SEO'),
(783, 252, 4, 'projects', 'Upgrade'),
(784, 267, 4, 'projects', 'SEO'),
(785, 268, 4, 'projects', 'SEO'),
(786, 269, 4, 'projects', 'SEO'),
(787, 270, 4, 'projects', 'SEO'),
(788, 271, 4, 'projects', 'SEO'),
(789, 272, 4, 'projects', 'SEO'),
(790, 114, 4, 'projects', 'SEO'),
(791, 240, 4, 'projects', 'Upgrade'),
(792, 273, 4, 'projects', 'SEO'),
(793, 254, 4, 'projects', 'Upgrade'),
(794, 274, 4, 'projects', 'SEO'),
(795, 275, 4, 'projects', 'SEO'),
(796, 187, 4, 'projects', 'Website'),
(797, 276, 4, 'projects', 'SEO'),
(798, 241, 4, 'projects', 'Upgrade'),
(799, 277, 4, 'projects', 'SEO'),
(800, 278, 4, 'projects', 'SEO'),
(801, 279, 4, 'projects', 'SEO'),
(802, 280, 4, 'projects', 'SEO'),
(803, 281, 4, 'projects', 'Mobile App'),
(804, 282, 4, 'projects', 'Mobile App'),
(805, 283, 4, 'projects', 'Mobile App'),
(806, 284, 4, 'projects', 'Mobile App'),
(807, 285, 4, 'projects', 'Mobile App'),
(808, 286, 4, 'projects', 'Website'),
(809, 287, 4, 'projects', 'Mobile App'),
(810, 288, 4, 'projects', 'Mobile App'),
(811, 289, 4, 'projects', 'Mobile App'),
(812, 290, 4, 'projects', 'Mobile App'),
(813, 291, 4, 'projects', 'Mobile App'),
(814, 292, 4, 'projects', 'Mobile App'),
(815, 293, 4, 'projects', 'Mobile App'),
(816, 294, 4, 'projects', 'Mobile App'),
(817, 295, 4, 'projects', 'Mobile App'),
(818, 296, 4, 'projects', 'Mobile App'),
(819, 297, 4, 'projects', 'Mobile App'),
(820, 298, 4, 'projects', 'Mobile App'),
(821, 299, 4, 'projects', 'Mobile App'),
(822, 300, 4, 'projects', 'Project'),
(823, 301, 4, 'projects', 'Mobile App'),
(824, 302, 4, 'projects', 'Project'),
(825, 303, 4, 'projects', 'Website'),
(826, 304, 4, 'projects', 'Website'),
(828, 306, 4, 'projects', 'SEO'),
(830, 676, 1, 'leads', 'AutoTech Data'),
(831, 677, 1, 'leads', 'Standard Website'),
(832, 308, 4, 'projects', 'Mobile App'),
(833, 309, 4, 'projects', 'Website'),
(834, 310, 4, 'projects', 'Project'),
(835, 678, 1, 'leads', 'AutoTech Data'),
(836, 311, 4, 'projects', 'Website'),
(837, 312, 4, 'projects', 'Website'),
(838, 313, 4, 'projects', 'Website'),
(839, 314, 4, 'projects', 'Website'),
(841, 679, 1, 'leads', 'AutoTech Data'),
(842, 316, 4, 'projects', 'SEO'),
(843, 317, 4, 'projects', 'SEO'),
(844, 318, 4, 'projects', 'SEO'),
(845, 319, 4, 'projects', 'SEO'),
(846, 320, 4, 'projects', 'SEO'),
(847, 321, 4, 'projects', 'SEO'),
(848, 49, 4, 'projects', 'Website'),
(849, 100, 4, 'projects', 'Website'),
(850, 322, 4, 'projects', 'Website'),
(851, 323, 4, 'projects', 'SEO'),
(852, 324, 4, 'projects', 'SEO'),
(853, 325, 4, 'projects', 'SEO'),
(854, 107, 4, 'projects', 'Website'),
(855, 326, 4, 'projects', 'SEO'),
(856, 327, 4, 'projects', 'SEO'),
(857, 328, 4, 'projects', 'SEO'),
(858, 329, 4, 'projects', 'SEO'),
(859, 330, 4, 'projects', 'SEO'),
(860, 331, 4, 'projects', 'SEO'),
(861, 27, 4, 'projects', 'Website'),
(862, 332, 4, 'projects', 'Website Maintenance'),
(863, 110, 4, 'projects', 'Upgrade'),
(864, 333, 4, 'projects', 'Website'),
(865, 334, 4, 'projects', 'SEO'),
(866, 335, 4, 'projects', 'SEO'),
(867, 336, 4, 'projects', 'SEO'),
(868, 337, 4, 'projects', 'SEO'),
(869, 339, 4, 'projects', 'SEO'),
(870, 340, 4, 'projects', 'Website'),
(871, 341, 4, 'projects', 'SEO'),
(872, 342, 4, 'projects', 'Website Maintenance'),
(874, 344, 4, 'projects', 'Website Maintenance'),
(875, 345, 4, 'projects', 'SEO'),
(877, 347, 4, 'projects', 'SEO'),
(878, 348, 4, 'projects', 'Mobile App'),
(879, 349, 4, 'projects', 'SEO'),
(880, 350, 4, 'projects', 'SEO'),
(881, 351, 4, 'projects', 'SEO'),
(882, 352, 4, 'projects', 'SEO'),
(883, 106, 4, 'projects', 'Website'),
(884, 353, 4, 'projects', 'SEO'),
(885, 354, 4, 'projects', 'SEO'),
(886, 355, 4, 'projects', 'SEO'),
(887, 356, 4, 'projects', 'SEO'),
(888, 357, 4, 'projects', 'SEO'),
(889, 358, 4, 'projects', 'SEO'),
(890, 359, 4, 'projects', 'Website'),
(891, 360, 4, 'projects', 'Mobile App'),
(892, 361, 4, 'projects', 'SEO'),
(893, 362, 4, 'projects', 'SEO'),
(894, 363, 4, 'projects', 'SEO'),
(895, 364, 4, 'projects', 'SEO'),
(896, 365, 4, 'projects', 'SEO'),
(897, 366, 4, 'projects', 'Website Maintenance'),
(898, 367, 4, 'projects', 'SEO'),
(899, 682, 1, 'leads', 'AutoTech Data'),
(900, 683, 1, 'leads', 'AutoTech Data'),
(901, 684, 1, 'leads', 'AutoTech Data'),
(902, 368, 4, 'projects', 'SEO'),
(903, 369, 4, 'projects', 'Website'),
(904, 370, 4, 'projects', 'SEO'),
(905, 371, 4, 'projects', 'SEO'),
(906, 372, 4, 'projects', 'Website'),
(907, 373, 4, 'projects', 'Website'),
(908, 374, 4, 'projects', 'Website Maintenance'),
(909, 685, 1, 'leads', 'AutoTech Data'),
(910, 375, 4, 'projects', 'SEO'),
(911, 376, 4, 'projects', 'Upgrade'),
(912, 686, 1, 'leads', 'AutoTech Data'),
(913, 377, 4, 'projects', 'SEO'),
(914, 378, 4, 'projects', 'SEO'),
(915, 379, 4, 'projects', 'SEO'),
(916, 338, 4, 'projects', 'SEO'),
(917, 380, 4, 'projects', 'SEO'),
(918, 381, 4, 'projects', 'Upgrade'),
(919, 382, 4, 'projects', 'SEO'),
(920, 383, 4, 'projects', 'SEO'),
(921, 384, 4, 'projects', 'SEO'),
(922, 385, 4, 'projects', 'Website'),
(923, 386, 4, 'projects', 'SEO'),
(924, 687, 1, 'leads', 'MOT Diary'),
(925, 387, 4, 'projects', 'Website'),
(926, 388, 4, 'projects', 'Website Maintenance'),
(927, 350, 5, 'projects', 'drakesgarageservices.co.uk'),
(928, 369, 5, 'projects', 'mytyresdirect.co.uk'),
(929, 370, 5, 'projects', 'mytyresdirect.co.uk'),
(930, 96, 5, 'projects', 'star-tyres.co.uk'),
(931, 321, 5, 'projects', 'star-tyres.co.uk'),
(932, 251, 5, 'projects', '1ststop4tyres.co.uk'),
(933, 377, 5, 'projects', '1ststop4tyres.co.uk'),
(934, 389, 4, 'projects', 'Website'),
(935, 389, 5, 'projects', 'dcmtyrescreditline.co.uk'),
(936, 242, 4, 'projects', 'Upgrade'),
(937, 242, 5, 'projects', '1stoptyrecentre.co.uk'),
(938, 274, 5, 'projects', '1stoptyrecentre.co.uk'),
(939, 298, 5, 'projects', '1stoptyrecentre.co.uk'),
(940, 340, 5, 'projects', 'aaslicktyres.co.uk'),
(941, 342, 5, 'projects', 'aaslicktyres.co.uk'),
(942, 390, 4, 'projects', 'Website'),
(943, 390, 5, 'projects', 'harrowbudgettyres.co.uk'),
(944, 263, 5, 'projects', 'harrowbudgettyres.co.uk'),
(945, 688, 1, 'leads', 'AutoTech Data'),
(946, 277, 5, 'projects', 'tradepricetyrescreditline.co.uk'),
(947, 161, 5, 'projects', 'tyrecityukcreditline.co.uk'),
(948, 255, 5, 'projects', 'alloybaseandtyres.co.uk'),
(949, 226, 5, 'projects', 'tyres-coventry.co.uk'),
(950, 362, 5, 'projects', 'tyres-coventry.co.uk'),
(951, 299, 5, 'projects', 'tyres-coventry.co.uk'),
(952, 219, 5, 'projects', 'blackbrookmotors.co.uk'),
(953, 128, 4, 'projects', 'SEO'),
(954, 128, 5, 'projects', 'blackbrookmotors.co.uk'),
(955, 391, 4, 'projects', 'SEO'),
(956, 391, 5, 'projects', 'steves-tyres.co.uk'),
(957, 181, 5, 'projects', 'steves-tyres.co.uk'),
(958, 392, 4, 'projects', 'SEO'),
(959, 392, 5, 'projects', 'rangertyres.co.uk'),
(960, 169, 5, 'projects', 'rangertyres.co.uk'),
(961, 171, 5, 'projects', 'rangertyres.miltonkeynes.co.uk'),
(962, 275, 5, 'projects', 'rangertyresmiltonkeynes.co.uk'),
(963, 135, 5, 'projects', 'fixmytyre.co.uk'),
(964, 338, 5, 'projects', 'fixmytyre.co.uk'),
(965, 293, 5, 'projects', 'fixmytyre.co.uk'),
(966, 393, 4, 'projects', 'SEO'),
(967, 393, 5, 'projects', 'dacktyres.co.uk'),
(968, 151, 5, 'projects', 'dacktyres.co.uk'),
(969, 689, 1, 'leads', 'AutoTech Data'),
(970, 394, 4, 'projects', 'SEO'),
(971, 253, 5, 'projects', 'smartmot.com'),
(972, 366, 5, 'projects', 'premiertyresandautocare.com'),
(973, 395, 4, 'projects', 'Website Maintenance'),
(974, 395, 5, 'projects', 'bournecarvanhire.co.uk'),
(975, 396, 4, 'projects', 'Website Maintenance'),
(976, 396, 5, 'projects', 'buzzybeetyres.com'),
(977, 397, 4, 'projects', 'Website Maintenance'),
(978, 397, 5, 'projects', 'hgmotorsharrogate.co.uk'),
(979, 85, 4, 'projects', 'Website'),
(980, 85, 5, 'projects', 'midlandsperformancetyres.co.uk'),
(981, 398, 4, 'projects', 'Website Maintenance'),
(982, 398, 5, 'projects', 'midlandsperformancetyres.co.uk'),
(983, 399, 4, 'projects', 'Website Maintenance'),
(984, 399, 5, 'projects', 'mandctyres.co.uk'),
(985, 43, 4, 'projects', 'Website'),
(986, 43, 5, 'projects', 'mandctyres.co.uk'),
(987, 313, 5, 'projects', 'tyrexchange.co.uk'),
(988, 400, 4, 'projects', 'Website Maintenance'),
(989, 400, 5, 'projects', 'tyrexchange.co.uk'),
(990, 401, 4, 'projects', 'Website Maintenance'),
(991, 401, 5, 'projects', 'harveytyres-longton.co.uk'),
(992, 45, 4, 'projects', 'Website'),
(993, 45, 5, 'projects', 'rednal-tyres.com'),
(994, 402, 4, 'projects', 'Website Maintenance'),
(995, 402, 5, 'projects', 'rednal-tyres.com'),
(996, 89, 5, 'projects', 'smartmot.com'),
(997, 403, 4, 'projects', 'SEO'),
(998, 403, 5, 'projects', 'smartmot.com'),
(999, 80, 5, 'projects', 'rawdontyres.co.uk'),
(1000, 404, 4, 'projects', 'Website Maintenance'),
(1001, 404, 5, 'projects', 'rawdontyres.co.uk'),
(1002, 405, 4, 'projects', 'Website Maintenance'),
(1003, 405, 5, 'projects', 'antyres.co.uk'),
(1004, 233, 5, 'projects', 'antyres.co.uk'),
(1005, 348, 5, 'projects', 'antyres.co.uk'),
(1006, 81, 4, 'projects', 'Upgrade'),
(1007, 81, 5, 'projects', 'crackleygarage.com'),
(1008, 406, 4, 'projects', 'Website'),
(1009, 406, 5, 'projects', 'crackleygarage.com'),
(1010, 407, 4, 'projects', 'Website Maintenance'),
(1011, 407, 5, 'projects', 'crackleygarage.com'),
(1012, 408, 4, 'projects', 'Website Maintenance'),
(1013, 408, 5, 'projects', 'mlmmotors.co.uk'),
(1014, 110, 5, 'projects', 'tyreswythall.com'),
(1015, 332, 5, 'projects', 'tyreswythall.com'),
(1016, 409, 4, 'projects', 'Website Maintenance'),
(1017, 409, 5, 'projects', 'gilgaltyre.com'),
(1018, 74, 5, 'projects', 'abctyrescoventry.co.uk'),
(1019, 344, 5, 'projects', 'abctyrescoventry.co.uk'),
(1020, 410, 4, 'projects', 'Website Maintenance'),
(1021, 410, 5, 'projects', 'barnetauto.co.uk'),
(1022, 227, 5, 'projects', 'farnsfieldautocentre.co.uk'),
(1023, 411, 4, 'projects', 'Website Maintenance'),
(1024, 411, 5, 'projects', 'farnsfieldautocentre.co.uk'),
(1025, 412, 4, 'projects', 'Website'),
(1026, 412, 5, 'projects', 'roadrunnerservicecentre.co.uk'),
(1027, 413, 4, 'projects', 'Website Maintenance'),
(1028, 413, 5, 'projects', 'roadrunnerservicecentre.co.uk'),
(1029, 373, 5, 'projects', 'rugeleytyreservice.co.uk'),
(1030, 143, 5, 'projects', 'carandvantyresinfareham.co.uk'),
(1031, 414, 4, 'projects', 'SEO'),
(1032, 414, 5, 'projects', 'carandvantyresinfareham.co.uk'),
(1033, 186, 5, 'projects', 'simplytyres.co.uk'),
(1034, 415, 4, 'projects', 'SEO'),
(1035, 415, 5, 'projects', 'simplytyres.co.uk'),
(1036, 142, 5, 'projects', 'autotradetyres.co.uk'),
(1037, 416, 4, 'projects', 'SEO'),
(1038, 416, 5, 'projects', 'autotradetyres.co.uk'),
(1039, 234, 5, 'projects', 'junction11mot.co.uk'),
(1040, 371, 5, 'projects', 'junction11mot.co.uk'),
(1041, 100, 5, 'projects', 'flaxleytyres.co.uk'),
(1042, 193, 5, 'projects', 'flaxleytyres.co.uk'),
(1043, 324, 5, 'projects', 'flaxleytyres.co.uk'),
(1044, 417, 4, 'projects', 'Website'),
(1045, 417, 5, 'projects', 'phillipstyres.co.uk'),
(1046, 65, 5, 'projects', 'phillipstyres.co.uk'),
(1047, 326, 5, 'projects', 'bicester.phillipstyres.co.uk'),
(1048, 239, 5, 'projects', 'northern.phillipstyres.co.uk'),
(1049, 25, 5, 'projects', 'wheels.uk.com'),
(1050, 329, 5, 'projects', 'wheels.uk.com'),
(1051, 38, 4, 'projects', 'Website'),
(1052, 38, 5, 'projects', 'sleafordmot.co.uk'),
(1053, 228, 5, 'projects', 'robertstyres.co.uk'),
(1054, 330, 5, 'projects', 'robertstyres.co.uk'),
(1055, 303, 5, 'projects', 'wefitalton.co.uk'),
(1056, 418, 4, 'projects', 'Website'),
(1057, 418, 5, 'projects', 'reading-garage.co.uk'),
(1058, 419, 4, 'projects', 'SEO'),
(1059, 419, 5, 'projects', 'reading-garage.co.uk'),
(1060, 260, 5, 'projects', 'billinghamsmotcentre.co.uk'),
(1061, 420, 4, 'projects', 'Website'),
(1062, 420, 5, 'projects', 'billinghamsmotcentre.co.uk'),
(1063, 215, 5, 'projects', 'gforcetyres.co.uk'),
(1064, 264, 5, 'projects', 'gforcetyres.co.uk'),
(1065, 167, 5, 'projects', 'twickenhamtyresandexhausts.co.uk'),
(1066, 421, 4, 'projects', 'SEO'),
(1067, 421, 5, 'projects', 'twickenhamtyresandexhausts.co.uk'),
(1068, 177, 5, 'projects', 'millenniumvehicleservices.co.uk'),
(1069, 422, 4, 'projects', 'SEO'),
(1070, 422, 5, 'projects', 'millenniumvehicleservices.co.uk'),
(1071, 191, 5, 'projects', 'motservicecentre.co.uk'),
(1072, 367, 5, 'projects', 'motservicecentre.co.uk'),
(1075, 221, 5, 'projects', 'kirkbyroadtyres.co.uk'),
(1076, 48, 4, 'projects', 'Website'),
(1077, 48, 5, 'projects', 'kirkbyroadtyres.co.uk'),
(1078, 423, 4, 'projects', 'SEO'),
(1079, 423, 5, 'projects', 'kirkbyroadtyres.co.uk'),
(1080, 220, 5, 'projects', 'jcs-tyres.co.uk'),
(1081, 328, 5, 'projects', 'jcs-tyres.co.uk'),
(1082, 83, 5, 'projects', 'premierplaysolutions.co.uk'),
(1083, 336, 5, 'projects', 'premierplaysolutions.co.uk'),
(1084, 49, 5, 'projects', 'tyrefitauto.co.uk'),
(1085, 352, 5, 'projects', 'tyrefitauto.co.uk'),
(1086, 243, 4, 'projects', 'Website'),
(1087, 243, 5, 'projects', 'services.smartmot.com'),
(1088, 424, 4, 'projects', 'Website'),
(1089, 425, 4, 'projects', 'Mobile App'),
(1090, 185, 5, 'projects', 'hothatchcorner.co.uk'),
(1091, 426, 4, 'projects', 'SEO'),
(1092, 426, 5, 'projects', 'hothatchcorner.co.uk'),
(1093, 249, 5, 'projects', 'motoswestry.com'),
(1094, 427, 4, 'projects', 'Website'),
(1095, 427, 5, 'projects', 'samtyre.co.uk'),
(1096, 325, 5, 'projects', 'tradepricetyres.co.uk'),
(1097, 248, 5, 'projects', 'teltyres.co.uk'),
(1098, 428, 4, 'projects', 'SEO'),
(1099, 428, 5, 'projects', 'motoswestry.com'),
(1100, 429, 4, 'projects', 'SEO'),
(1101, 429, 5, 'projects', 'teltyres.co.uk'),
(1102, 207, 5, 'projects', 'nuneatonbargaintyres.co.uk'),
(1103, 430, 4, 'projects', 'SEO'),
(1104, 430, 5, 'projects', 'nuneatonbargaintyres.co.uk'),
(1105, 216, 5, 'projects', 'autoplus-northampton.co.uk'),
(1106, 212, 5, 'projects', 'laws-tyres.com'),
(1107, 268, 5, 'projects', 'steveslatterycarsloughborough.co.uk'),
(1108, 341, 5, 'projects', 'vtechauto.co.uk'),
(1109, 210, 5, 'projects', 'vtechauto.co.uk'),
(1110, 431, 4, 'projects', 'SEO'),
(1111, 431, 5, 'projects', 'autoplus-northampton.co.uk'),
(1112, 432, 4, 'projects', 'SEO'),
(1113, 432, 5, 'projects', 'laws-tyres.com'),
(1114, 213, 5, 'projects', 'altens.laws-tyres.com'),
(1115, 433, 4, 'projects', 'SEO'),
(1116, 433, 5, 'projects', 'altens.laws-tyres.com'),
(1117, 424, 5, 'projects', 'smartmotcreditline.com'),
(1118, 206, 5, 'projects', 'stone-tyres.com'),
(1119, 434, 4, 'projects', 'SEO'),
(1120, 434, 5, 'projects', 'stone-tyres.co.uk'),
(1121, 304, 5, 'projects', 'jandbautosbeeston.co.uk'),
(1122, 363, 5, 'projects', 'jandbautosbeeston.co.uk'),
(1123, 244, 5, 'projects', 'dcmtyres.co.uk'),
(1124, 435, 4, 'projects', 'SEO'),
(1125, 435, 5, 'projects', 'dcmtyres.co.uk'),
(1126, 245, 5, 'projects', 'sturminster.dcmtyres.co.uk'),
(1127, 436, 4, 'projects', 'SEO'),
(1128, 436, 5, 'projects', 'sturminster.dcmtyres.co.uk'),
(1129, 246, 5, 'projects', 'blandford.dcmtyres.co.uk-'),
(1130, 437, 4, 'projects', 'SEO'),
(1131, 437, 5, 'projects', 'blandford.dcmtyres.co.uk'),
(1132, 235, 5, 'projects', 'combinedtyres.co.uk'),
(1133, 438, 4, 'projects', 'SEO'),
(1134, 438, 5, 'projects', 'combinedtyres.co.uk'),
(1135, 176, 5, 'projects', 'autoservwsm.co.uk'),
(1136, 439, 4, 'projects', 'SEO'),
(1137, 439, 5, 'projects', 'autoservwsm.co.uk'),
(1138, 141, 5, 'projects', 'sparedealtyres.co.uk'),
(1139, 137, 5, 'projects', 'tyreexperts.co.uk'),
(1140, 440, 4, 'projects', 'SEO'),
(1141, 440, 5, 'projects', 'tyreexperts.co.uk'),
(1142, 250, 5, 'projects', 'apstyres.co.uk'),
(1143, 378, 5, 'projects', 'apstyres.co.uk'),
(1144, 379, 5, 'projects', 'rugeleytyreservices.co.uk'),
(1145, 441, 4, 'projects', 'Website'),
(1146, 441, 5, 'projects', 'lanarkshirerecoveryservices.co.uk'),
(1147, 269, 5, 'projects', 'lanarkshirerecoveryservices.co.uk'),
(1148, 376, 5, 'projects', 'citywheelrefurbishment.co.uk'),
(1149, 217, 5, 'projects', 'starperformancetyres.co.uk'),
(1150, 383, 5, 'projects', 'starperformancetyres.co.uk'),
(1151, 103, 5, 'projects', 'm8tyreswheels.co.uk'),
(1152, 351, 5, 'projects', 'm8tyreswheels.co.uk'),
(1153, 273, 5, 'projects', 'smartcarautomotive.co.uk-'),
(1154, 442, 4, 'projects', 'Website'),
(1155, 442, 5, 'projects', 'smartcarautomotive.co.uk'),
(1156, 279, 5, 'projects', 'silverlanegarage.co.uk'),
(1157, 443, 4, 'projects', 'Website'),
(1158, 443, 5, 'projects', 'silverlanegarage.co.uk'),
(1159, 153, 5, 'projects', 'bentenmotautocentre.co.uk'),
(1160, 201, 5, 'projects', 'bentenmotautocentre.co.uk'),
(1161, 444, 4, 'projects', 'SEO'),
(1162, 444, 5, 'projects', 'bentenmotautocentre.co.uk'),
(1163, 138, 5, 'projects', 'archesgarage.co.uk'),
(1164, 349, 5, 'projects', 'archesgarage.co.uk'),
(1165, 183, 5, 'projects', 'whieldon-tyres.co.uk'),
(1166, 339, 5, 'projects', 'whieldon-tyres.co.uk'),
(1167, 211, 5, 'projects', 'srsprestige.co.uk'),
(1168, 382, 5, 'projects', 'srsprestige.co.uk'),
(1169, 200, 5, 'projects', 'doorsteptyrefittingltd.com'),
(1170, 394, 5, 'projects', 'doorsteptyrefittingltd.com'),
(1171, 149, 5, 'projects', 'hi-range.co.uk'),
(1172, 347, 5, 'projects', 'hi-range.co.uk'),
(1173, 218, 5, 'projects', 'aandstyres.com'),
(1174, 320, 5, 'projects', 'aandstyres.com'),
(1175, 154, 5, 'projects', 'stewartandsmart.co.uk'),
(1176, 445, 4, 'projects', 'SEO'),
(1177, 445, 5, 'projects', 'stewartandsmart.co.uk'),
(1178, 229, 5, 'projects', 'ft-autocentre.co.uk'),
(1179, 446, 4, 'projects', 'SEO'),
(1180, 446, 5, 'projects', 'ft-autocentre.co.uk'),
(1181, 172, 5, 'projects', 'aptyres.com'),
(1182, 345, 5, 'projects', 'aptyres.com'),
(1183, 267, 5, 'projects', 'cunninghamsautocare.com'),
(1184, 447, 4, 'projects', 'Website'),
(1185, 447, 5, 'projects', 'cunninghamsautocare.com'),
(1186, 223, 5, 'projects', 'als-tyres.com'),
(1187, 317, 5, 'projects', 'als-tyres.com'),
(1188, 224, 5, 'projects', 'farnborough.als-tyres.com'),
(1189, 316, 5, 'projects', 'farnborough.als-tyres.com'),
(1190, 225, 5, 'projects', 'wokingham.als-tyres.com'),
(1191, 318, 5, 'projects', 'wokingham.als-tyres.com'),
(1192, 690, 1, 'leads', 'AutoTech Data'),
(1193, 204, 5, 'projects', 'drakesgarageservices.co.uk'),
(1194, 136, 5, 'projects', 'loustyresltd.co.uk'),
(1195, 448, 4, 'projects', 'SEO'),
(1196, 448, 5, 'projects', 'loustyresltd.co.uk'),
(1197, 271, 5, 'projects', 'superiorevchargingsolutions.co.uk'),
(1198, 449, 4, 'projects', 'Website'),
(1199, 449, 5, 'projects', 'superiorevchargingsolutions.co.uk'),
(1200, 202, 5, 'projects', 'theautomaster.co.uk'),
(1201, 450, 4, 'projects', 'SEO'),
(1202, 450, 5, 'projects', 'theautomaster.co.uk'),
(1203, 252, 5, 'projects', 'theautomaster.co.uk'),
(1204, 266, 5, 'projects', 'westgate-tyres.co.uk'),
(1205, 451, 4, 'projects', 'Website'),
(1206, 451, 5, 'projects', 'westgate-tyres.co.uk'),
(1207, 102, 5, 'projects', 'zoomtyres.co.uk'),
(1208, 356, 5, 'projects', 'zoomtyres.co.uk'),
(1209, 178, 5, 'projects', 'uktyres.co.uk'),
(1210, 241, 5, 'projects', 'uktyres.co.uk'),
(1211, 190, 4, 'projects', 'Website'),
(1212, 190, 5, 'projects', 'northlondon.uktyres.co.uk'),
(1213, 368, 5, 'projects', 'uktyres.co.uk'),
(1214, 452, 4, 'projects', 'SEO'),
(1215, 452, 5, 'projects', 'northlondon.uktyres.co.uk'),
(1216, 109, 5, 'projects', 'tyresavings.com'),
(1217, 453, 4, 'projects', 'SEO'),
(1218, 453, 5, 'projects', 'tyresavings.com'),
(1219, 155, 5, 'projects', 'elitewheels.co.uk'),
(1220, 355, 5, 'projects', 'elitewheels.co.uk'),
(1221, 454, 4, 'projects', 'Mobile App'),
(1222, 454, 5, 'projects', 'robertstyres.co.uk'),
(1223, 187, 5, 'projects', 'atobtyres.co.uk'),
(1224, 337, 5, 'projects', 'atobtyres.co.uk'),
(1225, 455, 4, 'projects', 'Website'),
(1226, 455, 5, 'projects', 'leicestershire.tyrekingautocentres.com'),
(1227, 456, 4, 'projects', 'SEO'),
(1228, 456, 5, 'projects', 'tyrekingautocentres.com'),
(1229, 457, 4, 'projects', 'Website'),
(1230, 457, 5, 'projects', 'derbyshire.tyrekingautocentres.com'),
(1233, 459, 4, 'projects', 'Mobile App'),
(1234, 459, 5, 'projects', 'wefitalton.co.uk'),
(1235, 460, 4, 'projects', 'Facebook'),
(1236, 460, 5, 'projects', 'wefitalton.co.uk'),
(1237, 461, 4, 'projects', 'SEO'),
(1238, 461, 5, 'projects', 'onthespottyres.com'),
(1239, 385, 5, 'projects', 'onthespottyres.com'),
(1240, 90, 5, 'projects', 'centraltyreswalsall.co.uk'),
(1241, 254, 5, 'projects', 'centraltyreswalsall.co.uk'),
(1242, 462, 4, 'projects', 'SEO'),
(1243, 462, 5, 'projects', 'centraltyreswalsall.co.uk'),
(1244, 106, 5, 'projects', 'sptyres.com'),
(1246, 353, 5, 'projects', 'sptyres.com'),
(1247, 237, 5, 'projects', 'tyresshrewsbury.co.uk'),
(1248, 463, 4, 'projects', 'SEO'),
(1249, 463, 5, 'projects', 'tyresshrewsbury.co.uk'),
(1250, 306, 5, 'projects', 'savingontyres.co.uk'),
(1251, 232, 5, 'projects', 'treadmarkwheelsandtyres.co.uk'),
(1252, 27, 5, 'projects', 'treadmarkwheelsandtyres.co.uk'),
(1253, 331, 5, 'projects', 'treadmarkwheelsandtyres.co.uk'),
(1254, 296, 5, 'projects', 'treadmarkwheelsandtyres.co.uk'),
(1255, 32, 5, 'projects', 'jacksonsmotcentre.com'),
(1256, 464, 4, 'projects', 'Mobile App'),
(1257, 464, 5, 'projects', 'teltyres.co.uk'),
(1260, 466, 4, 'projects', 'Facebook'),
(1261, 466, 5, 'projects', 'teltyres.co.uk'),
(1262, 467, 4, 'projects', 'Website'),
(1263, 467, 5, 'projects', 'jacksonsmotcentre.com'),
(1264, 257, 5, 'projects', 'forzatyres.com'),
(1265, 182, 5, 'projects', 'pitstop-autocentre.co.uk'),
(1266, 468, 4, 'projects', 'SEO'),
(1267, 468, 5, 'projects', 'pitstop-autocentre.co.uk'),
(1268, 35, 4, 'projects', 'Website'),
(1269, 35, 5, 'projects', 'martinityres.co.uk'),
(1270, 240, 5, 'projects', 'martinityres.co.uk'),
(1271, 114, 5, 'projects', 'martinityres.co.uk'),
(1272, 469, 4, 'projects', 'Website'),
(1273, 469, 5, 'projects', 'leckhamptontyres.com'),
(1274, 470, 4, 'projects', 'SEO'),
(1275, 470, 5, 'projects', 'leckhamptontyres.com'),
(1276, 79, 5, 'projects', 'rikfit.co.uk'),
(1277, 471, 4, 'projects', 'SEO'),
(1278, 471, 5, 'projects', 'rikfit.co.uk'),
(1279, 99, 5, 'projects', 'saveontyres.com'),
(1280, 354, 5, 'projects', 'saveontyres.com'),
(1281, 117, 5, 'projects', 'superiorcars.co.uk'),
(1282, 334, 5, 'projects', 'superiorcars.co.uk'),
(1283, 205, 5, 'projects', 'superiorelectricalservices.co.uk'),
(1284, 384, 5, 'projects', 'superiorelectricalservices.co.uk'),
(1285, 152, 5, 'projects', 'tyre-man.co.uk'),
(1286, 472, 4, 'projects', 'SEO'),
(1287, 472, 5, 'projects', 'tyre-man.co.uk'),
(1288, 278, 5, 'projects', 'tracksideautocentre.co.uk'),
(1289, 473, 4, 'projects', 'Website'),
(1290, 473, 5, 'projects', 'tracksideautocentre.co.uk'),
(1291, 86, 5, 'projects', 'agriculturalfarmtyres.com'),
(1292, 474, 4, 'projects', 'SEO'),
(1293, 474, 5, 'projects', 'agriculturalfarmtyres.com'),
(1294, 261, 5, 'projects', 'manchestertyreservices.co.uk'),
(1295, 475, 4, 'projects', 'Website'),
(1296, 475, 5, 'projects', 'manchestertyreservices.co.uk'),
(1297, 192, 5, 'projects', 'hlrtyres.co.uk'),
(1298, 357, 5, 'projects', 'hlrtyres.co.uk'),
(1299, 33, 5, 'projects', 'fgsgarages.com'),
(1300, 335, 5, 'projects', 'fgsgarages.com'),
(1301, 188, 5, 'projects', 'bromsgroveservicecentre.co.uk'),
(1302, 230, 5, 'projects', 'bromsgroveservicecentrecreditline.co.uk'),
(1303, 476, 4, 'projects', 'SEO');
INSERT INTO `tblcustomfieldsvalues` (`id`, `relid`, `fieldid`, `fieldto`, `value`) VALUES
(1304, 476, 5, 'projects', 'bromsgroveservicecentre.co.uk'),
(1305, 272, 5, 'projects', 'psmtyres.co.uk'),
(1306, 477, 4, 'projects', 'Website'),
(1307, 477, 5, 'projects', 'psmtyres.co.uk'),
(1308, 359, 5, 'projects', 'autolinerecovery.com'),
(1309, 270, 5, 'projects', 'autolinerecovery.com'),
(1310, 82, 4, 'projects', 'Upgrade'),
(1311, 82, 5, 'projects', 'milltyres.com'),
(1312, 118, 5, 'projects', 'milltyres.com'),
(1313, 478, 4, 'projects', 'Website'),
(1314, 478, 5, 'projects', 'milltyres.com'),
(1315, 259, 5, 'projects', 'tyres-loughborough.co.uk'),
(1316, 479, 4, 'projects', 'Website'),
(1317, 479, 5, 'projects', 'tyres-loughborough.co.uk'),
(1318, 164, 5, 'projects', 'tyremanmerthyr.co.uk'),
(1319, 288, 5, 'projects', 'tyremanmerthyr.co.uk'),
(1320, 327, 5, 'projects', 'tyremanmerthyr.co.uk'),
(1321, 162, 5, 'projects', 'tradepricetyrescreditline.co.uk'),
(1322, 105, 5, 'projects', 'tradepricetyres.co.uk'),
(1323, 165, 4, 'projects', 'Mobile App'),
(1324, 165, 5, 'projects', 'tyrecityuk.com'),
(1325, 258, 5, 'projects', 'tyrecityuk.com'),
(1326, 286, 5, 'projects', 'tyrecityuk.com'),
(1327, 238, 5, 'projects', 'bicester.phillipstyres.co.uk'),
(1328, 480, 4, 'projects', 'Project'),
(1329, 481, 4, 'projects', 'Facebook'),
(1330, 481, 5, 'projects', 'junction11mot.co.uk'),
(1331, 482, 4, 'projects', 'Facebook'),
(1332, 482, 5, 'projects', 'tyres-coventry.co.uk'),
(1333, 297, 5, 'projects', 'theautomaster.co.uk'),
(1334, 319, 5, 'projects', 'imperialcarcare.co.uk'),
(1335, 196, 5, 'projects', 'mobiletyreslondon.com'),
(1336, 483, 4, 'projects', 'SEO'),
(1337, 483, 5, 'projects', 'mobiletyreslondon.com-SEO'),
(1338, 294, 5, 'projects', 'mobiletyreslondon.com'),
(1339, 184, 5, 'projects', 'tyrelab.co.uk'),
(1340, 283, 5, 'projects', 'tyrelab.co.uk'),
(1341, 361, 5, 'projects', 'tyrelab.co.uk'),
(1342, 360, 5, 'projects', 'tyrelab.co.uk'),
(1343, 295, 5, 'projects', 'gforcetyres.co.uk'),
(1344, 484, 4, 'projects', 'Facebook'),
(1345, 484, 5, 'projects', 'gforcetyres.co.uk'),
(1346, 485, 4, 'projects', 'Website'),
(1347, 485, 5, 'projects', 'gforcetyres.co.uk'),
(1348, 281, 5, 'projects', 'junction11mot.co.uk'),
(1349, 486, 4, 'projects', 'Website'),
(1350, 486, 5, 'projects', 'junction11mot.co.uk'),
(1351, 487, 4, 'projects', 'Facebook'),
(1352, 487, 5, 'projects', 'mobiletyreslondon.com'),
(1353, 691, 1, 'leads', 'AutoTech Data'),
(1354, 488, 4, 'projects', 'Facebook'),
(1355, 488, 5, 'projects', 'steves-tyres.co.uk'),
(1356, 489, 4, 'projects', 'Facebook'),
(1357, 489, 5, 'projects', 'antyres.co.uk'),
(1358, 291, 5, 'projects', 'rangertyres.co.uk'),
(1359, 692, 1, 'leads', 'AutoTech Data'),
(1360, 386, 5, 'projects', 'acetyreonline.com'),
(1361, 490, 4, 'projects', 'Website'),
(1362, 490, 5, 'projects', 'derbyroadtyres.co.uk'),
(1363, 491, 4, 'projects', 'Website'),
(1364, 491, 5, 'projects', 'mallingrepairservice.com'),
(1365, 492, 4, 'projects', 'SEO'),
(1366, 492, 5, 'projects', 'derbyroadtyres.co.uk'),
(1367, 493, 4, 'projects', 'SEO'),
(1368, 493, 5, 'projects', 'mallingrepairservice.com'),
(1369, 695, 1, 'leads', 'MOT Diary'),
(1370, 696, 1, 'leads', 'AutoTech Data'),
(1371, 364, 5, 'projects', 'wefitalton.co.uk'),
(1372, 697, 1, 'leads', 'AutoTech Data'),
(1373, 494, 4, 'projects', 'SEO'),
(1374, 494, 5, 'projects', 'johnnysgarageltd.co.uk'),
(1375, 698, 1, 'leads', 'AutoTech Data'),
(1376, 495, 4, 'projects', 'Website'),
(1377, 495, 5, 'projects', 'westerhopetyres.co.uk'),
(1378, 496, 4, 'projects', 'Website'),
(1379, 496, 5, 'projects', 'tqttyres.co.uk'),
(1380, 168, 5, 'projects', 'johnnysgarageltd.co.uk'),
(1381, 231, 5, 'projects', 'acetyreonline.com'),
(1382, 497, 4, 'projects', 'Website'),
(1383, 497, 5, 'projects', 'geoffstyresltd.co.uk'),
(1384, 498, 4, 'projects', 'SEO'),
(1385, 498, 5, 'projects', 'geoffstyresltd.co.uk'),
(1386, 499, 4, 'projects', 'Mobile App'),
(1387, 499, 5, 'projects', 'uktyres.co.uk'),
(1388, 500, 4, 'projects', 'Mobile App'),
(1389, 500, 5, 'projects', 'northlondon.uktyres.co.uk'),
(1390, 501, 4, 'projects', 'Facebook'),
(1391, 501, 5, 'projects', 'uktyres.co.uk'),
(1392, 284, 5, 'projects', 'bromsgroveservicecentre.co.uk'),
(1393, 502, 4, 'projects', 'Facebook'),
(1394, 502, 5, 'projects', 'bromsgroveservicecentre.co.uk'),
(1395, 503, 4, 'projects', 'Facebook'),
(1396, 503, 5, 'projects', 'motservicecentre.co.uk'),
(1397, 504, 4, 'projects', 'Facebook'),
(1398, 504, 5, 'projects', 'tyrecityuk.com'),
(1399, 287, 5, 'projects', 'tradepricetyres.co.uk'),
(1400, 505, 4, 'projects', 'Facebook'),
(1401, 505, 5, 'projects', 'tradepricetyres.co.uk'),
(1402, 506, 4, 'projects', 'Facebook'),
(1403, 506, 5, 'projects', 'tyremanmerthyr.co.uk'),
(1404, 507, 4, 'projects', 'Facebook'),
(1405, 507, 5, 'projects', 'flaxleytyres.co.uk'),
(1406, 508, 4, 'projects', 'Website'),
(1407, 508, 5, 'projects', 'valetyrecentre.co.uk'),
(1408, 509, 4, 'projects', 'Website'),
(1409, 509, 5, 'projects', 'dandr-tyres.co.uk'),
(1410, 510, 4, 'projects', 'Website'),
(1411, 510, 5, 'projects', 'manchesterbreakdown.co.uk'),
(1412, 511, 4, 'projects', 'Website'),
(1413, 511, 5, 'projects', 'sblmobiletyres.co.uk'),
(1414, 512, 4, 'projects', 'SEO'),
(1415, 512, 5, 'projects', 'manchesterbreakdown.co.uk'),
(1416, 513, 4, 'projects', 'Website'),
(1417, 513, 5, 'projects', 'douglastyreandautocare.com'),
(1418, 514, 4, 'projects', 'SEO'),
(1419, 514, 5, 'projects', 'douglastyreandautocare.com'),
(1420, 515, 4, 'projects', 'SEO'),
(1421, 515, 5, 'projects', 'sblmobiletyres.co.uk'),
(1422, 516, 4, 'projects', 'SEO'),
(1423, 516, 5, 'projects', 'dandr-tyres.co.uk'),
(1424, 517, 4, 'projects', 'SEO'),
(1425, 517, 5, 'projects', 'tqttyres.co.uk'),
(1426, 518, 4, 'projects', 'SEO'),
(1427, 518, 5, 'projects', 'valetyrecentre.co.uk'),
(1428, 519, 4, 'projects', 'SEO'),
(1429, 519, 5, 'projects', 'samtyre.co.uk'),
(1430, 699, 1, 'leads', 'AutoTech Data'),
(1431, 700, 1, 'leads', 'AutoTech Data'),
(1432, 425, 5, 'projects', 'smartmot.com'),
(1433, 520, 4, 'projects', 'Mobile App'),
(1434, 520, 5, 'projects', 'services.smartmot.com'),
(1435, 372, 5, 'projects', 'contacttyres.co.uk'),
(1436, 521, 4, 'projects', 'SEO'),
(1437, 521, 5, 'projects', 'services.smartmot.com'),
(1438, 522, 4, 'projects', 'Mobile App'),
(1439, 522, 5, 'projects', 'samtyre.co.uk'),
(1440, 523, 4, 'projects', 'Mobile App'),
(1441, 523, 5, 'projects', 'mytyresdirect.co.uk'),
(1442, 524, 4, 'projects', 'Upgrade'),
(1443, 524, 5, 'projects', 'farnsfieldautocentre.co.uk'),
(1444, 158, 5, 'projects', 'ichrakpneus.com'),
(1445, 525, 4, 'projects', 'Mobile App'),
(1446, 525, 5, 'projects', 'derbyroadtyres.co.uk'),
(1447, 526, 4, 'projects', 'Facebook'),
(1448, 526, 5, 'projects', 'derbyroadtyres.co.uk'),
(1449, 290, 5, 'projects', 'hlrtyres.co.uk'),
(1450, 289, 5, 'projects', 'flaxleytyres.co.uk'),
(1451, 285, 5, 'projects', 'motservicecentre.co.uk'),
(1452, 527, 4, 'projects', 'Facebook'),
(1453, 527, 5, 'projects', 'vtechauto.co.uk-'),
(1454, 528, 4, 'projects', 'Facebook'),
(1455, 528, 5, 'projects', 'centraltyreswalsall.co.uk'),
(1456, 529, 4, 'projects', 'Facebook'),
(1457, 529, 5, 'projects', 'jcs-tyres.co.uk'),
(1458, 530, 4, 'projects', 'Facebook'),
(1459, 530, 5, 'projects', 'blackbrookmotors.co.uk'),
(1460, 531, 4, 'projects', 'Facebook'),
(1461, 531, 5, 'projects', 'rikfit.co.uk'),
(1462, 532, 4, 'projects', 'Facebook'),
(1463, 532, 5, 'projects', 'manchestertyreservices.co.uk'),
(1464, 533, 4, 'projects', 'Facebook'),
(1465, 533, 5, 'projects', 'hlrtyres.co.uk'),
(1466, 534, 4, 'projects', 'Facebook'),
(1467, 534, 5, 'projects', 'tyresavings.com'),
(1468, 535, 4, 'projects', 'Facebook'),
(1469, 535, 5, 'projects', 'lanarkshirerecoveryservices.co.uk'),
(1470, 536, 4, 'projects', 'Website'),
(1471, 536, 5, 'projects', 'favershamtyres.com'),
(1472, 537, 4, 'projects', 'SEO'),
(1473, 537, 5, 'projects', 'favershamtyres.com'),
(1474, 538, 4, 'projects', 'Website'),
(1475, 538, 5, 'projects', 'thetyreshopharlow.co.uk'),
(1476, 539, 4, 'projects', 'Website'),
(1477, 539, 5, 'projects', 'centralautorepairservices.co.uk'),
(1478, 540, 4, 'projects', 'Website'),
(1479, 540, 5, 'projects', 'halifaxmotcentre.com'),
(1480, 701, 1, 'leads', 'AutoTech Data'),
(1481, 301, 5, 'projects', 'als-tyres.com'),
(1482, 541, 4, 'projects', 'SEO'),
(1483, 541, 5, 'projects', 'thetyreshopharlow.co.uk'),
(1484, 542, 4, 'projects', 'SEO'),
(1485, 542, 5, 'projects', 'centralautorepairservices.co.uk'),
(1486, 543, 5, 'projects', 'halifaxmotcentre.com'),
(1487, 544, 4, 'projects', 'Facebook'),
(1488, 544, 5, 'projects', 'tyresshrewsbury.co.uk'),
(1489, 545, 4, 'projects', 'Facebook'),
(1490, 545, 5, 'projects', 'star-tyres.co.uk'),
(1491, 546, 4, 'projects', 'Facebook'),
(1492, 546, 5, 'projects', 'harrowbudgettyres.co.uk'),
(1493, 160, 5, 'projects', 'tyremanmerthyrcreditline.co.uk'),
(1494, 547, 4, 'projects', 'Website'),
(1495, 547, 5, 'projects', 'bathlanegarage.co.uk'),
(1496, 548, 4, 'projects', 'SEO'),
(1497, 548, 5, 'projects', 'bathlanegarage.co.uk'),
(1498, 702, 1, 'leads', 'AutoTech Data'),
(1499, 209, 5, 'projects', 'phillipstyrescreditline.co.uk'),
(1500, 549, 4, 'projects', 'SEO'),
(1501, 549, 5, 'projects', 'northern.phillipstyres.co.uk'),
(1502, 550, 4, 'projects', 'SEO'),
(1503, 550, 5, 'projects', 'phillipstyrescreditline.co.uk'),
(1504, 129, 5, 'projects', 'asrbanden.nl'),
(1505, 551, 4, 'projects', 'SEO'),
(1506, 551, 5, 'projects', 'asrbanden.nl'),
(1507, 552, 4, 'projects', 'Facebook'),
(1508, 552, 5, 'projects', 'yecornertyres.com'),
(1509, 553, 4, 'projects', 'Website'),
(1510, 553, 5, 'projects', 'vickytyres.co.uk'),
(1511, 554, 4, 'projects', 'SEO'),
(1512, 554, 5, 'projects', 'vickytyres.co.uk'),
(1513, 555, 4, 'projects', 'Mobile App'),
(1514, 555, 5, 'projects', 'vickytyres.co.uk'),
(1515, 556, 4, 'projects', 'Facebook'),
(1516, 556, 5, 'projects', 'vickytyres.co.uk'),
(1517, 127, 5, 'projects', 'aaatyresmanchester.co.uk'),
(1518, 557, 4, 'projects', 'SEO'),
(1519, 557, 5, 'projects', 'mondeomanltd.co.uk (Bond International)'),
(1520, 558, 4, 'projects', 'Website Maintenance'),
(1521, 558, 5, 'projects', 'fivewaystyres.co.uk'),
(1522, 101, 4, 'projects', 'Website'),
(1523, 101, 5, 'projects', 'ritz-garage.co.uk'),
(1524, 559, 4, 'projects', 'Upgrade'),
(1525, 559, 5, 'projects', 'ritz-garage.co.uk'),
(1526, 560, 4, 'projects', 'Mobile App'),
(1527, 560, 5, 'projects', 'tqttyres.co.uk'),
(1528, 561, 4, 'projects', 'Facebook'),
(1529, 561, 5, 'projects', 'fixmytyre.co.uk'),
(1530, 562, 4, 'projects', 'Website'),
(1531, 562, 5, 'projects', 'bluetyres.co.uk'),
(1532, 563, 4, 'projects', 'SEO'),
(1533, 563, 5, 'projects', 'bluetyres.co.uk'),
(1534, 564, 4, 'projects', 'Website'),
(1535, 564, 5, 'projects', 'hlrtyres.co.uk'),
(1536, 565, 4, 'projects', 'Mobile App'),
(1537, 565, 5, 'projects', 'bathlanegarage.co.uk'),
(1538, 566, 4, 'projects', 'Facebook'),
(1539, 566, 5, 'projects', 'bathlanegarage.co.uk'),
(1540, 567, 4, 'projects', 'Website'),
(1541, 567, 5, 'projects', 'bathlanegarage.co.uk'),
(1542, 323, 5, 'projects', 'baztyres.com'),
(1543, 703, 1, 'leads', 'MOT Diary'),
(1544, 568, 4, 'projects', 'Upgrade'),
(1545, 568, 5, 'projects', 'tracksideautocentre.co.uk'),
(1546, 569, 4, 'projects', 'Mobile App'),
(1547, 569, 5, 'projects', 'geoffstyresltd.co.uk'),
(1548, 570, 4, 'projects', 'Upgrade'),
(1549, 570, 5, 'projects', 'tyreswythall.com'),
(1550, 571, 4, 'projects', 'Upgrade'),
(1551, 571, 5, 'projects', 'rawdontyres.co.uk'),
(1552, 365, 5, 'projects', 'yecornertyres.com'),
(1553, 322, 5, 'projects', 'baztyres.com'),
(1554, 572, 4, 'projects', 'Mobile App'),
(1555, 572, 5, 'projects', 'carandvantyresinfareham.co.uk'),
(1556, 573, 4, 'projects', 'Mobile App'),
(1557, 573, 5, 'projects', 'farnborough.als-tyres.com'),
(1558, 574, 4, 'projects', 'Mobile App'),
(1559, 574, 5, 'projects', 'wokingham.als-tyres.com'),
(1560, 704, 1, 'leads', 'AutoTech Data'),
(1561, 575, 4, 'projects', 'Website'),
(1562, 575, 5, 'projects', 'tyresharrogate.co.uk'),
(1563, 576, 4, 'projects', 'SEO'),
(1564, 576, 5, 'projects', 'tyresharrogate.co.uk'),
(1565, 577, 4, 'projects', 'Upgrade'),
(1566, 577, 5, 'projects', 'manchestertyreservices.co.uk'),
(1567, 578, 4, 'projects', 'Website'),
(1568, 578, 5, 'projects', 'tadleytyreservices.co.uk'),
(1569, 579, 4, 'projects', 'Upgrade'),
(1570, 579, 5, 'projects', 'billinghamsmotcentre.co.uk'),
(1571, 580, 4, 'projects', 'SEO'),
(1572, 581, 4, 'projects', 'Website'),
(1573, 581, 5, 'projects', 'allenstyres.co.uk'),
(1574, 582, 4, 'projects', 'SEO'),
(1575, 582, 5, 'projects', 'allenstyres.co.uk'),
(1576, 583, 4, 'projects', 'Website'),
(1577, 583, 5, 'projects', 'kktyres.com'),
(1578, 584, 4, 'projects', 'SEO'),
(1579, 584, 5, 'projects', 'kktyres.com'),
(1580, 705, 1, 'leads', 'Standard Website'),
(1581, 265, 5, 'projects', 'autotechhartlepool.co.uk'),
(1582, 585, 4, 'projects', 'Mobile App'),
(1583, 585, 5, 'projects', 'simplytyres.co.uk'),
(1584, 586, 4, 'projects', 'Mobile App'),
(1585, 586, 5, 'projects', 'tadleytyreservices.co.ukApp'),
(1586, 587, 4, 'projects', 'Facebook'),
(1587, 587, 5, 'projects', 'tadleytyreservices.co.uk'),
(1588, 588, 4, 'projects', 'SEO'),
(1589, 588, 5, 'projects', 'ritz-garage.co.uk'),
(1590, 276, 5, 'projects', 'caucasianshepherds.co.uk'),
(1591, 589, 4, 'projects', 'Facebook'),
(1592, 589, 5, 'projects', 'archesgarage.co.uk'),
(1593, 590, 4, 'projects', 'Upgrade'),
(1594, 590, 5, 'projects', 'aaatyres.co.uk'),
(1595, 580, 5, 'projects', 'tadleytyreservices.co.uk'),
(1596, 22, 4, 'projects', 'Internal Project'),
(1597, 61, 4, 'projects', 'Internal Project'),
(1598, 6, 4, 'projects', 'Internal Project'),
(1599, 591, 4, 'projects', 'Website'),
(1600, 591, 5, 'projects', 'forzatyres.com'),
(1601, 592, 4, 'projects', 'Mobile App'),
(1602, 592, 5, 'projects', 'mallingrepairservice.com'),
(1603, 593, 4, 'projects', 'Facebook'),
(1604, 593, 5, 'projects', 'mallingrepairservice.com'),
(1605, 594, 4, 'projects', 'Mobile App'),
(1606, 594, 5, 'projects', 'aandstyres.com'),
(1607, 595, 4, 'projects', 'Mobile App'),
(1608, 595, 5, 'projects', 'favershamtyres.com'),
(1609, 596, 4, 'projects', 'Upgrade'),
(1610, 596, 5, 'projects', 'star-tyres.co.uk'),
(1611, 597, 4, 'projects', 'Upgrade'),
(1612, 597, 5, 'projects', 'tyrefitauto.co.uk'),
(1613, 598, 4, 'projects', 'Upgrade'),
(1614, 598, 5, 'projects', 'steveslatterycarsloughborough.co.uk'),
(1615, 599, 4, 'projects', 'Upgrade'),
(1616, 599, 5, 'projects', 'm8tyreswheels.co.uk'),
(1617, 600, 4, 'projects', 'Upgrade'),
(1618, 600, 5, 'projects', 'tyres-loughborough.co.uk'),
(1619, 601, 4, 'projects', 'Upgrade'),
(1620, 601, 5, 'projects', 'geoffstyresltd.co.uk'),
(1621, 602, 4, 'projects', 'Upgrade'),
(1622, 602, 5, 'projects', 'fgsgarages.com'),
(1623, 603, 4, 'projects', 'Upgrade'),
(1624, 603, 5, 'projects', 'superiorcars.co.uk'),
(1625, 604, 4, 'projects', 'Upgrade'),
(1626, 604, 5, 'projects', 'saveontyres.com'),
(1627, 605, 5, 'projects', 'rikfit.co.uk'),
(1628, 606, 4, 'projects', 'Upgrade'),
(1629, 606, 5, 'projects', 'forzatyres.com'),
(1630, 607, 4, 'projects', 'Upgrade'),
(1631, 607, 5, 'projects', 'savingontyres.co.uk-'),
(1632, 608, 4, 'projects', 'Upgrade'),
(1633, 608, 5, 'projects', 'zoomtyres.co.uk'),
(1634, 609, 4, 'projects', 'Upgrade'),
(1635, 609, 5, 'projects', 'mandctyres.co.uk'),
(1636, 610, 4, 'projects', 'Upgrade'),
(1637, 610, 5, 'projects', 'gilgaltyre.com'),
(1638, 611, 4, 'projects', 'Upgrade'),
(1639, 611, 5, 'projects', 'abctyrescoventry.co.uk'),
(1640, 612, 4, 'projects', 'Upgrade'),
(1641, 612, 5, 'projects', 'roadrunnerservicecentre.co.uk'),
(1642, 613, 4, 'projects', 'Upgrade'),
(1643, 613, 5, 'projects', 'aaslicktyres.co.uk'),
(1644, 605, 4, 'projects', 'Upgrade'),
(1645, 614, 4, 'projects', 'Mobile App'),
(1646, 614, 5, 'projects', 'dcmtyres.co.uk'),
(1647, 615, 4, 'projects', 'Mobile App'),
(1648, 615, 5, 'projects', 'sturminster.dcmtyres.co.uk'),
(1649, 616, 4, 'projects', 'Mobile App'),
(1650, 616, 5, 'projects', 'blandford.dcmtyres.co.uk'),
(1651, 617, 4, 'projects', 'Website'),
(1652, 617, 5, 'projects', 'meadowfieldautocentre.co.uk'),
(1653, 618, 4, 'projects', 'SEO'),
(1654, 618, 5, 'projects', 'meadowfieldautocentre.co.uk'),
(1655, 706, 1, 'leads', 'MOT Diary'),
(1656, 619, 4, 'projects', 'Upgrade'),
(1657, 619, 5, 'projects', 'tradepricetyrescreditline.co.uk'),
(1658, 707, 1, 'leads', 'AutoTech Data'),
(1659, 620, 4, 'projects', 'Mobile App'),
(1660, 620, 5, 'projects', 'sptyres.com'),
(1661, 621, 4, 'projects', 'Mobile App'),
(1662, 621, 5, 'projects', 'whieldon-tyres.co.uk'),
(1663, 622, 4, 'projects', 'Mobile App'),
(1664, 622, 5, 'projects', 'pitstop-autocentre.co.uk'),
(1665, 623, 4, 'projects', 'Website'),
(1666, 623, 5, 'projects', 'wrightstyres.com'),
(1667, 624, 4, 'projects', 'SEO'),
(1668, 624, 5, 'projects', 'wrighttyres.co.uk'),
(1669, 708, 1, 'leads', 'AutoTech Data'),
(1670, 625, 4, 'projects', 'Mobile App'),
(1671, 625, 5, 'projects', 'wrighttyres.co.uk'),
(1672, 626, 4, 'projects', 'Website'),
(1673, 626, 5, 'projects', 'morleytyres.co.uk'),
(1674, 627, 4, 'projects', 'SEO'),
(1675, 627, 5, 'projects', 'morleytyres.co.uk'),
(1676, 709, 1, 'leads', 'Professional Website'),
(1677, 628, 4, 'projects', 'Website'),
(1678, 628, 5, 'projects', 'ledtyres.co.uk'),
(1679, 629, 4, 'projects', 'Website'),
(1680, 629, 5, 'projects', '24hourstyreservice.com'),
(1681, 710, 1, 'leads', 'Professional Website'),
(1682, 630, 4, 'projects', 'SEO'),
(1683, 630, 5, 'projects', 'ledtyres.co.uk'),
(1684, 631, 4, 'projects', 'SEO'),
(1685, 631, 5, 'projects', '24hourstyreservice.com'),
(1686, 632, 4, 'projects', 'SEO'),
(1687, 632, 5, 'projects', 'aaatyres.co.uk'),
(1688, 634, 4, 'projects', 'SEO'),
(1689, 634, 5, 'projects', 'cashitcaruk.com'),
(1690, 374, 5, 'projects', 'contacttyres.co.uk'),
(1691, 635, 4, 'projects', 'SEO'),
(1692, 635, 5, 'projects', 'contacttyres.co.uk'),
(1693, 636, 4, 'projects', 'Website'),
(1694, 636, 5, 'projects', 'pbt-tyres.co.uk'),
(1695, 222, 5, 'projects', 'pbtsupplies.co.uk'),
(1696, 543, 4, 'projects', 'SEO'),
(1697, 637, 4, 'projects', 'Website Maintenance'),
(1698, 637, 5, 'projects', 'pbtsupplies.co.uk'),
(1699, 638, 4, 'projects', 'SEO'),
(1700, 638, 5, 'projects', 'pbt-tyres.co.uk'),
(1701, 711, 1, 'leads', 'Professional Website'),
(1702, 712, 1, 'leads', 'AutoTech Data'),
(1703, 639, 4, 'projects', 'Website'),
(1704, 639, 5, 'projects', 'more-than-tyres.co.uk(Bognor)'),
(1705, 640, 4, 'projects', 'Website'),
(1706, 640, 5, 'projects', 'more-than-tyres.co.uk(Burgess)'),
(1707, 641, 4, 'projects', 'SEO'),
(1708, 641, 5, 'projects', 'more-than-tyres.co.uk(Bognor)'),
(1709, 642, 4, 'projects', 'SEO'),
(1710, 642, 5, 'projects', 'more-than-tyres.co.uk(Burgess)'),
(1711, 643, 4, 'projects', 'Website'),
(1712, 643, 5, 'projects', 'mscwisborough.co.uk'),
(1713, 644, 4, 'projects', 'SEO'),
(1714, 644, 5, 'projects', 'mscwisborough.co.uk'),
(1715, 645, 4, 'projects', 'Mobile App'),
(1716, 645, 5, 'projects', 'mscwisborough.co.uk'),
(1717, 646, 4, 'projects', 'Facebook'),
(1718, 646, 5, 'projects', 'mscwisborough.co.uk'),
(1719, 647, 4, 'projects', 'Upgrade'),
(1720, 647, 5, 'projects', 'barnetauto.co.uk'),
(1721, 648, 4, 'projects', 'Facebook'),
(1722, 648, 5, 'projects', 'bluetyres.co.uk'),
(1723, 713, 1, 'leads', 'AutoTech Data'),
(1724, 714, 1, 'leads', 'AutoTech Data'),
(1725, 649, 4, 'projects', 'Website'),
(1726, 649, 5, 'projects', 'autosavemot.co.uk'),
(1727, 650, 4, 'projects', 'SEO'),
(1728, 650, 5, 'projects', 'autosavemot.co.uk'),
(1729, 715, 1, 'leads', 'AutoTech Data'),
(1730, 651, 4, 'projects', 'Website'),
(1731, 651, 5, 'projects', 'cvstyres.co.uk'),
(1732, 652, 4, 'projects', 'SEO'),
(1733, 652, 5, 'projects', 'cvstyres.co.uk'),
(1734, 653, 4, 'projects', 'Website'),
(1735, 653, 5, 'projects', 'chichestertyres.com'),
(1736, 654, 4, 'projects', 'SEO'),
(1737, 654, 5, 'projects', 'chichestertyres.com'),
(1738, 311, 5, 'projects', 'overdrivemotcentre.co.uk'),
(1739, 633, 4, 'projects', 'Website'),
(1740, 633, 5, 'projects', 'cashitcaruk.com'),
(1741, 655, 4, 'projects', 'SEO'),
(1742, 655, 5, 'projects', 'recenturesoft.com'),
(1743, 381, 5, 'projects', 'brcarcareservicecentre.co.uk'),
(1744, 656, 4, 'projects', 'SEO'),
(1745, 656, 5, 'projects', 'brcarcareservicecentre.co.uk'),
(1746, 657, 4, 'projects', 'Website Maintenance'),
(1747, 657, 5, 'projects', 'vtechauto.co.uk'),
(1748, 658, 4, 'projects', 'SEO'),
(1749, 658, 5, 'projects', 'barnetauto.co.uk'),
(1750, 659, 4, 'projects', 'Website'),
(1751, 659, 5, 'projects', 'berkshiremobiletyresservices.co.uk'),
(1752, 660, 4, 'projects', 'SEO'),
(1753, 660, 5, 'projects', 'berkshiremobiletyresservices.co.uk'),
(1754, 716, 1, 'leads', 'AutoTech Data'),
(1755, 717, 1, 'leads', 'AutoTech Data'),
(1756, 661, 4, 'projects', 'Website'),
(1757, 661, 5, 'projects', 'intercarandvan.com'),
(1758, 662, 4, 'projects', 'Mobile App'),
(1759, 662, 5, 'projects', 'supremecarandvanservice.co.uk'),
(1760, 663, 4, 'projects', 'SEO'),
(1761, 663, 5, 'projects', 'supremecarandvanservice.co.uk'),
(1762, 664, 4, 'projects', 'Facebook'),
(1763, 664, 5, 'projects', 'supremecarandvanservice.co.uk'),
(1764, 718, 1, 'leads', 'AutoTech Data'),
(1765, 665, 4, 'projects', 'Website'),
(1766, 665, 5, 'projects', 'affordabletiremtp.com'),
(1767, 666, 4, 'projects', 'Website'),
(1768, 666, 5, 'projects', 'trade-tyres.co.uk'),
(1769, 667, 4, 'projects', 'SEO'),
(1770, 667, 5, 'projects', 'trade-tyres.co.uk'),
(1771, 719, 1, 'leads', 'AutoTech Data'),
(1772, 668, 4, 'projects', 'Website'),
(1773, 668, 5, 'projects', 'hucknalltyre.co.uk'),
(1774, 669, 4, 'projects', 'SEO'),
(1775, 669, 5, 'projects', 'hucknalltyre.co.uk'),
(1776, 720, 1, 'leads', 'AutoTech Data'),
(1777, 721, 1, 'leads', 'AutoTech Data'),
(1778, 722, 1, 'leads', 'AutoTech Data'),
(1779, 723, 1, 'leads', 'AutoTech Data'),
(1780, 670, 4, 'projects', 'Website'),
(1781, 670, 5, 'projects', 'blacknround.autopartapi.com'),
(1782, 671, 4, 'projects', 'Mobile App'),
(1783, 671, 5, 'projects', 'blackbrookmotors.co.uk'),
(1784, 672, 4, 'projects', 'Mobile App'),
(1785, 672, 5, 'projects', 'rikfit.co.uk'),
(1786, 673, 4, 'projects', 'Mobile App'),
(1787, 673, 5, 'projects', 'aaatyres.co.uk'),
(1788, 674, 4, 'projects', 'Website'),
(1789, 674, 5, 'projects', 'satyres.co.uk'),
(1790, 675, 4, 'projects', 'SEO'),
(1791, 675, 5, 'projects', 'satyres.co.uk'),
(1792, 676, 4, 'projects', 'Mobile App'),
(1793, 676, 5, 'projects', 'satyres.co.uk'),
(1794, 724, 1, 'leads', 'AutoTech Data'),
(1795, 677, 4, 'projects', 'Facebook'),
(1796, 677, 5, 'projects', 'dcmtyres.co.uk'),
(1797, 725, 1, 'leads', 'AutoTech Data'),
(1798, 678, 4, 'projects', 'Website'),
(1799, 678, 5, 'projects', 'henleyautocare.co.uk'),
(1800, 679, 4, 'projects', 'SEO'),
(1801, 679, 5, 'projects', 'henleyautocare.co.uk'),
(1802, 680, 4, 'projects', 'Facebook'),
(1803, 680, 5, 'projects', 'mytyresdirect.co.uk'),
(1804, 104, 4, 'projects', 'Website'),
(1805, 104, 5, 'projects', 'elitetyres.co.uk'),
(1806, 95, 4, 'projects', 'Website'),
(1807, 95, 5, 'projects', 'mhlogistics.co.uk'),
(1808, 681, 4, 'projects', 'Website'),
(1809, 681, 5, 'projects', 'thea2btyreshop.co.uk'),
(1810, 682, 4, 'projects', 'Website'),
(1811, 682, 5, 'projects', 'hotlinetyres.co.uk'),
(1812, 683, 4, 'projects', 'Website'),
(1813, 683, 5, 'projects', 'europitburystedmonds.co.uk'),
(1814, 684, 4, 'projects', 'Website'),
(1815, 684, 5, 'projects', 'europittyres.co.uk(Colchester)'),
(1816, 685, 4, 'projects', 'Website'),
(1817, 685, 5, 'projects', 'europithatfield.co.uk'),
(1818, 686, 4, 'projects', 'Website'),
(1819, 686, 5, 'projects', 'europitheybridge.co.uk'),
(1820, 687, 4, 'projects', 'Website'),
(1821, 687, 5, 'projects', 'europitipswich.co.uk'),
(1822, 688, 4, 'projects', 'Website'),
(1823, 688, 5, 'projects', 'europitclacton.co.uk'),
(1824, 689, 4, 'projects', 'Website'),
(1825, 689, 5, 'projects', 'europitwellesley.co.uk'),
(1826, 690, 4, 'projects', 'Website'),
(1827, 690, 5, 'projects', 'europitplaistow.co.uk'),
(1828, 691, 4, 'projects', 'Website'),
(1829, 691, 5, 'projects', 'europitthorpe.co.uk'),
(1830, 692, 4, 'projects', 'Website'),
(1831, 692, 5, 'projects', 'europitthorrington.co.uk'),
(1832, 693, 4, 'projects', 'SEO'),
(1833, 693, 5, 'projects', 'thea2btyreshop.co.uk'),
(1834, 694, 4, 'projects', 'SEO'),
(1835, 694, 5, 'projects', 'hotlinetyres.co.uk'),
(1836, 262, 5, 'projects', 'thaimassagetherapy.co.uk'),
(1837, 380, 5, 'projects', 'brcarcarecentre.co.uk'),
(1838, 726, 1, 'leads', 'AutoTech Data'),
(1839, 375, 5, 'projects', 'citywheelrefurbishment.co.uk'),
(1840, 695, 4, 'projects', 'Mobile App'),
(1841, 695, 5, 'projects', 'vtechauto.co.uk'),
(1842, 727, 1, 'leads', 'AutoTech Data'),
(1843, 728, 1, 'leads', 'AutoTech Data'),
(1844, 696, 4, 'projects', 'Website'),
(1845, 696, 5, 'projects', 'aandatestcentre.co.uk'),
(1846, 697, 4, 'projects', 'SEO'),
(1847, 697, 5, 'projects', 'aandatestcentre.co.uk'),
(1848, 698, 4, 'projects', 'Mobile App'),
(1849, 698, 5, 'projects', 'hucknalltyre.co.uk'),
(1852, 700, 4, 'projects', 'Website Maintenance'),
(1853, 700, 5, 'projects', 'easingtonservicestation.co.uk'),
(1854, 159, 5, 'projects', 'Ypekramer.nl'),
(1855, 701, 4, 'projects', 'SEO'),
(1856, 701, 5, 'projects', 'antyres.co.uk');

-- --------------------------------------------------------

--
